🚀 Advanced Web Server Manager
Complete File Manager & Terminal - Standalone Version
By Sid Gifari | Gifari Industries
Current path:
/
/
usr
/
local
/
apache
/
domlogs
/
duzhbywe
✏️
Editing: appmen.com.ng.deconnect.com.ng
91.84.115.116 - - [04/Aug/2026:08:07:43 -0400] "GET /?awg_scan=003441fea5eb6dc3c28b0f81eb8584c33f38697c940d4d0719ac6f89c803488e HTTP/1.1" 301 0 "-" "AWG-Server/1.0"
216.73.217.101 - - [04/Aug/2026:08:10:03 -0400] "GET /wp-content/uploads/2024/11/WhatsApp-Image-2024-11-26-at-7.22.11-AM-e1732634645999-199x300.jpeg HTTP/1.1" 200 9516 "-" "Mozilla/5.0 AppleWebKit/537.36 (KHTML, like Gecko; compatible; ClaudeBot/1.0; +claudebot@anthropic.com)"
216.73.217.101 - - [04/Aug/2026:08:10:08 -0400] "GET /wp-content/uploads/2024/11/WhatsApp_Image_2024-11-25_at_10.17.50_AM-removebg-preview-2-1-346x355.png HTTP/1.1" 429 0 "-" "Mozilla/5.0 AppleWebKit/537.36 (KHTML, like Gecko; compatible; ClaudeBot/1.0; +claudebot@anthropic.com)"
91.84.115.116 - - [04/Aug/2026:08:12:44 -0400] "GET /?awg_scan=003441fea5eb6dc3c28b0f81eb8584c33f38697c940d4d0719ac6f89c803488e HTTP/1.1" 301 0 "-" "AWG-Server/1.0"
63.125.94.158 - omale1984 [04/Aug/2026:08:14:15 -0400] "GET /wp-json/wp/v2/settings HTTP/1.1" 401 83 "-" "Mozilla/5.0 (Windows NT 10.0; Win64; x64) AppleWebKit/537.36 (KHTML, like Gecko) Chrome/122.0.0.0 Safari/537.36"
18.132.45.55 - - [04/Aug/2026:08:12:57 -0400] "POST //xmlrpc.php HTTP/1.1" 200 210 "-" "Mozilla/5.0 (Windows NT 10.0; WOW64; rv:45.0) Gecko/20100101 Firefox/45.0"
63.125.94.158 - - [04/Aug/2026:08:14:03 -0400] "GET / HTTP/1.1" 301 0 "-" "Mozilla/5.0 (Windows NT 10.0; Win64; x64) AppleWebKit/537.36 (KHTML, like Gecko) Chrome/120.0.0.0 Safari/537.36"
63.125.94.158 - - [04/Aug/2026:08:14:31 -0400] "POST /wp-login.php HTTP/1.1" 302 0 "http://appmen.com.ng/wp-login.php" "Mozilla/5.0 (Windows NT 10.0; Win64; x64) AppleWebKit/537.36 (KHTML, like Gecko) Chrome/120.0.0.0 Safari/537.36"
91.84.115.116 - - [04/Aug/2026:08:22:40 -0400] "GET /?awg_scan=003441fea5eb6dc3c28b0f81eb8584c33f38697c940d4d0719ac6f89c803488e HTTP/1.1" 301 0 "-" "AWG-Server/1.0"
216.73.217.101 - - [04/Aug/2026:08:26:40 -0400] "GET /wp-content/uploads/2024/11/p12-170x170.jpg HTTP/1.1" 200 31590 "-" "Mozilla/5.0 AppleWebKit/537.36 (KHTML, like Gecko; compatible; ClaudeBot/1.0; +claudebot@anthropic.com)"
216.73.217.101 - - [04/Aug/2026:08:26:45 -0400] "GET /wp-content/uploads/2024/11/p3-270x180.jpg HTTP/1.1" 200 33390 "-" "Mozilla/5.0 AppleWebKit/537.36 (KHTML, like Gecko; compatible; ClaudeBot/1.0; +claudebot@anthropic.com)"
216.73.217.101 - - [04/Aug/2026:08:26:50 -0400] "GET /wp-content/uploads/2024/11/p16-170x170.jpg HTTP/1.1" 200 26822 "-" "Mozilla/5.0 AppleWebKit/537.36 (KHTML, like Gecko; compatible; ClaudeBot/1.0; +claudebot@anthropic.com)"
216.73.217.101 - - [04/Aug/2026:08:26:55 -0400] "GET /wp-content/uploads/2024/11/p6-197x278.jpg HTTP/1.1" 200 33213 "-" "Mozilla/5.0 AppleWebKit/537.36 (KHTML, like Gecko; compatible; ClaudeBot/1.0; +claudebot@anthropic.com)"
216.73.217.101 - - [04/Aug/2026:08:27:00 -0400] "GET /wp-content/uploads/2024/11/p7-500x410.jpg HTTP/1.1" 200 72629 "-" "Mozilla/5.0 AppleWebKit/537.36 (KHTML, like Gecko; compatible; ClaudeBot/1.0; +claudebot@anthropic.com)"
216.73.217.101 - - [04/Aug/2026:08:27:05 -0400] "GET /wp-content/uploads/2024/11/P1-272x316.jpg HTTP/1.1" 200 22194 "-" "Mozilla/5.0 AppleWebKit/537.36 (KHTML, like Gecko; compatible; ClaudeBot/1.0; +claudebot@anthropic.com)"
216.73.217.101 - - [04/Aug/2026:08:27:10 -0400] "GET /wp-content/uploads/2024/11/p5-370x370.jpg HTTP/1.1" 200 62675 "-" "Mozilla/5.0 AppleWebKit/537.36 (KHTML, like Gecko; compatible; ClaudeBot/1.0; +claudebot@anthropic.com)"
216.73.217.101 - - [04/Aug/2026:08:27:15 -0400] "GET /wp-content/uploads/2024/11/p16-370x247.jpg HTTP/1.1" 200 44806 "-" "Mozilla/5.0 AppleWebKit/537.36 (KHTML, like Gecko; compatible; ClaudeBot/1.0; +claudebot@anthropic.com)"
216.73.217.101 - - [04/Aug/2026:08:27:20 -0400] "GET /wp-content/uploads/2024/11/P1-768x597.jpg HTTP/1.1" 200 93166 "-" "Mozilla/5.0 AppleWebKit/537.36 (KHTML, like Gecko; compatible; ClaudeBot/1.0; +claudebot@anthropic.com)"
216.73.217.101 - - [04/Aug/2026:08:27:25 -0400] "GET /wp-content/uploads/2024/11/p3-370x370.jpg HTTP/1.1" 200 54585 "-" "Mozilla/5.0 AppleWebKit/537.36 (KHTML, like Gecko; compatible; ClaudeBot/1.0; +claudebot@anthropic.com)"
216.73.217.101 - - [04/Aug/2026:08:27:30 -0400] "GET /wp-content/uploads/2024/11/p5-1024x678.jpg HTTP/1.1" 200 215481 "-" "Mozilla/5.0 AppleWebKit/537.36 (KHTML, like Gecko; compatible; ClaudeBot/1.0; +claudebot@anthropic.com)"
216.73.217.101 - - [04/Aug/2026:08:27:35 -0400] "GET /wp-content/uploads/2024/11/p7-370x370.jpg HTTP/1.1" 200 56226 "-" "Mozilla/5.0 AppleWebKit/537.36 (KHTML, like Gecko; compatible; ClaudeBot/1.0; +claudebot@anthropic.com)"
216.73.217.101 - - [04/Aug/2026:08:27:40 -0400] "GET /wp-content/uploads/2024/11/p3-1024x678.jpg HTTP/1.1" 200 169895 "-" "Mozilla/5.0 AppleWebKit/537.36 (KHTML, like Gecko; compatible; ClaudeBot/1.0; +claudebot@anthropic.com)"
216.73.217.101 - - [04/Aug/2026:08:27:45 -0400] "GET /wp-content/uploads/2024/11/P1-197x278.jpg HTTP/1.1" 200 15126 "-" "Mozilla/5.0 AppleWebKit/537.36 (KHTML, like Gecko; compatible; ClaudeBot/1.0; +claudebot@anthropic.com)"
216.73.217.101 - - [04/Aug/2026:08:27:50 -0400] "GET /wp-content/uploads/2024/11/p7-150x150.jpg HTTP/1.1" 200 26498 "-" "Mozilla/5.0 AppleWebKit/537.36 (KHTML, like Gecko; compatible; ClaudeBot/1.0; +claudebot@anthropic.com)"
216.244.66.250 - - [04/Aug/2026:08:31:02 -0400] "GET /category/public/ HTTP/1.1" 200 173709 "-" "Mozilla/5.0 (compatible; DotBot/1.2; +https://opensiteexplorer.org/dotbot; help@moz.com)"
63.125.92.132 - - [04/Aug/2026:08:14:41 -0400] "GET /wp-login.php HTTP/1.1" 302 0 "-" "Mozilla/5.0 (Macintosh; Intel Mac OS X 10_15_7) AppleWebKit/537.36 (KHTML, like Gecko) Chrome/131.0.0.0 Safari/537.36"
63.125.92.132 - - [04/Aug/2026:08:14:46 -0400] "POST http://appmen.com.ng/wp-login.php HTTP/1.1" 302 0 "http://appmen.com.ng/wp-login.php" "Mozilla/5.0 (Macintosh; Intel Mac OS X 10_15_7) AppleWebKit/537.36 (KHTML, like Gecko) Chrome/131.0.0.0 Safari/537.36"
63.125.92.132 - - [04/Aug/2026:08:14:48 -0400] "POST http://appmen.com.ng/wp-login.php HTTP/1.1" 302 0 "http://appmen.com.ng/wp-login.php" "Mozilla/5.0 (Macintosh; Intel Mac OS X 10_15_7) AppleWebKit/537.36 (KHTML, like Gecko) Chrome/131.0.0.0 Safari/537.36"
91.84.115.116 - - [04/Aug/2026:08:17:44 -0400] "GET /?awg_scan=003441fea5eb6dc3c28b0f81eb8584c33f38697c940d4d0719ac6f89c803488e HTTP/1.1" 301 0 "-" "AWG-Server/1.0"
216.73.217.101 - - [04/Aug/2026:08:18:15 -0400] "GET /robots.txt HTTP/1.1" 200 67 "-" "Mozilla/5.0 AppleWebKit/537.36 (KHTML, like Gecko; compatible; ClaudeBot/1.0; +claudebot@anthropic.com)"
63.125.94.158 - omale1984 [04/Aug/2026:08:14:20 -0400] "GET /?rest_route=/wp/v2/settings HTTP/1.1" 401 83 "-" "Mozilla/5.0 (Macintosh; Intel Mac OS X 10_15_7) AppleWebKit/537.36 (KHTML, like Gecko) Chrome/121.0.0.0 Safari/537.36"
216.244.66.250 - - [04/Aug/2026:08:32:04 -0400] "GET /pochemu-virtualnye-reshenija-stanovjatsja-bolee-mnogofunktsionalnymi/ HTTP/1.1" 200 207577 "-" "Mozilla/5.0 (compatible; DotBot/1.2; +https://opensiteexplorer.org/dotbot; help@moz.com)"
91.84.115.116 - - [04/Aug/2026:08:32:42 -0400] "GET /?awg_scan=003441fea5eb6dc3c28b0f81eb8584c33f38697c940d4d0719ac6f89c803488e HTTP/1.1" 200 0 "-" "AWG-Server/1.0"
91.84.115.116 - - [04/Aug/2026:08:42:38 -0400] "GET /?awg_scan=003441fea5eb6dc3c28b0f81eb8584c33f38697c940d4d0719ac6f89c803488e HTTP/1.1" 301 0 "-" "AWG-Server/1.0"
63.125.94.158 - - [04/Aug/2026:08:14:23 -0400] "POST /wp-login.php HTTP/1.1" 302 0 "http://appmen.com.ng/wp-login.php" "Mozilla/5.0 (Macintosh; Intel Mac OS X 10_15_7) AppleWebKit/537.36 (KHTML, like Gecko) Chrome/121.0.0.0 Safari/537.36"
91.84.115.116 - - [04/Aug/2026:08:27:43 -0400] "GET /?awg_scan=003441fea5eb6dc3c28b0f81eb8584c33f38697c940d4d0719ac6f89c803488e HTTP/1.1" 301 0 "-" "AWG-Server/1.0"
216.244.66.250 - - [04/Aug/2026:08:30:24 -0400] "GET /projects/ HTTP/1.1" 200 177401 "-" "Mozilla/5.0 (compatible; DotBot/1.2; +https://opensiteexplorer.org/dotbot; help@moz.com)"
216.244.66.250 - - [04/Aug/2026:08:30:00 -0400] "GET /events-gallery/ HTTP/1.1" 200 188256 "-" "Mozilla/5.0 (compatible; DotBot/1.2; +https://opensiteexplorer.org/dotbot; help@moz.com)"
91.84.115.116 - - [04/Aug/2026:08:37:42 -0400] "GET /?awg_scan=003441fea5eb6dc3c28b0f81eb8584c33f38697c940d4d0719ac6f89c803488e HTTP/1.1" 301 0 "-" "AWG-Server/1.0"
216.244.66.250 - - [04/Aug/2026:08:26:58 -0400] "GET /robots.txt HTTP/1.1" 200 67 "-" "Mozilla/5.0 (compatible; DotBot/1.2; +https://opensiteexplorer.org/dotbot; help@moz.com)"
216.244.66.250 - - [04/Aug/2026:08:31:35 -0400] "GET /unveiling-the-psychology-of-emotional-ties-to-ai-companions/ HTTP/1.1" 200 190744 "-" "Mozilla/5.0 (compatible; DotBot/1.2; +https://opensiteexplorer.org/dotbot; help@moz.com)"
91.84.115.116 - - [04/Aug/2026:08:47:43 -0400] "GET /?awg_scan=003441fea5eb6dc3c28b0f81eb8584c33f38697c940d4d0719ac6f89c803488e HTTP/1.1" 301 0 "-" "AWG-Server/1.0"
91.84.115.116 - - [04/Aug/2026:08:52:39 -0400] "GET /?awg_scan=003441fea5eb6dc3c28b0f81eb8584c33f38697c940d4d0719ac6f89c803488e HTTP/1.1" 301 0 "-" "AWG-Server/1.0"
91.84.115.116 - - [04/Aug/2026:08:57:43 -0400] "GET /?awg_scan=003441fea5eb6dc3c28b0f81eb8584c33f38697c940d4d0719ac6f89c803488e HTTP/1.1" 301 0 "-" "AWG-Server/1.0"
91.84.115.116 - - [04/Aug/2026:09:02:41 -0400] "GET /?awg_scan=003441fea5eb6dc3c28b0f81eb8584c33f38697c940d4d0719ac6f89c803488e HTTP/1.1" 301 0 "-" "AWG-Server/1.0"
91.84.115.116 - - [04/Aug/2026:09:07:45 -0400] "GET /?awg_scan=003441fea5eb6dc3c28b0f81eb8584c33f38697c940d4d0719ac6f89c803488e HTTP/1.1" 301 0 "-" "AWG-Server/1.0"
91.84.115.116 - - [04/Aug/2026:09:17:45 -0400] "GET /?awg_scan=003441fea5eb6dc3c28b0f81eb8584c33f38697c940d4d0719ac6f89c803488e HTTP/1.1" 301 0 "-" "AWG-Server/1.0"
43.153.19.83 - - [04/Aug/2026:09:04:17 -0400] "GET / HTTP/1.1" 301 0 "-" "Mozilla/5.0 (iPhone; CPU iPhone OS 13_2_3 like Mac OS X) AppleWebKit/605.1.15 (KHTML, like Gecko) Version/13.0.3 Mobile/15E148 Safari/604.1"
91.84.115.116 - - [04/Aug/2026:09:12:43 -0400] "GET /?awg_scan=003441fea5eb6dc3c28b0f81eb8584c33f38697c940d4d0719ac6f89c803488e HTTP/1.1" 301 0 "-" "AWG-Server/1.0"
216.73.217.101 - - [04/Aug/2026:09:13:15 -0400] "GET /wp-content/uploads/2024/11/OLA3350-copy-272x316.jpg HTTP/1.1" 200 48573 "-" "Mozilla/5.0 AppleWebKit/537.36 (KHTML, like Gecko; compatible; ClaudeBot/1.0; +claudebot@anthropic.com)"
216.73.217.101 - - [04/Aug/2026:09:13:20 -0400] "GET /wp-content/uploads/2024/11/WhatsApp-Image-2024-11-26-at-7.22.11-AM-270x180.jpeg HTTP/1.1" 200 7032 "-" "Mozilla/5.0 AppleWebKit/537.36 (KHTML, like Gecko; compatible; ClaudeBot/1.0; +claudebot@anthropic.com)"
216.73.217.101 - - [04/Aug/2026:09:13:24 -0400] "GET /wp-content/uploads/2024/11/WhatsApp_Image_2024-11-25_at_10.17.50_AM-removebg-preview-2-346x520.png HTTP/1.1" 200 171178 "-" "Mozilla/5.0 AppleWebKit/537.36 (KHTML, like Gecko; compatible; ClaudeBot/1.0; +claudebot@anthropic.com)"
43.161.234.148 - - [04/Aug/2026:09:06:38 -0400] "GET / HTTP/1.1" 301 0 "-" "Mozilla/5.0 (iPhone; CPU iPhone OS 13_2_3 like Mac OS X) AppleWebKit/605.1.15 (KHTML, like Gecko) Version/13.0.3 Mobile/15E148 Safari/604.1"
91.84.115.116 - - [04/Aug/2026:09:27:40 -0400] "GET /?awg_scan=003441fea5eb6dc3c28b0f81eb8584c33f38697c940d4d0719ac6f89c803488e HTTP/1.1" 301 0 "-" "AWG-Server/1.0"
91.84.115.116 - - [04/Aug/2026:09:22:41 -0400] "GET /?awg_scan=003441fea5eb6dc3c28b0f81eb8584c33f38697c940d4d0719ac6f89c803488e HTTP/1.1" 301 0 "-" "AWG-Server/1.0"
91.92.243.248 - - [04/Aug/2026:10:09:19 -0400] "POST /?rest_route=/batch/v1 HTTP/1.1" 400 125 "-" "wp2shell-check/1.0"
91.84.115.116 - - [04/Aug/2026:10:32:37 -0400] "GET /?awg_scan=003441fea5eb6dc3c28b0f81eb8584c33f38697c940d4d0719ac6f89c803488e HTTP/1.1" 301 0 "-" "AWG-Server/1.0"
91.84.115.116 - - [04/Aug/2026:09:42:43 -0400] "GET /?awg_scan=003441fea5eb6dc3c28b0f81eb8584c33f38697c940d4d0719ac6f89c803488e HTTP/1.1" 301 0 "-" "AWG-Server/1.0"
216.73.217.101 - - [04/Aug/2026:10:14:31 -0400] "GET /wp-content/uploads/2024/11/OLA3001-copy-570x530.jpg HTTP/1.1" 200 91350 "-" "Mozilla/5.0 AppleWebKit/537.36 (KHTML, like Gecko; compatible; ClaudeBot/1.0; +claudebot@anthropic.com)"
216.73.217.101 - - [04/Aug/2026:10:14:31 -0400] "GET /wp-content/uploads/2024/11/OLA3001-copy-300x300.jpg HTTP/1.1" 200 45154 "-" "Mozilla/5.0 AppleWebKit/537.36 (KHTML, like Gecko; compatible; ClaudeBot/1.0; +claudebot@anthropic.com)"
216.73.217.101 - - [04/Aug/2026:10:14:32 -0400] "GET /wp-content/uploads/2024/11/WhatsApp_Image_2024-11-25_at_10.17.50_AM-removebg-preview-2-1.png HTTP/1.1" 200 251517 "-" "Mozilla/5.0 AppleWebKit/537.36 (KHTML, like Gecko; compatible; ClaudeBot/1.0; +claudebot@anthropic.com)"
216.73.217.101 - - [04/Aug/2026:10:14:32 -0400] "GET /wp-content/uploads/2024/11/WhatsApp-Image-2024-11-26-at-7.22.11-AM-272x316.jpeg HTTP/1.1" 200 11959 "-" "Mozilla/5.0 AppleWebKit/537.36 (KHTML, like Gecko; compatible; ClaudeBot/1.0; +claudebot@anthropic.com)"
216.73.217.101 - - [04/Aug/2026:10:14:33 -0400] "GET /wp-content/uploads/2024/11/OLA3372-copy-2048x1356.jpg HTTP/1.1" 200 748737 "-" "Mozilla/5.0 AppleWebKit/537.36 (KHTML, like Gecko; compatible; ClaudeBot/1.0; +claudebot@anthropic.com)"
216.73.217.101 - - [04/Aug/2026:10:14:33 -0400] "GET /wp-content/uploads/2024/11/OLA3350-copy-197x278.jpg HTTP/1.1" 200 38146 "-" "Mozilla/5.0 AppleWebKit/537.36 (KHTML, like Gecko; compatible; ClaudeBot/1.0; +claudebot@anthropic.com)"
216.73.217.101 - - [04/Aug/2026:10:14:34 -0400] "GET /wp-content/uploads/2024/11/OLA3350-copy-360x240.jpg HTTP/1.1" 200 50617 "-" "Mozilla/5.0 AppleWebKit/537.36 (KHTML, like Gecko; compatible; ClaudeBot/1.0; +claudebot@anthropic.com)"
216.73.217.101 - - [04/Aug/2026:10:14:35 -0400] "GET /wp-content/uploads/2024/11/WhatsApp-Image-2024-11-25-at-10.17.50-AM-150x150.jpeg HTTP/1.1" 200 4263 "-" "Mozilla/5.0 AppleWebKit/537.36 (KHTML, like Gecko; compatible; ClaudeBot/1.0; +claudebot@anthropic.com)"
216.73.217.101 - - [04/Aug/2026:10:14:35 -0400] "GET /wp-content/uploads/2024/11/Rectangle-40-1024x395-2-370x370.png HTTP/1.1" 200 12576 "-" "Mozilla/5.0 AppleWebKit/537.36 (KHTML, like Gecko; compatible; ClaudeBot/1.0; +claudebot@anthropic.com)"
216.73.217.101 - - [04/Aug/2026:10:14:36 -0400] "GET /wp-content/uploads/2024/11/WhatsApp-Image-2024-11-23-at-6.49.35-AM-197x278.jpeg HTTP/1.1" 200 13787 "-" "Mozilla/5.0 AppleWebKit/537.36 (KHTML, like Gecko; compatible; ClaudeBot/1.0; +claudebot@anthropic.com)"
216.73.217.101 - - [04/Aug/2026:10:14:36 -0400] "GET /wp-content/uploads/2024/11/WhatsApp-Image-2024-11-23-at-6.49.35-AM-360x240.jpeg HTTP/1.1" 200 15456 "-" "Mozilla/5.0 AppleWebKit/537.36 (KHTML, like Gecko; compatible; ClaudeBot/1.0; +claudebot@anthropic.com)"
216.244.66.250 - - [04/Aug/2026:10:37:33 -0400] "GET /robots.txt HTTP/1.1" 200 67 "-" "Mozilla/5.0 (compatible; DotBot/1.2; +https://opensiteexplorer.org/dotbot; help@moz.com)"
91.84.115.116 - - [04/Aug/2026:09:32:45 -0400] "GET /?awg_scan=003441fea5eb6dc3c28b0f81eb8584c33f38697c940d4d0719ac6f89c803488e HTTP/1.1" 301 0 "-" "AWG-Server/1.0"
216.73.217.101 - - [04/Aug/2026:09:45:42 -0400] "GET /robots.txt HTTP/1.1" 200 67 "-" "Mozilla/5.0 AppleWebKit/537.36 (KHTML, like Gecko; compatible; ClaudeBot/1.0; +claudebot@anthropic.com)"
216.244.66.250 - - [04/Aug/2026:09:53:47 -0400] "GET /robots.txt HTTP/1.1" 200 67 "-" "Mozilla/5.0 (compatible; DotBot/1.2; +https://opensiteexplorer.org/dotbot; help@moz.com)"
91.84.115.116 - - [04/Aug/2026:10:02:43 -0400] "GET /?awg_scan=003441fea5eb6dc3c28b0f81eb8584c33f38697c940d4d0719ac6f89c803488e HTTP/1.1" 301 0 "-" "AWG-Server/1.0"
91.84.115.116 - - [04/Aug/2026:10:07:41 -0400] "GET /?awg_scan=003441fea5eb6dc3c28b0f81eb8584c33f38697c940d4d0719ac6f89c803488e HTTP/1.1" 301 0 "-" "AWG-Server/1.0"
91.84.115.116 - - [04/Aug/2026:09:47:43 -0400] "GET /?awg_scan=003441fea5eb6dc3c28b0f81eb8584c33f38697c940d4d0719ac6f89c803488e HTTP/1.1" 301 0 "-" "AWG-Server/1.0"
91.84.115.116 - - [04/Aug/2026:10:22:41 -0400] "GET /?awg_scan=003441fea5eb6dc3c28b0f81eb8584c33f38697c940d4d0719ac6f89c803488e HTTP/1.1" 301 0 "-" "AWG-Server/1.0"
216.73.217.101 - - [04/Aug/2026:10:23:53 -0400] "GET /wp-content/uploads/elementor/css/post-1132.css HTTP/1.1" 200 954 "-" "Mozilla/5.0 AppleWebKit/537.36 (KHTML, like Gecko; compatible; ClaudeBot/1.0; +claudebot@anthropic.com)"
216.73.217.101 - - [04/Aug/2026:10:23:57 -0400] "GET /wp-content/uploads/elementor/css/post-2207.css HTTP/1.1" 200 136 "-" "Mozilla/5.0 AppleWebKit/537.36 (KHTML, like Gecko; compatible; ClaudeBot/1.0; +claudebot@anthropic.com)"
216.73.217.101 - - [04/Aug/2026:10:26:01 -0400] "GET /wp-content/uploads/2024/11/WhatsApp_Image_2024-11-25_at_10.17.50_AM-removebg-preview-2-1-197x278.png HTTP/1.1" 200 64091 "-" "Mozilla/5.0 AppleWebKit/537.36 (KHTML, like Gecko; compatible; ClaudeBot/1.0; +claudebot@anthropic.com)"
216.73.217.101 - - [04/Aug/2026:10:26:06 -0400] "GET /wp-content/uploads/2024/11/WhatsApp_Image_2024-11-25_at_10.17.50_AM-removebg-preview-2-1-346x520.png HTTP/1.1" 200 171178 "-" "Mozilla/5.0 AppleWebKit/537.36 (KHTML, like Gecko; compatible; ClaudeBot/1.0; +claudebot@anthropic.com)"
216.73.217.101 - - [04/Aug/2026:10:26:11 -0400] "GET /wp-content/uploads/2024/11/WhatsApp_Image_2024-11-25_at_10.17.50_AM-removebg-preview-2-1-170x170.png HTTP/1.1" 200 35166 "-" "Mozilla/5.0 AppleWebKit/537.36 (KHTML, like Gecko; compatible; ClaudeBot/1.0; +claudebot@anthropic.com)"
216.73.217.101 - - [04/Aug/2026:10:26:16 -0400] "GET /wp-content/uploads/2024/11/WhatsApp-Image-2024-11-26-at-7.22.11-AM-e1732634645999-570x530.jpeg HTTP/1.1" 200 27901 "-" "Mozilla/5.0 AppleWebKit/537.36 (KHTML, like Gecko; compatible; ClaudeBot/1.0; +claudebot@anthropic.com)"
216.73.217.101 - - [04/Aug/2026:10:26:21 -0400] "GET /wp-content/uploads/2024/11/WhatsApp_Image_2024-11-25_at_10.17.50_AM-removebg-preview-2-300x300.png HTTP/1.1" 200 86730 "-" "Mozilla/5.0 AppleWebKit/537.36 (KHTML, like Gecko; compatible; ClaudeBot/1.0; +claudebot@anthropic.com)"
216.73.217.101 - - [04/Aug/2026:10:26:26 -0400] "GET /wp-content/uploads/2024/11/WhatsApp_Image_2024-11-25_at_10.17.50_AM-removebg-preview-2-1-346x370.png HTTP/1.1" 200 117714 "-" "Mozilla/5.0 AppleWebKit/537.36 (KHTML, like Gecko; compatible; ClaudeBot/1.0; +claudebot@anthropic.com)"
216.73.217.101 - - [04/Aug/2026:10:26:31 -0400] "GET /wp-content/uploads/2024/11/WhatsApp_Image_2024-11-25_at_10.17.50_AM-removebg-preview-2-1-346x650.png HTTP/1.1" 200 205161 "-" "Mozilla/5.0 AppleWebKit/537.36 (KHTML, like Gecko; compatible; ClaudeBot/1.0; +claudebot@anthropic.com)"
91.84.115.116 - - [04/Aug/2026:10:27:41 -0400] "GET /?awg_scan=003441fea5eb6dc3c28b0f81eb8584c33f38697c940d4d0719ac6f89c803488e HTTP/1.1" 301 0 "-" "AWG-Server/1.0"
216.244.66.250 - - [04/Aug/2026:10:40:28 -0400] "GET /what-is-an-ai-girlfriend-and-how-the-technology-works/ HTTP/1.1" 200 190746 "-" "Mozilla/5.0 (compatible; DotBot/1.2; +https://opensiteexplorer.org/dotbot; help@moz.com)"
91.84.115.116 - - [04/Aug/2026:09:52:43 -0400] "GET /?awg_scan=003441fea5eb6dc3c28b0f81eb8584c33f38697c940d4d0719ac6f89c803488e HTTP/1.1" 301 0 "-" "AWG-Server/1.0"
74.0.96.148 - - [04/Aug/2026:09:54:16 -0400] "GET /wp-login.php HTTP/1.1" 302 0 "-" "Mozilla/5.0 (Windows NT 10.0; Win64; x64) AppleWebKit/537.36 (KHTML, like Gecko) Chrome/120 Safari/537.36"
43.157.95.131 - - [04/Aug/2026:09:43:28 -0400] "GET / HTTP/1.1" 301 0 "-" "Mozilla/5.0 (iPhone; CPU iPhone OS 13_2_3 like Mac OS X) AppleWebKit/605.1.15 (KHTML, like Gecko) Version/13.0.3 Mobile/15E148 Safari/604.1"
91.92.243.248 - - [04/Aug/2026:10:09:02 -0400] "POST /?rest_route=/batch/v1 HTTP/1.1" 400 125 "-" "wp2shell-check/1.0"
91.92.243.248 - - [04/Aug/2026:10:09:09 -0400] "GET / HTTP/1.1" 301 0 "-" "wp2shell-check/1.0"
91.84.115.116 - - [04/Aug/2026:10:17:41 -0400] "GET /?awg_scan=003441fea5eb6dc3c28b0f81eb8584c33f38697c940d4d0719ac6f89c803488e HTTP/1.1" 301 0 "-" "AWG-Server/1.0"
43.128.149.102 - - [04/Aug/2026:10:29:15 -0400] "GET / HTTP/1.1" 301 0 "-" "Mozilla/5.0 (iPhone; CPU iPhone OS 13_2_3 like Mac OS X) AppleWebKit/605.1.15 (KHTML, like Gecko) Version/13.0.3 Mobile/15E148 Safari/604.1"
91.84.115.116 - - [04/Aug/2026:10:37:41 -0400] "GET /?awg_scan=003441fea5eb6dc3c28b0f81eb8584c33f38697c940d4d0719ac6f89c803488e HTTP/1.1" 301 0 "-" "AWG-Server/1.0"
91.84.115.116 - - [04/Aug/2026:09:37:40 -0400] "GET /?awg_scan=003441fea5eb6dc3c28b0f81eb8584c33f38697c940d4d0719ac6f89c803488e HTTP/1.1" 301 0 "-" "AWG-Server/1.0"
216.244.66.250 - - [04/Aug/2026:09:57:45 -0400] "GET /enhancing-your-interaction-with-an-ai-girlfriend-expert-advice/ HTTP/1.1" 200 188837 "-" "Mozilla/5.0 (compatible; DotBot/1.2; +https://opensiteexplorer.org/dotbot; help@moz.com)"
91.84.115.116 - - [04/Aug/2026:10:12:40 -0400] "GET /?awg_scan=003441fea5eb6dc3c28b0f81eb8584c33f38697c940d4d0719ac6f89c803488e HTTP/1.1" 301 0 "-" "AWG-Server/1.0"
91.84.115.116 - - [04/Aug/2026:09:57:43 -0400] "GET /?awg_scan=003441fea5eb6dc3c28b0f81eb8584c33f38697c940d4d0719ac6f89c803488e HTTP/1.1" 301 0 "-" "AWG-Server/1.0"
91.92.243.248 - - [04/Aug/2026:10:08:55 -0400] "GET / HTTP/1.1" 301 0 "-" "wp2shell-check/1.0"
91.84.115.116 - - [04/Aug/2026:10:42:43 -0400] "GET /?awg_scan=003441fea5eb6dc3c28b0f81eb8584c33f38697c940d4d0719ac6f89c803488e HTTP/1.1" 301 0 "-" "AWG-Server/1.0"
91.84.115.116 - - [04/Aug/2026:10:47:43 -0400] "GET /?awg_scan=003441fea5eb6dc3c28b0f81eb8584c33f38697c940d4d0719ac6f89c803488e HTTP/1.1" 301 0 "-" "AWG-Server/1.0"
91.84.115.116 - - [04/Aug/2026:10:52:41 -0400] "GET /?awg_scan=003441fea5eb6dc3c28b0f81eb8584c33f38697c940d4d0719ac6f89c803488e HTTP/1.1" 301 0 "-" "AWG-Server/1.0"
91.84.115.116 - - [04/Aug/2026:10:57:39 -0400] "GET /?awg_scan=003441fea5eb6dc3c28b0f81eb8584c33f38697c940d4d0719ac6f89c803488e HTTP/1.1" 301 0 "-" "AWG-Server/1.0"
91.84.115.116 - - [04/Aug/2026:11:02:45 -0400] "GET /?awg_scan=003441fea5eb6dc3c28b0f81eb8584c33f38697c940d4d0719ac6f89c803488e HTTP/1.1" 301 0 "-" "AWG-Server/1.0"
43.157.98.187 - - [04/Aug/2026:11:07:03 -0400] "GET / HTTP/1.1" 301 0 "-" "Mozilla/5.0 (iPhone; CPU iPhone OS 13_2_3 like Mac OS X) AppleWebKit/605.1.15 (KHTML, like Gecko) Version/13.0.3 Mobile/15E148 Safari/604.1"
43.135.142.37 - - [04/Aug/2026:11:04:19 -0400] "GET / HTTP/1.1" 301 0 "-" "Mozilla/5.0 (iPhone; CPU iPhone OS 13_2_3 like Mac OS X) AppleWebKit/605.1.15 (KHTML, like Gecko) Version/13.0.3 Mobile/15E148 Safari/604.1"
91.84.115.116 - - [04/Aug/2026:11:07:43 -0400] "GET /?awg_scan=003441fea5eb6dc3c28b0f81eb8584c33f38697c940d4d0719ac6f89c803488e HTTP/1.1" 301 0 "-" "AWG-Server/1.0"
216.73.217.101 - - [04/Aug/2026:11:14:45 -0400] "GET /robots.txt HTTP/1.1" 200 67 "-" "Mozilla/5.0 AppleWebKit/537.36 (KHTML, like Gecko; compatible; ClaudeBot/1.0; +claudebot@anthropic.com)"
91.84.115.116 - - [04/Aug/2026:11:12:40 -0400] "GET /?awg_scan=003441fea5eb6dc3c28b0f81eb8584c33f38697c940d4d0719ac6f89c803488e HTTP/1.1" 301 0 "-" "AWG-Server/1.0"
91.84.115.116 - - [04/Aug/2026:11:17:41 -0400] "GET /?awg_scan=003441fea5eb6dc3c28b0f81eb8584c33f38697c940d4d0719ac6f89c803488e HTTP/1.1" 301 0 "-" "AWG-Server/1.0"
216.73.217.101 - - [04/Aug/2026:11:17:35 -0400] "GET /wp-content/uploads/2024/11/p11-300x300.jpg HTTP/1.1" 200 43791 "-" "Mozilla/5.0 AppleWebKit/537.36 (KHTML, like Gecko; compatible; ClaudeBot/1.0; +claudebot@anthropic.com)"
216.73.217.101 - - [04/Aug/2026:11:17:40 -0400] "GET /wp-content/uploads/2024/11/p16-750x520.jpg HTTP/1.1" 200 110850 "-" "Mozilla/5.0 AppleWebKit/537.36 (KHTML, like Gecko; compatible; ClaudeBot/1.0; +claudebot@anthropic.com)"
216.73.217.101 - - [04/Aug/2026:11:17:45 -0400] "GET /wp-content/uploads/2024/11/Rectangle-40-1024x395-2-150x150.png HTTP/1.1" 200 3103 "-" "Mozilla/5.0 AppleWebKit/537.36 (KHTML, like Gecko; compatible; ClaudeBot/1.0; +claudebot@anthropic.com)"
216.73.217.101 - - [04/Aug/2026:11:17:49 -0400] "GET /wp-content/uploads/2024/11/WhatsApp-Image-2024-11-26-at-7.22.11-AM-e1732634645999-370x370.jpeg HTTP/1.1" 200 16372 "-" "Mozilla/5.0 AppleWebKit/537.36 (KHTML, like Gecko; compatible; ClaudeBot/1.0; +claudebot@anthropic.com)"
216.73.217.101 - - [04/Aug/2026:11:17:54 -0400] "GET /wp-content/uploads/2024/11/WhatsApp-Image-2024-11-26-at-7.22.11-AM-e1732634645999-678x1024.jpeg HTTP/1.1" 200 56083 "-" "Mozilla/5.0 AppleWebKit/537.36 (KHTML, like Gecko; compatible; ClaudeBot/1.0; +claudebot@anthropic.com)"
216.73.217.101 - - [04/Aug/2026:11:17:59 -0400] "GET /wp-content/uploads/2024/11/WhatsApp_Image_2024-11-25_at_10.17.50_AM-removebg-preview-2-346x355.png HTTP/1.1" 200 113207 "-" "Mozilla/5.0 AppleWebKit/537.36 (KHTML, like Gecko; compatible; ClaudeBot/1.0; +claudebot@anthropic.com)"
216.73.217.101 - - [04/Aug/2026:11:18:04 -0400] "GET /wp-content/uploads/2024/11/WhatsApp-Image-2024-11-26-at-7.22.11-AM-e1732634645999-355x355.jpeg HTTP/1.1" 200 15288 "-" "Mozilla/5.0 AppleWebKit/537.36 (KHTML, like Gecko; compatible; ClaudeBot/1.0; +claudebot@anthropic.com)"
149.118.158.8 - - [04/Aug/2026:11:22:24 -0400] "GET /media/system/js/core.js HTTP/1.1" 404 34883 "-" "Go-http-client/1.1"
216.73.217.101 - - [04/Aug/2026:11:34:57 -0400] "GET /wp-content/uploads/2024/11/p14-500x410.jpg HTTP/1.1" 200 82263 "-" "Mozilla/5.0 AppleWebKit/537.36 (KHTML, like Gecko; compatible; ClaudeBot/1.0; +claudebot@anthropic.com)"
216.73.217.101 - - [04/Aug/2026:11:35:02 -0400] "GET /wp-content/uploads/2024/11/APPMEN_LOGO-removebg-preview-1-2-150x150.png HTTP/1.1" 200 40447 "-" "Mozilla/5.0 AppleWebKit/537.36 (KHTML, like Gecko; compatible; ClaudeBot/1.0; +claudebot@anthropic.com)"
216.73.217.101 - - [04/Aug/2026:11:35:07 -0400] "GET /wp-content/uploads/2024/11/chief-355x355.png HTTP/1.1" 200 183392 "-" "Mozilla/5.0 AppleWebKit/537.36 (KHTML, like Gecko; compatible; ClaudeBot/1.0; +claudebot@anthropic.com)"
91.84.115.116 - - [04/Aug/2026:11:22:44 -0400] "GET /?awg_scan=003441fea5eb6dc3c28b0f81eb8584c33f38697c940d4d0719ac6f89c803488e HTTP/1.1" 301 0 "-" "AWG-Server/1.0"
216.73.217.101 - - [04/Aug/2026:11:35:36 -0400] "GET /wp-content/uploads/2024/11/appmen-logo-1-197x278.jpeg HTTP/1.1" 200 12346 "-" "Mozilla/5.0 AppleWebKit/537.36 (KHTML, like Gecko; compatible; ClaudeBot/1.0; +claudebot@anthropic.com)"
216.73.217.101 - - [04/Aug/2026:11:35:41 -0400] "GET /wp-content/uploads/2024/11/APPMEN-LOGO-1-150x150.png HTTP/1.1" 200 31273 "-" "Mozilla/5.0 AppleWebKit/537.36 (KHTML, like Gecko; compatible; ClaudeBot/1.0; +claudebot@anthropic.com)"
216.73.217.101 - - [04/Aug/2026:11:35:46 -0400] "GET /wp-content/uploads/2024/11/APPMEN_LOGO-removebg-preview-1-150x150.png HTTP/1.1" 200 40447 "-" "Mozilla/5.0 AppleWebKit/537.36 (KHTML, like Gecko; compatible; ClaudeBot/1.0; +claudebot@anthropic.com)"
216.73.217.101 - - [04/Aug/2026:11:35:51 -0400] "GET /wp-content/uploads/2024/11/APPMEN-LOGO-270x180.png HTTP/1.1" 200 49008 "-" "Mozilla/5.0 AppleWebKit/537.36 (KHTML, like Gecko; compatible; ClaudeBot/1.0; +claudebot@anthropic.com)"
216.73.217.101 - - [04/Aug/2026:11:35:56 -0400] "GET /wp-content/uploads/2024/11/APPMEN-LOGO-272x316.png HTTP/1.1" 200 86101 "-" "Mozilla/5.0 AppleWebKit/537.36 (KHTML, like Gecko; compatible; ClaudeBot/1.0; +claudebot@anthropic.com)"
216.73.217.101 - - [04/Aug/2026:11:36:01 -0400] "GET /wp-content/uploads/2024/11/appmen-logo-1-370x370.jpeg HTTP/1.1" 200 23783 "-" "Mozilla/5.0 AppleWebKit/537.36 (KHTML, like Gecko; compatible; ClaudeBot/1.0; +claudebot@anthropic.com)"
91.84.115.116 - - [04/Aug/2026:11:27:40 -0400] "GET /?awg_scan=003441fea5eb6dc3c28b0f81eb8584c33f38697c940d4d0719ac6f89c803488e HTTP/1.1" 301 0 "-" "AWG-Server/1.0"
91.84.115.116 - - [04/Aug/2026:11:32:43 -0400] "GET /?awg_scan=003441fea5eb6dc3c28b0f81eb8584c33f38697c940d4d0719ac6f89c803488e HTTP/1.1" 301 0 "-" "AWG-Server/1.0"
💾 Save Changes
❌ Cancel