103.112.62.51 - - [02/Aug/2026:18:17:38 -0400] "POST /wp-login.php HTTP/2" 200 1933 "https://mail.conypnu.com/wp-login.php" "Mozilla/5.0 (Windows NT 10.0; Win64; x64) AppleWebKit/537.36 (KHTML, like Gecko) Chrome/150.0.0.0 Safari/537.36"
103.112.62.51 - - [02/Aug/2026:18:17:35 -0400] "GET /wp-login.php HTTP/2" 200 1779 "-" "Mozilla/5.0 (Windows NT 10.0; Win64; x64) AppleWebKit/537.36 (KHTML, like Gecko) Chrome/150.0.0.0 Safari/537.36"
156.232.88.6 - - [02/Aug/2026:18:17:13 -0400] "POST /wp-cron.php?doing_wp_cron=1785709033.7423689365386962890625 HTTP/1.1" 200 0 "-" "WordPress/7.0.2; https://mail.conypnu.com"
20.16.180.61 - - [02/Aug/2026:18:17:12 -0400] "GET /wp-login.php HTTP/2" 200 1779 "-" "Mozilla/5.0 (Windows NT 10.0; Win64; x64) AppleWebKit/537.36 (KHTML, like Gecko) Chrome/150.0.0.0 Safari/537.36"
198.38.94.17 - - [02/Aug/2026:18:21:06 -0400] "POST /xmlrpc.php HTTP/2" 403 787 "-" "Mozilla/5.0 (Windows NT 10.0; Win64; x64) AppleWebKit/537.36 (KHTML, like Gecko) Chrome/150.0.0.0 Safari/537.36"
20.16.180.61 - - [02/Aug/2026:18:17:14 -0400] "GET /wp-login.php HTTP/2" 200 1779 "-" "Mozilla/5.0 (Windows NT 10.0; Win64; x64) AppleWebKit/537.36 (KHTML, like Gecko) Chrome/150.0.0.0 Safari/537.36"
20.16.180.61 - - [02/Aug/2026:18:17:15 -0400] "POST /wp-login.php HTTP/2" 200 1923 "https://mail.conypnu.com/wp-login.php" "Mozilla/5.0 (Windows NT 10.0; Win64; x64) AppleWebKit/537.36 (KHTML, like Gecko) Chrome/150.0.0.0 Safari/537.36"
198.38.94.17 - - [02/Aug/2026:18:29:26 -0400] "GET /wp-login.php HTTP/2" 200 1779 "-" "Mozilla/5.0 (Windows NT 10.0; Win64; x64) AppleWebKit/537.36 (KHTML, like Gecko) Chrome/150.0.0.0 Safari/537.36"
198.38.94.17 - - [02/Aug/2026:18:29:27 -0400] "POST /wp-login.php HTTP/2" 200 1923 "https://mail.conypnu.com/wp-login.php" "Mozilla/5.0 (Windows NT 10.0; Win64; x64) AppleWebKit/537.36 (KHTML, like Gecko) Chrome/150.0.0.0 Safari/537.36"
209.42.28.13 - - [02/Aug/2026:18:55:28 -0400] "POST /xmlrpc.php HTTP/2" 403 787 "-" "Mozilla/5.0 (Windows NT 10.0; Win64; x64) AppleWebKit/537.36 (KHTML, like Gecko) Chrome/150.0.0.0 Safari/537.36"
20.16.180.61 - - [02/Aug/2026:18:51:39 -0400] "POST /xmlrpc.php HTTP/2" 403 787 "-" "Mozilla/5.0 (Windows NT 10.0; Win64; x64) AppleWebKit/537.36 (KHTML, like Gecko) Chrome/150.0.0.0 Safari/537.36"
102.134.101.35 - - [02/Aug/2026:19:04:15 -0400] "POST /xmlrpc.php HTTP/2" 403 787 "-" "Mozilla/5.0 (Windows NT 10.0; Win64; x64) AppleWebKit/537.36 (KHTML, like Gecko) Chrome/150.0.0.0 Safari/537.36"
103.252.127.202 - - [02/Aug/2026:19:15:07 -0400] "POST /xmlrpc.php HTTP/1.1" 403 787 "-" "Mozilla/5.0 (Windows NT 6.3; arm64) AppleWebKit/537.36 (KHTML, like Gecko) Firefox/72.0.0.0 Safari/537.36"
156.232.88.6 - - [02/Aug/2026:19:39:19 -0400] "POST /wp-cron.php?doing_wp_cron=1785713959.5219800472259521484375 HTTP/1.1" 200 0 "-" "WordPress/7.0.2; https://mail.conypnu.com"
64.225.121.94 - - [02/Aug/2026:19:39:24 -0400] "GET /wp-login.php HTTP/2" 200 1779 "-" "Mozilla/5.0 (Windows NT 10.0; Win64; x64) AppleWebKit/537.36 (KHTML, like Gecko) Chrome/150.0.0.0 Safari/537.36"
156.232.88.6 - - [02/Aug/2026:19:32:16 -0400] "POST /wp-cron.php?doing_wp_cron=1785713536.5595750808715820312500 HTTP/1.1" 200 0 "-" "WordPress/7.0.2; https://mail.conypnu.com"
156.232.88.6 - - [02/Aug/2026:19:34:24 -0400] "POST /wp-cron.php?doing_wp_cron=1785713664.1849470138549804687500 HTTP/1.1" 200 0 "-" "WordPress/7.0.2; https://mail.conypnu.com"
64.225.121.94 - - [02/Aug/2026:19:32:15 -0400] "GET /wp-login.php HTTP/2" 200 1779 "-" "Mozilla/5.0 (Windows NT 10.0; Win64; x64) AppleWebKit/537.36 (KHTML, like Gecko) Chrome/150.0.0.0 Safari/537.36"
173.239.214.245 - - [02/Aug/2026:19:34:23 -0400] "POST /wp-login.php HTTP/1.1" 200 2131 "-" "Mozilla/5.0 (Macintosh; Intel Mac OS X 10_15_7) AppleWebKit/605.1.15 Version/17.0 Safari/605.1.15"
64.225.121.94 - - [02/Aug/2026:19:39:25 -0400] "GET /wp-login.php HTTP/2" 200 1779 "-" "Mozilla/5.0 (Windows NT 10.0; Win64; x64) AppleWebKit/537.36 (KHTML, like Gecko) Chrome/150.0.0.0 Safari/537.36"
64.225.121.94 - - [02/Aug/2026:19:39:25 -0400] "POST /wp-login.php HTTP/2" 200 1923 "https://mail.conypnu.com/wp-login.php" "Mozilla/5.0 (Windows NT 10.0; Win64; x64) AppleWebKit/537.36 (KHTML, like Gecko) Chrome/150.0.0.0 Safari/537.36"
173.239.214.251 - - [02/Aug/2026:19:29:34 -0400] "POST /wp-login.php HTTP/1.1" 200 2131 "-" "Mozilla/5.0 (Windows NT 10.0; Win64; x64) AppleWebKit/537.36 Chrome/129.0.0.0 Safari/537.36"
195.26.253.119 - - [02/Aug/2026:19:28:26 -0400] "POST /xmlrpc.php HTTP/2" 403 787 "-" "Mozilla/5.0 (Windows NT 10.0; Win64; x64) AppleWebKit/537.36 (KHTML, like Gecko) Chrome/150.0.0.0 Safari/537.36"
156.232.88.6 - - [02/Aug/2026:19:29:35 -0400] "POST /wp-cron.php?doing_wp_cron=1785713375.3284978866577148437500 HTTP/1.1" 200 0 "-" "WordPress/7.0.2; https://mail.conypnu.com"
173.239.214.251 - - [02/Aug/2026:19:39:18 -0400] "POST /wp-login.php HTTP/1.1" 200 2131 "-" "Mozilla/5.0 (Windows NT 10.0; Win64; x64) AppleWebKit/537.36 Chrome/129.0.0.0 Safari/537.36"
156.232.88.6 - - [02/Aug/2026:19:58:53 -0400] "POST /wp-cron.php?doing_wp_cron=1785715133.4432370662689208984375 HTTP/1.1" 200 0 "-" "WordPress/7.0.2; https://mail.conypnu.com"
185.198.240.30 - - [02/Aug/2026:19:44:14 -0400] "POST /wp-login.php HTTP/1.1" 200 2131 "-" "Mozilla/5.0 (Windows NT 10.0; Win64; rv:143.0) Gecko/20100101 Firefox/143.0"
156.232.88.6 - - [02/Aug/2026:19:53:43 -0400] "POST /wp-cron.php?doing_wp_cron=1785714823.3845639228820800781250 HTTP/1.1" 200 0 "-" "WordPress/7.0.2; https://mail.conypnu.com"
173.239.214.254 - - [02/Aug/2026:19:53:59 -0400] "POST /wp-login.php HTTP/1.1" 200 2131 "-" "Mozilla/5.0 (Macintosh; Intel Mac OS X 10_15_7) AppleWebKit/605.1.15 Version/17.0 Safari/605.1.15"
173.239.214.245 - - [02/Aug/2026:19:58:51 -0400] "POST /wp-login.php HTTP/1.1" 200 2131 "-" "Mozilla/5.0 (Windows NT 10.0; Win64; rv:143.0) Gecko/20100101 Firefox/143.0"
173.239.214.248 - - [02/Aug/2026:19:49:11 -0400] "POST /wp-login.php HTTP/1.1" 200 2131 "-" "Mozilla/5.0 (Windows NT 10.0; Win64; x64) AppleWebKit/537.36 Chrome/129.0.0.0 Safari/537.36"
156.232.88.6 - - [02/Aug/2026:19:44:16 -0400] "POST /wp-cron.php?doing_wp_cron=1785714255.5885560512542724609375 HTTP/1.1" 200 0 "-" "WordPress/7.0.2; https://mail.conypnu.com"
148.135.139.188 - - [02/Aug/2026:19:53:42 -0400] "GET /wp-login.php HTTP/2" 200 1779 "-" "Mozilla/5.0 (Windows NT 10.0; Win64; x64) AppleWebKit/537.36 (KHTML, like Gecko) Chrome/150.0.0.0 Safari/537.36"
156.232.88.6 - - [02/Aug/2026:19:49:12 -0400] "POST /wp-cron.php?doing_wp_cron=1785714552.1378209590911865234375 HTTP/1.1" 200 0 "-" "WordPress/7.0.2; https://mail.conypnu.com"
103.28.36.106 - - [02/Aug/2026:19:42:38 -0400] "POST /xmlrpc.php HTTP/2" 403 787 "-" "Mozilla/5.0 (Windows NT 10.0; Win64; x64) AppleWebKit/537.36 (KHTML, like Gecko) Chrome/150.0.0.0 Safari/537.36"
148.135.139.188 - - [02/Aug/2026:19:53:44 -0400] "POST /wp-login.php HTTP/2" 200 1929 "https://conypnu.com.deconnect.com.ng/wp-login.php" "Mozilla/5.0 (Windows NT 10.0; Win64; x64) AppleWebKit/537.36 (KHTML, like Gecko) Chrome/150.0.0.0 Safari/537.36"
156.232.88.6 - - [02/Aug/2026:20:01:54 -0400] "POST /wp-cron.php?doing_wp_cron=1785715314.1916201114654541015625 HTTP/1.1" 200 0 "-" "WordPress/7.0.2; https://mail.conypnu.com"
198.38.94.17 - - [02/Aug/2026:20:01:08 -0400] "GET /wp-login.php HTTP/2" 200 1780 "-" "Mozilla/5.0 (Windows NT 10.0; Win64; x64) AppleWebKit/537.36 (KHTML, like Gecko) Chrome/150.0.0.0 Safari/537.36"
198.38.94.17 - - [02/Aug/2026:20:01:09 -0400] "POST /wp-login.php HTTP/2" 200 1922 "https://mail.conypnu.com/wp-login.php" "Mozilla/5.0 (Windows NT 10.0; Win64; x64) AppleWebKit/537.36 (KHTML, like Gecko) Chrome/150.0.0.0 Safari/537.36"
156.232.88.6 - - [02/Aug/2026:20:03:43 -0400] "POST /wp-cron.php?doing_wp_cron=1785715423.4851610660552978515625 HTTP/1.1" 200 0 "-" "WordPress/7.0.2; https://mail.conypnu.com"
198.38.94.17 - - [02/Aug/2026:20:00:43 -0400] "GET /wp-login.php HTTP/2" 200 1780 "-" "Mozilla/5.0 (Windows NT 10.0; Win64; x64) AppleWebKit/537.36 (KHTML, like Gecko) Chrome/150.0.0.0 Safari/537.36"
209.42.22.206 - - [02/Aug/2026:20:01:52 -0400] "GET /wp-login.php HTTP/2" 200 1780 "-" "Mozilla/5.0 (Windows NT 10.0; Win64; x64) AppleWebKit/537.36 (KHTML, like Gecko) Chrome/150.0.0.0 Safari/537.36"
209.42.22.206 - - [02/Aug/2026:20:02:00 -0400] "GET /wp-login.php HTTP/2" 200 1780 "-" "Mozilla/5.0 (Windows NT 10.0; Win64; x64) AppleWebKit/537.36 (KHTML, like Gecko) Chrome/150.0.0.0 Safari/537.36"
209.42.22.206 - - [02/Aug/2026:20:02:01 -0400] "POST /wp-login.php HTTP/2" 200 1922 "https://mail.conypnu.com/wp-login.php" "Mozilla/5.0 (Windows NT 10.0; Win64; x64) AppleWebKit/537.36 (KHTML, like Gecko) Chrome/150.0.0.0 Safari/537.36"
185.198.240.10 - - [02/Aug/2026:20:03:42 -0400] "POST /wp-login.php HTTP/1.1" 200 2131 "-" "Mozilla/5.0 (Windows NT 10.0; Win64; x64) AppleWebKit/537.36 Chrome/129.0.0.0 Safari/537.36"
156.232.88.6 - - [02/Aug/2026:20:00:45 -0400] "POST /wp-cron.php?doing_wp_cron=1785715245.4738709926605224609375 HTTP/1.1" 200 0 "-" "WordPress/7.0.2; https://mail.conypnu.com"
156.232.88.6 - - [02/Aug/2026:20:13:23 -0400] "POST /wp-cron.php?doing_wp_cron=1785716003.4260900020599365234375 HTTP/1.1" 200 0 "-" "WordPress/7.0.2; https://mail.conypnu.com"
185.198.240.21 - - [02/Aug/2026:20:13:22 -0400] "POST /wp-login.php HTTP/1.1" 200 2131 "-" "Mozilla/5.0 (Windows NT 10.0; Win64; x64) AppleWebKit/537.36 Chrome/129.0.0.0 Safari/537.36"
185.198.240.28 - - [02/Aug/2026:20:08:36 -0400] "POST /wp-login.php HTTP/1.1" 200 2131 "-" "Mozilla/5.0 (Windows NT 10.0; Win64; x64) AppleWebKit/537.36 Chrome/129.0.0.0 Safari/537.36"
156.232.88.6 - - [02/Aug/2026:20:08:37 -0400] "POST /wp-cron.php?doing_wp_cron=1785715716.8985359668731689453125 HTTP/1.1" 200 0 "-" "WordPress/7.0.2; https://mail.conypnu.com"
198.38.94.67 - - [02/Aug/2026:20:17:46 -0400] "POST /xmlrpc.php HTTP/2" 403 787 "-" "Mozilla/5.0 (Windows NT 10.0; Win64; x64) AppleWebKit/537.36 (KHTML, like Gecko) Chrome/150.0.0.0 Safari/537.36"
185.198.240.183 - - [02/Aug/2026:20:23:02 -0400] "POST /wp-login.php HTTP/1.1" 200 2131 "-" "Mozilla/5.0 (Windows NT 10.0; Win64; rv:143.0) Gecko/20100101 Firefox/143.0"
185.198.240.14 - - [02/Aug/2026:20:28:01 -0400] "POST /wp-login.php HTTP/1.1" 200 2131 "-" "Mozilla/5.0 (Windows NT 10.0; Win64; rv:143.0) Gecko/20100101 Firefox/143.0"
156.232.88.6 - - [02/Aug/2026:20:18:18 -0400] "POST /wp-cron.php?doing_wp_cron=1785716298.8154399394989013671875 HTTP/1.1" 200 0 "-" "WordPress/7.0.2; https://mail.conypnu.com"
156.232.88.6 - - [02/Aug/2026:20:23:03 -0400] "POST /wp-cron.php?doing_wp_cron=1785716583.6014719009399414062500 HTTP/1.1" 200 0 "-" "WordPress/7.0.2; https://mail.conypnu.com"
185.198.240.27 - - [02/Aug/2026:20:18:17 -0400] "POST /wp-login.php HTTP/1.1" 200 2131 "-" "Mozilla/5.0 (Windows NT 10.0; Win64; x64) AppleWebKit/537.36 Chrome/129.0.0.0 Safari/537.36"
156.232.88.6 - - [02/Aug/2026:20:39:37 -0400] "POST /wp-cron.php?doing_wp_cron=1785717577.1282379627227783203125 HTTP/1.1" 200 0 "-" "WordPress/7.0.2; https://mail.conypnu.com"
198.204.240.42 - - [02/Aug/2026:20:39:34 -0400] "GET / HTTP/1.1" 200 49634 "-" "Mozilla/5.0 (Windows NT 10.0; Win64; x64) AppleWebKit/537.36 (KHTML, like Gecko) Chrome/131.0.0.0 Safari/537.36"
194.116.184.179 - - [02/Aug/2026:20:40:10 -0400] "GET /wp-login.php HTTP/2" 200 1780 "-" "Mozilla/5.0 (Windows NT 10.0; Win64; x64) AppleWebKit/537.36 (KHTML, like Gecko) Chrome/150.0.0.0 Safari/537.36"
198.204.240.42 - - [02/Aug/2026:20:39:37 -0400] "GET / HTTP/1.1" 200 49634 "-" "Mozilla/5.0 (compatible; Googlebot/2.1; +http://www.google.com/bot.html)"
185.198.240.19 - - [02/Aug/2026:20:37:50 -0400] "POST /wp-login.php HTTP/1.1" 200 2131 "-" "Mozilla/5.0 (Macintosh; Intel Mac OS X 10_15_7) AppleWebKit/605.1.15 Version/17.0 Safari/605.1.15"
156.232.88.6 - - [02/Aug/2026:20:37:51 -0400] "POST /wp-cron.php?doing_wp_cron=1785717471.5780720710754394531250 HTTP/1.1" 200 0 "-" "WordPress/7.0.2; https://mail.conypnu.com"
156.232.88.6 - - [02/Aug/2026:20:33:17 -0400] "POST /wp-cron.php?doing_wp_cron=1785717196.9368770122528076171875 HTTP/1.1" 200 0 "-" "WordPress/7.0.2; https://mail.conypnu.com"
185.198.240.21 - - [02/Aug/2026:20:33:14 -0400] "POST /wp-login.php HTTP/1.1" 200 2131 "-" "Mozilla/5.0 (Macintosh; Intel Mac OS X 10_15_7) AppleWebKit/605.1.15 Version/17.0 Safari/605.1.15"
173.239.214.250 - - [02/Aug/2026:20:42:33 -0400] "POST /wp-login.php HTTP/1.1" 200 2131 "-" "Mozilla/5.0 (Macintosh; Intel Mac OS X 10_15_7) AppleWebKit/605.1.15 Version/17.0 Safari/605.1.15"
139.162.38.129 - - [02/Aug/2026:20:45:10 -0400] "GET /wp-login.php HTTP/1.1" 200 1780 "-" "Mozilla/5.0 (Windows NT 10.0; Win64; x64) AppleWebKit/537.36 (KHTML, like Gecko) Chrome/121.0.6167.85 Safari/537.36"
185.198.240.19 - - [02/Aug/2026:20:47:24 -0400] "POST /wp-login.php HTTP/1.1" 200 2131 "-" "Mozilla/5.0 (Windows NT 10.0; Win64; rv:143.0) Gecko/20100101 Firefox/143.0"
156.232.88.6 - - [02/Aug/2026:20:42:34 -0400] "POST /wp-cron.php?doing_wp_cron=1785717754.5543758869171142578125 HTTP/1.1" 200 0 "-" "WordPress/7.0.2; https://mail.conypnu.com"
156.232.88.6 - - [02/Aug/2026:20:47:25 -0400] "POST /wp-cron.php?doing_wp_cron=1785718045.8524870872497558593750 HTTP/1.1" 200 0 "-" "WordPress/7.0.2; https://mail.conypnu.com"
139.162.38.129 - - [02/Aug/2026:20:45:15 -0400] "GET /administrator/ HTTP/1.1" 404 796 "-" "Mozilla/5.0 (X11; Ubuntu; Linux x86_64) AppleWebKit/537.36 (KHTML, like Gecko) Chrome/120.0.6099.130 Safari/537.36"
156.232.88.6 - - [02/Aug/2026:20:52:10 -0400] "POST /wp-cron.php?doing_wp_cron=1785718330.4237260818481445312500 HTTP/1.1" 200 0 "-" "WordPress/7.0.2; https://mail.conypnu.com"
185.198.240.7 - - [02/Aug/2026:20:52:09 -0400] "POST /wp-login.php HTTP/1.1" 200 2131 "-" "Mozilla/5.0 (Windows NT 10.0; Win64; x64) AppleWebKit/537.36 Chrome/129.0.0.0 Safari/537.36"
156.232.88.6 - - [02/Aug/2026:20:45:11 -0400] "POST /wp-cron.php?doing_wp_cron=1785717911.6357769966125488281250 HTTP/1.1" 200 0 "-" "WordPress/7.0.2; https://mail.conypnu.com"
185.198.240.28 - - [02/Aug/2026:20:57:04 -0400] "POST /wp-login.php HTTP/1.1" 200 2131 "-" "Mozilla/5.0 (Macintosh; Intel Mac OS X 10_15_7) AppleWebKit/605.1.15 Version/17.0 Safari/605.1.15"
139.162.38.129 - - [02/Aug/2026:21:03:37 -0400] "GET /administrator/ HTTP/1.1" 404 796 "-" "Mozilla/5.0 (Macintosh; Intel Mac OS X 10_15_7) AppleWebKit/537.36 (KHTML, like Gecko) Chrome/122.0.6261.57 Safari/537.36"
156.232.88.6 - - [02/Aug/2026:21:07:04 -0400] "POST /wp-cron.php?doing_wp_cron=1785719224.2049779891967773437500 HTTP/1.1" 200 0 "-" "WordPress/7.0.2; https://mail.conypnu.com"
156.232.88.6 - - [02/Aug/2026:21:12:01 -0400] "POST /wp-cron.php?doing_wp_cron=1785719521.4661169052124023437500 HTTP/1.1" 200 0 "-" "WordPress/7.0.2; https://mail.conypnu.com"
173.239.214.63 - - [02/Aug/2026:21:02:00 -0400] "POST /wp-login.php HTTP/1.1" 200 2131 "-" "Mozilla/5.0 (Windows NT 10.0; Win64; x64) AppleWebKit/537.36 Chrome/129.0.0.0 Safari/537.36"
173.239.214.234 - - [02/Aug/2026:21:12:00 -0400] "POST /wp-login.php HTTP/1.1" 200 2131 "-" "Mozilla/5.0 (Windows NT 10.0; Win64; rv:143.0) Gecko/20100101 Firefox/143.0"
160.191.139.115 - - [02/Aug/2026:21:04:06 -0400] "GET /wp-login.php HTTP/2" 200 1780 "-" "Mozilla/5.0 (Windows NT 10.0; Win64; x64) AppleWebKit/537.36 (KHTML, like Gecko) Chrome/120.0.0.0 Safari/537.36"
160.191.139.115 - - [02/Aug/2026:21:04:07 -0400] "POST /wp-login.php HTTP/2" 200 1922 "https://mail.conypnu.com/wp-login.php" "Mozilla/5.0 (Windows NT 10.0; Win64; x64) AppleWebKit/537.36 (KHTML, like Gecko) Chrome/120.0.0.0 Safari/537.36"
156.232.88.6 - - [02/Aug/2026:21:03:36 -0400] "POST /wp-cron.php?doing_wp_cron=1785719016.0137040615081787109375 HTTP/1.1" 200 0 "-" "WordPress/7.0.2; https://mail.conypnu.com"
139.162.38.129 - - [02/Aug/2026:21:03:34 -0400] "GET /wp-login.php HTTP/1.1" 200 1780 "-" "Mozilla/5.0 (X11; Linux x86_64) AppleWebKit/537.36 (KHTML, like Gecko) Chrome/121.0.6167.85 Safari/537.36"
173.239.214.236 - - [02/Aug/2026:21:07:03 -0400] "POST /wp-login.php HTTP/1.1" 200 2131 "-" "Mozilla/5.0 (Macintosh; Intel Mac OS X 10_15_7) AppleWebKit/605.1.15 Version/17.0 Safari/605.1.15"
156.232.88.6 - - [02/Aug/2026:21:02:01 -0400] "POST /wp-cron.php?doing_wp_cron=1785718921.8328680992126464843750 HTTP/1.1" 200 0 "-" "WordPress/7.0.2; https://mail.conypnu.com"
160.191.139.115 - - [02/Aug/2026:21:04:04 -0400] "GET /wp-login.php HTTP/2" 200 1780 "-" "Mozilla/5.0 (Windows NT 10.0; Win64; x64) AppleWebKit/537.36 (KHTML, like Gecko) Chrome/120.0.0.0 Safari/537.36"
185.198.240.16 - - [02/Aug/2026:21:16:53 -0400] "POST /wp-login.php HTTP/1.1" 200 2131 "-" "Mozilla/5.0 (Macintosh; Intel Mac OS X 10_15_7) AppleWebKit/605.1.15 Version/17.0 Safari/605.1.15"
185.198.240.16 - - [02/Aug/2026:21:21:47 -0400] "POST /wp-login.php HTTP/1.1" 200 2131 "-" "Mozilla/5.0 (Windows NT 10.0; Win64; rv:143.0) Gecko/20100101 Firefox/143.0"
192.250.229.214 - - [02/Aug/2026:21:24:58 -0400] "GET /wp-login.php HTTP/2" 200 1780 "-" "Mozilla/5.0 (Windows NT 10.0; Win64; x64) AppleWebKit/537.36 (KHTML, like Gecko) Chrome/150.0.0.0 Safari/537.36"
156.232.88.6 - - [02/Aug/2026:21:16:54 -0400] "POST /wp-cron.php?doing_wp_cron=1785719814.7624340057373046875000 HTTP/1.1" 200 0 "-" "WordPress/7.0.2; https://mail.conypnu.com"
192.250.229.214 - - [02/Aug/2026:21:25:04 -0400] "GET /wp-login.php HTTP/2" 200 1780 "-" "Mozilla/5.0 (Windows NT 10.0; Win64; x64) AppleWebKit/537.36 (KHTML, like Gecko) Chrome/150.0.0.0 Safari/537.36"
192.250.229.214 - - [02/Aug/2026:21:25:05 -0400] "POST /wp-login.php HTTP/2" 200 1923 "https://mail.conypnu.com/wp-login.php" "Mozilla/5.0 (Windows NT 10.0; Win64; x64) AppleWebKit/537.36 (KHTML, like Gecko) Chrome/150.0.0.0 Safari/537.36"
156.232.88.6 - - [02/Aug/2026:21:21:48 -0400] "POST /wp-cron.php?doing_wp_cron=1785720108.3762021064758300781250 HTTP/1.1" 200 0 "-" "WordPress/7.0.2; https://mail.conypnu.com"
5.56.58.49 - - [02/Aug/2026:21:24:56 -0400] "GET /wp-login.php HTTP/2" 200 1780 "-" "Mozilla/5.0 (Windows NT 10.0; Win64; x64) AppleWebKit/537.36 (KHTML, like Gecko) Chrome/150.0.0.0 Safari/537.36"
185.198.240.14 - - [02/Aug/2026:21:26:43 -0400] "POST /wp-login.php HTTP/1.1" 200 2131 "-" "Mozilla/5.0 (Macintosh; Intel Mac OS X 10_15_7) AppleWebKit/605.1.15 Version/17.0 Safari/605.1.15"
5.56.58.49 - - [02/Aug/2026:21:24:57 -0400] "POST /wp-login.php HTTP/2" 200 1929 "https://conypnu.com.deconnect.com.ng/wp-login.php" "Mozilla/5.0 (Windows NT 10.0; Win64; x64) AppleWebKit/537.36 (KHTML, like Gecko) Chrome/150.0.0.0 Safari/537.36"
156.232.88.6 - - [02/Aug/2026:21:26:44 -0400] "POST /wp-cron.php?doing_wp_cron=1785720403.9527919292449951171875 HTTP/1.1" 200 0 "-" "WordPress/7.0.2; https://mail.conypnu.com"
156.232.88.6 - - [02/Aug/2026:21:24:57 -0400] "POST /wp-cron.php?doing_wp_cron=1785720297.1028819084167480468750 HTTP/1.1" 200 0 "-" "WordPress/7.0.2; https://mail.conypnu.com"
103.133.214.160 - - [02/Aug/2026:21:18:26 -0400] "POST /xmlrpc.php HTTP/2" 403 787 "-" "Mozilla/5.0 (Windows NT 10.0; Win64; x64) AppleWebKit/537.36 (KHTML, like Gecko) Chrome/150.0.0.0 Safari/537.36"
156.232.88.6 - - [02/Aug/2026:21:31:40 -0400] "POST /wp-cron.php?doing_wp_cron=1785720700.8502039909362792968750 HTTP/1.1" 200 0 "-" "WordPress/7.0.2; https://mail.conypnu.com"
213.165.88.159 - - [02/Aug/2026:21:35:17 -0400] "GET /wp-login.php HTTP/2" 200 1780 "-" "Mozilla/5.0 (Windows NT 10.0; Win64; x64) AppleWebKit/537.36 (KHTML, like Gecko) Chrome/150.0.0.0 Safari/537.36"
156.232.88.6 - - [02/Aug/2026:21:35:19 -0400] "POST /wp-cron.php?doing_wp_cron=1785720919.6590690612792968750000 HTTP/1.1" 200 0 "-" "WordPress/7.0.2; https://mail.conypnu.com"
156.232.88.6 - - [02/Aug/2026:21:36:38 -0400] "POST /wp-cron.php?doing_wp_cron=1785720998.5783081054687500000000 HTTP/1.1" 200 0 "-" "WordPress/7.0.2; https://mail.conypnu.com"
47.86.33.52 - - [02/Aug/2026:21:34:19 -0400] "POST /xmlrpc.php HTTP/2" 403 787 "-" "Mozilla/5.0 (Windows NT 10.0; Win64; x64) AppleWebKit/537.36 (KHTML, like Gecko) Chrome/150.0.0.0 Safari/537.36"
52.3.206.35 - - [02/Aug/2026:21:41:17 -0400] "GET / HTTP/1.1" 200 12466 "-" "Mozilla/5.0 (Macintosh; Intel Mac OS X 10_15_7) AppleWebKit/537.36 (KHTML, like Gecko) Chrome/135.0.0.0 Safari/537.36"
185.198.240.29 - - [02/Aug/2026:21:31:39 -0400] "POST /wp-login.php HTTP/1.1" 200 2131 "-" "Mozilla/5.0 (Windows NT 10.0; Win64; rv:143.0) Gecko/20100101 Firefox/143.0"
185.198.240.5 - - [02/Aug/2026:21:41:30 -0400] "POST /wp-login.php HTTP/1.1" 200 2131 "-" "Mozilla/5.0 (Windows NT 10.0; Win64; rv:143.0) Gecko/20100101 Firefox/143.0"
156.232.88.6 - - [02/Aug/2026:21:41:29 -0400] "POST /wp-cron.php?doing_wp_cron=1785721289.4252769947052001953125 HTTP/1.1" 200 0 "-" "WordPress/7.0.2; https://mail.conypnu.com"
156.232.88.6 - - [02/Aug/2026:21:46:23 -0400] "POST /wp-cron.php?doing_wp_cron=1785721582.8349599838256835937500 HTTP/1.1" 200 0 "-" "WordPress/7.0.2; https://mail.conypnu.com"
185.198.240.3 - - [02/Aug/2026:21:36:37 -0400] "POST /wp-login.php HTTP/1.1" 200 2131 "-" "Mozilla/5.0 (Macintosh; Intel Mac OS X 10_15_7) AppleWebKit/605.1.15 Version/17.0 Safari/605.1.15"
173.239.214.239 - - [02/Aug/2026:21:46:21 -0400] "POST /wp-login.php HTTP/1.1" 200 2131 "-" "Mozilla/5.0 (Windows NT 10.0; Win64; x64) AppleWebKit/537.36 Chrome/129.0.0.0 Safari/537.36"
173.239.214.246 - - [02/Aug/2026:21:56:03 -0400] "POST /wp-login.php HTTP/1.1" 200 2131 "-" "Mozilla/5.0 (Windows NT 10.0; Win64; rv:143.0) Gecko/20100101 Firefox/143.0"
156.232.88.6 - - [02/Aug/2026:21:49:52 -0400] "POST /wp-cron.php?doing_wp_cron=1785721792.5082869529724121093750 HTTP/1.1" 200 0 "-" "WordPress/7.0.2; https://mail.conypnu.com"
212.80.9.235 - - [02/Aug/2026:21:52:59 -0400] "POST /xmlrpc.php HTTP/2" 403 787 "-" "Mozilla/5.0 (Windows NT 10.0; Win64; x64) AppleWebKit/537.36 (KHTML, like Gecko) Chrome/150.0.0.0 Safari/537.36"
142.93.184.117 - - [02/Aug/2026:21:57:02 -0400] "GET /favicon.ico HTTP/1.1" 404 796 "https://conypnu.com/" "Mozilla/5.0 (X11; Linux x86_64; rv:142.0) Gecko/20100101 Firefox/142.0"
156.232.88.6 - - [02/Aug/2026:21:56:04 -0400] "POST /wp-cron.php?doing_wp_cron=1785722164.6450719833374023437500 HTTP/1.1" 200 0 "-" "WordPress/7.0.2; https://mail.conypnu.com"
142.93.184.117 - - [02/Aug/2026:21:57:00 -0400] "GET / HTTP/1.1" 200 12466 "-" "Mozilla/5.0 (X11; Linux x86_64; rv:142.0) Gecko/20100101 Firefox/142.0"
173.239.214.63 - - [02/Aug/2026:22:00:56 -0400] "POST /wp-login.php HTTP/1.1" 200 2131 "-" "Mozilla/5.0 (Windows NT 10.0; Win64; rv:143.0) Gecko/20100101 Firefox/143.0"
156.232.88.6 - - [02/Aug/2026:22:00:57 -0400] "POST /wp-cron.php?doing_wp_cron=1785722457.6348290443420410156250 HTTP/1.1" 200 0 "-" "WordPress/7.0.2; https://mail.conypnu.com"
51.68.236.70 - - [02/Aug/2026:21:49:51 -0400] "GET /robots.txt HTTP/1.1" 404 796 "-" "Mozilla/5.0 (compatible; MJ12bot/v2.0.5; http://mj12bot.com/)"
51.68.236.70 - - [02/Aug/2026:21:49:51 -0400] "GET / HTTP/1.1" 200 11000 "-" "Mozilla/5.0 (compatible; MJ12bot/v2.0.5; http://mj12bot.com/)"
104.210.140.138 - - [02/Aug/2026:21:53:15 -0400] "GET /robots.txt HTTP/2" 404 796 "-" "Mozilla/5.0 (Macintosh; Intel Mac OS X 10_15_7) AppleWebKit/537.36 (KHTML, like Gecko) Chrome/131.0.0.0 Safari/537.36; compatible; OAI-SearchBot/1.0; +https://openai.com/searchbot"
173.239.214.63 - - [02/Aug/2026:21:51:12 -0400] "POST /wp-login.php HTTP/1.1" 200 2131 "-" "Mozilla/5.0 (Windows NT 10.0; Win64; x64) AppleWebKit/537.36 Chrome/129.0.0.0 Safari/537.36"
103.82.22.235 - - [02/Aug/2026:22:14:42 -0400] "GET /wp-login.php HTTP/2" 200 1780 "-" "Mozilla/5.0 (Windows NT 10.0; Win64; x64) AppleWebKit/537.36 (KHTML, like Gecko) Chrome/150.0.0.0 Safari/537.36"
20.16.180.61 - - [02/Aug/2026:22:12:25 -0400] "POST /xmlrpc.php HTTP/2" 403 787 "-" "Mozilla/5.0 (Windows NT 10.0; Win64; x64) AppleWebKit/537.36 (KHTML, like Gecko) Chrome/150.0.0.0 Safari/537.36"
173.239.214.244 - - [02/Aug/2026:22:05:53 -0400] "POST /wp-login.php HTTP/1.1" 200 2131 "-" "Mozilla/5.0 (Windows NT 10.0; Win64; x64) AppleWebKit/537.36 Chrome/129.0.0.0 Safari/537.36"
156.232.88.6 - - [02/Aug/2026:22:10:48 -0400] "POST /wp-cron.php?doing_wp_cron=1785723048.4536209106445312500000 HTTP/1.1" 200 0 "-" "WordPress/7.0.2; https://mail.conypnu.com"
173.239.214.3 - - [02/Aug/2026:22:10:47 -0400] "POST /wp-login.php HTTP/1.1" 200 2131 "-" "Mozilla/5.0 (Macintosh; Intel Mac OS X 10_15_7) AppleWebKit/605.1.15 Version/17.0 Safari/605.1.15"
156.232.88.6 - - [02/Aug/2026:22:14:43 -0400] "POST /wp-cron.php?doing_wp_cron=1785723282.9932320117950439453125 HTTP/1.1" 200 0 "-" "WordPress/7.0.2; https://mail.conypnu.com"
103.82.22.235 - - [02/Aug/2026:22:14:44 -0400] "POST /wp-login.php HTTP/2" 200 1929 "https://conypnu.com.deconnect.com.ng/wp-login.php" "Mozilla/5.0 (Windows NT 10.0; Win64; x64) AppleWebKit/537.36 (KHTML, like Gecko) Chrome/150.0.0.0 Safari/537.36"
156.232.88.6 - - [02/Aug/2026:22:05:54 -0400] "POST /wp-cron.php?doing_wp_cron=1785722754.8845291137695312500000 HTTP/1.1" 200 0 "-" "WordPress/7.0.2; https://mail.conypnu.com"
144.79.133.30 - - [02/Aug/2026:22:40:22 -0400] "POST /xmlrpc.php HTTP/2" 403 787 "-" "Mozilla/5.0 (Windows NT 10.0; Win64; x64) AppleWebKit/537.36 (KHTML, like Gecko) Chrome/150.0.0.0 Safari/537.36"
212.80.9.235 - - [02/Aug/2026:23:06:18 -0400] "POST /wp-login.php HTTP/2" 200 1929 "https://conypnu.com.deconnect.com.ng/wp-login.php" "Mozilla/5.0 (Windows NT 10.0; Win64; x64) AppleWebKit/537.36 (KHTML, like Gecko) Chrome/150.0.0.0 Safari/537.36"
156.232.88.6 - - [02/Aug/2026:23:00:46 -0400] "POST /wp-cron.php?doing_wp_cron=1785726045.6518099308013916015625 HTTP/1.1" 200 0 "-" "WordPress/7.0.2; https://mail.conypnu.com"
212.80.9.235 - - [02/Aug/2026:23:06:16 -0400] "GET /wp-login.php HTTP/2" 200 1780 "-" "Mozilla/5.0 (Windows NT 10.0; Win64; x64) AppleWebKit/537.36 (KHTML, like Gecko) Chrome/150.0.0.0 Safari/537.36"
104.244.79.40 - - [02/Aug/2026:23:00:46 -0400] "POST /wp-login.php HTTP/2" 200 1929 "https://conypnu.com/wp-login.php" "Mozilla/5.0 (Windows NT 10.0; Win64; x64) AppleWebKit/537.36 (KHTML, like Gecko) Chrome/150.0.0.0 Safari/537.36"
156.232.88.6 - - [02/Aug/2026:23:06:18 -0400] "POST /wp-cron.php?doing_wp_cron=1785726377.9855499267578125000000 HTTP/1.1" 200 0 "-" "WordPress/7.0.2; https://mail.conypnu.com"
192.250.239.107 - - [02/Aug/2026:23:02:50 -0400] "POST /xmlrpc.php HTTP/2" 403 787 "-" "Mozilla/5.0 (Windows NT 10.0; Win64; x64) AppleWebKit/537.36 (KHTML, like Gecko) Chrome/150.0.0.0 Safari/537.36"
104.244.79.40 - - [02/Aug/2026:23:00:44 -0400] "GET /wp-login.php HTTP/2" 200 1780 "-" "Mozilla/5.0 (Windows NT 10.0; Win64; x64) AppleWebKit/537.36 (KHTML, like Gecko) Chrome/150.0.0.0 Safari/537.36"
198.38.94.17 - - [02/Aug/2026:22:58:38 -0400] "POST /xmlrpc.php HTTP/2" 403 787 "-" "Mozilla/5.0 (Windows NT 10.0; Win64; x64) AppleWebKit/537.36 (KHTML, like Gecko) Chrome/150.0.0.0 Safari/537.36"
20.91.203.45 - - [02/Aug/2026:23:23:00 -0400] "GET /wp-content/plugins/hellopress/wp_filemanager.php HTTP/1.1" 404 5750 "-" "-"
20.91.203.45 - - [02/Aug/2026:23:23:01 -0400] "GET /this_is_a_new_hello_world.php HTTP/1.1" 404 5750 "-" "-"
20.91.203.45 - - [02/Aug/2026:23:23:01 -0400] "GET /wawe.php HTTP/1.1" 404 5750 "-" "-"
20.91.203.45 - - [02/Aug/2026:23:23:01 -0400] "GET /alfa123.php HTTP/1.1" 404 5750 "-" "-"
20.91.203.45 - - [02/Aug/2026:23:23:02 -0400] "GET /kn.php HTTP/1.1" 404 5750 "-" "-"
20.91.203.45 - - [02/Aug/2026:23:23:02 -0400] "GET /class-wp.php HTTP/1.1" 404 5750 "-" "-"
20.91.203.45 - - [02/Aug/2026:23:23:02 -0400] "GET /shelp.php HTTP/1.1" 404 5750 "-" "-"
20.91.203.45 - - [02/Aug/2026:23:23:03 -0400] "GET /phpi.php HTTP/1.1" 404 5750 "-" "-"
20.91.203.45 - - [02/Aug/2026:23:23:03 -0400] "GET /birlingsless.php HTTP/1.1" 404 5750 "-" "-"
20.91.203.45 - - [02/Aug/2026:23:23:03 -0400] "GET /shell20211028.php HTTP/1.1" 404 5750 "-" "-"
20.91.203.45 - - [02/Aug/2026:23:23:04 -0400] "GET /x402.ph HTTP/1.1" 404 5750 "-" "-"
20.91.203.45 - - [02/Aug/2026:23:23:04 -0400] "GET /wp-slss.php HTTP/1.1" 404 5750 "-" "-"
20.91.203.45 - - [02/Aug/2026:23:23:05 -0400] "GET /mifta.ph HTTP/1.1" 404 5750 "-" "-"
20.91.203.45 - - [02/Aug/2026:23:23:05 -0400] "GET /amxloxxr.php HTTP/1.1" 404 5750 "-" "-"
20.91.203.45 - - [02/Aug/2026:23:23:05 -0400] "GET /infophp.php HTTP/1.1" 404 5750 "-" "-"
20.91.203.45 - - [02/Aug/2026:23:23:06 -0400] "GET /xxl.php HTTP/1.1" 404 5750 "-" "-"
20.91.203.45 - - [02/Aug/2026:23:23:06 -0400] "GET /png.php HTTP/1.1" 404 5750 "-" "-"
20.91.203.45 - - [02/Aug/2026:23:23:07 -0400] "GET /xmlss.php HTTP/1.1" 404 5750 "-" "-"
20.91.203.45 - - [02/Aug/2026:23:23:07 -0400] "GET /wuasr.php HTTP/1.1" 404 5750 "-" "-"
20.91.203.45 - - [02/Aug/2026:23:23:07 -0400] "GET /kbfr.php HTTP/1.1" 404 5750 "-" "-"
20.91.203.45 - - [02/Aug/2026:23:23:07 -0400] "GET /gecko-new.php HTTP/1.1" 404 5750 "-" "-"
20.91.203.45 - - [02/Aug/2026:23:23:08 -0400] "GET /god4m.php HTTP/1.1" 404 5750 "-" "-"
20.91.203.45 - - [02/Aug/2026:23:23:08 -0400] "GET /ok.php HTTP/1.1" 404 5750 "-" "-"
20.91.203.45 - - [02/Aug/2026:23:23:08 -0400] "GET /usr.php HTTP/1.1" 404 5750 "-" "-"
20.91.203.45 - - [02/Aug/2026:23:23:09 -0400] "GET /ncx.php HTTP/1.1" 404 5750 "-" "-"
20.91.203.45 - - [02/Aug/2026:23:23:09 -0400] "GET /jo.php HTTP/1.1" 404 5750 "-" "-"
20.91.203.45 - - [02/Aug/2026:23:23:10 -0400] "GET /ixpsdyrw.php HTTP/1.1" 404 5750 "-" "-"
20.91.203.45 - - [02/Aug/2026:23:23:10 -0400] "GET /er.php HTTP/1.1" 404 5750 "-" "-"
20.91.203.45 - - [02/Aug/2026:23:23:10 -0400] "GET /oxshell.php HTTP/1.1" 404 5750 "-" "-"
20.91.203.45 - - [02/Aug/2026:23:23:11 -0400] "GET /in.php HTTP/1.1" 404 5750 "-" "-"
20.91.203.45 - - [02/Aug/2026:23:23:11 -0400] "GET /nw.php HTTP/1.1" 404 5750 "-" "-"
20.91.203.45 - - [02/Aug/2026:23:23:11 -0400] "GET /autoload_classmap.php HTTP/1.1" 404 5750 "-" "-"
20.91.203.45 - - [02/Aug/2026:23:23:12 -0400] "GET /pxx.php HTTP/1.1" 404 5750 "-" "-"
20.91.203.45 - - [02/Aug/2026:23:23:12 -0400] "GET /f8moue.php HTTP/1.1" 404 5750 "-" "-"
20.91.203.45 - - [02/Aug/2026:23:23:12 -0400] "GET /011i.php HTTP/1.1" 404 5750 "-" "-"
20.91.203.45 - - [02/Aug/2026:23:23:12 -0400] "GET /b00869ae6e.php HTTP/1.1" 404 5750 "-" "-"
20.91.203.45 - - [02/Aug/2026:23:23:13 -0400] "GET /13134.php HTTP/1.1" 404 5750 "-" "-"
20.91.203.45 - - [02/Aug/2026:23:23:13 -0400] "GET /xminie.php HTTP/1.1" 404 5750 "-" "-"
20.91.203.45 - - [02/Aug/2026:23:23:13 -0400] "GET /x.php HTTP/1.1" 404 5750 "-" "-"
20.91.203.45 - - [02/Aug/2026:23:23:14 -0400] "GET /mgrr.php HTTP/1.1" 404 5750 "-" "-"
20.91.203.45 - - [02/Aug/2026:23:23:14 -0400] "GET /domvf.php HTTP/1.1" 404 5750 "-" "-"
20.91.203.45 - - [02/Aug/2026:23:23:15 -0400] "GET /yup.php HTTP/1.1" 404 5750 "-" "-"
20.91.203.45 - - [02/Aug/2026:23:23:15 -0400] "GET /X.php HTTP/1.1" 404 5750 "-" "-"
20.91.203.45 - - [02/Aug/2026:23:23:15 -0400] "GET /1polka.php HTTP/1.1" 404 5750 "-" "-"
20.91.203.45 - - [02/Aug/2026:23:23:16 -0400] "GET /gec.php HTTP/1.1" 404 5750 "-" "-"
20.91.203.45 - - [02/Aug/2026:23:23:16 -0400] "GET /sky.php HTTP/1.1" 404 5750 "-" "-"
20.91.203.45 - - [02/Aug/2026:23:23:17 -0400] "GET /fffm.php HTTP/1.1" 404 5750 "-" "-"
20.91.203.45 - - [02/Aug/2026:23:23:17 -0400] "GET /sixxis.php HTTP/1.1" 404 5750 "-" "-"
20.91.203.45 - - [02/Aug/2026:23:23:17 -0400] "GET /yj09.php HTTP/1.1" 404 5750 "-" "-"
20.91.203.45 - - [02/Aug/2026:23:23:18 -0400] "GET /k.php HTTP/1.1" 404 5750 "-" "-"
20.91.203.45 - - [02/Aug/2026:23:23:18 -0400] "GET /k2.php HTTP/1.1" 404 5750 "-" "-"
20.91.203.45 - - [02/Aug/2026:23:23:18 -0400] "GET /w.php HTTP/1.1" 404 5750 "-" "-"
20.91.203.45 - - [02/Aug/2026:23:23:19 -0400] "GET /fpwch.php HTTP/1.1" 404 5750 "-" "-"
20.91.203.45 - - [02/Aug/2026:23:23:19 -0400] "GET /w2025.php HTTP/1.1" 404 5750 "-" "-"
20.91.203.45 - - [02/Aug/2026:23:23:19 -0400] "GET /FWAZ.php HTTP/1.1" 404 5750 "-" "-"
20.91.203.45 - - [02/Aug/2026:23:23:20 -0400] "GET /qterm.php?p= HTTP/1.1" 404 5750 "-" "-"
20.91.203.45 - - [02/Aug/2026:23:23:20 -0400] "GET /blurbs.php HTTP/1.1" 404 5750 "-" "-"
20.91.203.45 - - [02/Aug/2026:23:23:21 -0400] "GET /wp-ws68.php?p= HTTP/1.1" 404 5750 "-" "-"
20.91.203.45 - - [02/Aug/2026:23:23:22 -0400] "GET /xyn.php HTTP/1.1" 404 5750 "-" "-"
20.91.203.45 - - [02/Aug/2026:23:23:22 -0400] "GET /ccc.php?p= HTTP/1.1" 404 5750 "-" "-"
20.91.203.45 - - [02/Aug/2026:23:23:22 -0400] "GET /get.php HTTP/1.1" 404 5750 "-" "-"
20.91.203.45 - - [02/Aug/2026:23:23:23 -0400] "GET /images.php HTTP/1.1" 404 5750 "-" "-"
20.91.203.45 - - [02/Aug/2026:23:23:24 -0400] "GET /alls.php HTTP/1.1" 404 5750 "-" "-"
20.91.203.45 - - [02/Aug/2026:23:23:24 -0400] "GET /coffexium.php HTTP/1.1" 404 5750 "-" "-"
20.91.203.45 - - [02/Aug/2026:23:23:25 -0400] "GET /red.php HTTP/1.1" 404 5750 "-" "-"
20.91.203.45 - - [02/Aug/2026:23:23:25 -0400] "GET /wp-includes/sodium_compat/ HTTP/1.1" 404 5750 "-" "-"
20.91.203.45 - - [02/Aug/2026:23:23:25 -0400] "GET /wp-admin/css/colors/coffee/wp-adochan.php HTTP/1.1" 404 5750 "-" "-"
20.91.203.45 - - [02/Aug/2026:23:23:26 -0400] "GET /wp-includes/Text/ HTTP/1.1" 404 5750 "-" "-"
20.91.203.45 - - [02/Aug/2026:23:23:26 -0400] "GET /wp-content/uploads/ HTTP/1.1" 404 5750 "-" "-"
20.91.203.45 - - [02/Aug/2026:23:23:26 -0400] "GET /wp-content/index.php HTTP/1.1" 404 5750 "-" "-"
20.91.203.45 - - [02/Aug/2026:23:23:27 -0400] "GET /admin.php HTTP/1.1" 404 5750 "-" "-"
20.91.203.45 - - [02/Aug/2026:23:23:27 -0400] "GET /177.php HTTP/1.1" 404 5750 "-" "-"
20.91.203.45 - - [02/Aug/2026:23:23:27 -0400] "GET /199.php HTTP/1.1" 404 5750 "-" "-"
20.91.203.45 - - [02/Aug/2026:23:23:28 -0400] "GET /file52.php HTTP/1.1" 404 5750 "-" "-"
20.91.203.45 - - [02/Aug/2026:23:23:28 -0400] "GET /geck.php HTTP/1.1" 404 5750 "-" "-"
20.91.203.45 - - [02/Aug/2026:23:23:28 -0400] "GET /biufile.php HTTP/1.1" 404 5750 "-" "-"
20.91.203.45 - - [02/Aug/2026:23:23:28 -0400] "GET /dejavu.php HTTP/1.1" 404 5750 "-" "-"
20.91.203.45 - - [02/Aug/2026:23:23:29 -0400] "GET /aaf.php HTTP/1.1" 404 5750 "-" "-"
20.91.203.45 - - [02/Aug/2026:23:23:29 -0400] "GET /ha.php HTTP/1.1" 404 5750 "-" "-"
20.91.203.45 - - [02/Aug/2026:23:23:30 -0400] "GET /hur.php HTTP/1.1" 404 5750 "-" "-"
20.91.203.45 - - [02/Aug/2026:23:23:30 -0400] "GET /h02ugyh.php HTTP/1.1" 404 5750 "-" "-"
20.91.203.45 - - [02/Aug/2026:23:23:30 -0400] "GET /155.php HTTP/1.1" 404 5750 "-" "-"
20.91.203.45 - - [02/Aug/2026:23:23:31 -0400] "GET /ops.php HTTP/1.1" 404 5750 "-" "-"
20.91.203.45 - - [02/Aug/2026:23:23:31 -0400] "GET /ingfo.php HTTP/1.1" 404 5750 "-" "-"
20.91.203.45 - - [02/Aug/2026:23:23:31 -0400] "GET /error_log.php HTTP/1.1" 404 5750 "-" "-"
20.91.203.45 - - [02/Aug/2026:23:23:32 -0400] "GET /koala.php HTTP/1.1" 404 5750 "-" "-"
20.91.203.45 - - [02/Aug/2026:23:23:32 -0400] "GET /mac.php HTTP/1.1" 404 5750 "-" "-"
20.91.203.45 - - [02/Aug/2026:23:23:33 -0400] "GET /wefile.php HTTP/1.1" 404 5750 "-" "-"
20.91.203.45 - - [02/Aug/2026:23:23:34 -0400] "GET /wp-includes/blocks/post-comments-form/ HTTP/1.1" 404 5750 "-" "-"
20.91.203.45 - - [02/Aug/2026:23:23:34 -0400] "GET /wp-admin/js/ HTTP/1.1" 404 5750 "-" "-"
20.91.203.45 - - [02/Aug/2026:23:23:34 -0400] "GET /makeasmtp.php?p= HTTP/1.1" 404 5750 "-" "-"
20.91.203.45 - - [02/Aug/2026:23:23:35 -0400] "GET /2P.php HTTP/1.1" 404 5750 "-" "-"
20.91.203.45 - - [02/Aug/2026:23:23:35 -0400] "GET /.well-known/about.php HTTP/1.1" 404 5750 "-" "-"
20.91.203.45 - - [02/Aug/2026:23:23:35 -0400] "GET /wp-includes/ID3/about.php HTTP/1.1" 404 5750 "-" "-"
20.91.203.45 - - [02/Aug/2026:23:23:36 -0400] "GET /system_log.php HTTP/1.1" 404 5750 "-" "-"
20.91.203.45 - - [02/Aug/2026:23:23:36 -0400] "GET /wp-admin/css/ HTTP/1.1" 404 5750 "-" "-"
20.91.203.45 - - [02/Aug/2026:23:23:36 -0400] "GET /wp-admin/css/colors/modern/ HTTP/1.1" 404 5750 "-" "-"
20.91.203.45 - - [02/Aug/2026:23:23:37 -0400] "GET /crgio.php HTTP/1.1" 404 5750 "-" "-"
20.91.203.45 - - [02/Aug/2026:23:23:37 -0400] "GET /pucci.php HTTP/1.1" 404 5750 "-" "-"
20.91.203.45 - - [02/Aug/2026:23:23:37 -0400] "GET /wp-includes/blocks/details/ HTTP/1.1" 404 5750 "-" "-"
20.91.203.45 - - [02/Aug/2026:23:23:38 -0400] "GET /wp-includes/blocks/audio/ HTTP/1.1" 404 5750 "-" "-"
20.91.203.45 - - [02/Aug/2026:23:23:38 -0400] "GET /wp-temp.php HTTP/1.1" 404 5750 "-" "-"
20.91.203.45 - - [02/Aug/2026:23:23:39 -0400] "GET /wp-admin/js/index.php HTTP/1.1" 404 5750 "-" "-"
20.91.203.45 - - [02/Aug/2026:23:23:39 -0400] "GET /puc.php HTTP/1.1" 404 5750 "-" "-"
20.91.203.45 - - [02/Aug/2026:23:23:39 -0400] "GET /dx.php HTTP/1.1" 404 5750 "-" "-"
20.91.203.45 - - [02/Aug/2026:23:23:40 -0400] "GET /wp-includes/Requests/ HTTP/1.1" 404 5750 "-" "-"
20.91.203.45 - - [02/Aug/2026:23:23:40 -0400] "GET /7.php HTTP/1.1" 404 5750 "-" "-"
20.91.203.45 - - [02/Aug/2026:23:23:40 -0400] "GET /8.php HTTP/1.1" 404 5750 "-" "-"
20.91.203.45 - - [02/Aug/2026:23:23:40 -0400] "GET /1.php HTTP/1.1" 404 5750 "-" "-"
20.91.203.45 - - [02/Aug/2026:23:23:41 -0400] "GET /about.php HTTP/1.1" 404 5750 "-" "-"
20.91.203.45 - - [02/Aug/2026:23:23:41 -0400] "GET /admin.php HTTP/1.1" 404 5750 "-" "-"
20.91.203.45 - - [02/Aug/2026:23:23:41 -0400] "GET /edit.php HTTP/1.1" 404 5750 "-" "-"
20.91.203.45 - - [02/Aug/2026:23:23:42 -0400] "GET /wp-content/admin.php HTTP/1.1" 404 5750 "-" "-"
20.91.203.45 - - [02/Aug/2026:23:23:42 -0400] "GET /inputs.php HTTP/1.1" 404 5750 "-" "-"
20.91.203.45 - - [02/Aug/2026:23:23:42 -0400] "GET /av.php HTTP/1.1" 404 5750 "-" "-"
20.91.203.45 - - [02/Aug/2026:23:23:43 -0400] "GET /classwithtostring.php?p= HTTP/1.1" 404 5750 "-" "-"
20.91.203.45 - - [02/Aug/2026:23:23:43 -0400] "GET /wp-content/themes/index.php HTTP/1.1" 404 5750 "-" "-"
20.91.203.45 - - [02/Aug/2026:23:23:44 -0400] "GET /wp-blog.php HTTP/1.1" 404 5750 "-" "-"
20.91.203.45 - - [02/Aug/2026:23:23:44 -0400] "GET /wp-includes/js/jquery/ HTTP/1.1" 404 5750 "-" "-"
20.91.203.45 - - [02/Aug/2026:23:23:44 -0400] "GET /wp-content/admin.php HTTP/1.1" 404 5750 "-" "-"
20.91.203.45 - - [02/Aug/2026:23:23:45 -0400] "GET /adminfuns.php HTTP/1.1" 404 5750 "-" "-"
20.91.203.45 - - [02/Aug/2026:23:23:45 -0400] "GET /goods.php HTTP/1.1" 404 5750 "-" "-"
20.91.203.45 - - [02/Aug/2026:23:23:46 -0400] "GET /ms-edit.php HTTP/1.1" 404 5750 "-" "-"
20.91.203.45 - - [02/Aug/2026:23:23:46 -0400] "GET /222.php HTTP/1.1" 404 5750 "-" "-"
20.91.203.45 - - [02/Aug/2026:23:23:47 -0400] "GET /cgi-bin/index.php HTTP/1.1" 404 5750 "-" "-"
20.91.203.45 - - [02/Aug/2026:23:23:47 -0400] "GET /wp-includes/css/dist/ HTTP/1.1" 404 5750 "-" "-"
20.91.203.45 - - [02/Aug/2026:23:23:48 -0400] "GET /BDKR28WP.php HTTP/1.1" 404 5750 "-" "-"
20.91.203.45 - - [02/Aug/2026:23:23:48 -0400] "GET /wp-includes/l10n/ HTTP/1.1" 404 5750 "-" "-"
20.91.203.45 - - [02/Aug/2026:23:23:48 -0400] "GET /wp-content/uploads/ HTTP/1.1" 404 5750 "-" "-"
20.91.203.45 - - [02/Aug/2026:23:23:49 -0400] "GET /wp.php HTTP/1.1" 404 5750 "-" "-"
20.91.203.45 - - [02/Aug/2026:23:23:49 -0400] "GET /abcd.php HTTP/1.1" 404 5750 "-" "-"
20.91.203.45 - - [02/Aug/2026:23:23:50 -0400] "GET /a1.php HTTP/1.1" 404 5750 "-" "-"
20.91.203.45 - - [02/Aug/2026:23:23:50 -0400] "GET /wp-includes/Text/Diff/Engine/about.php HTTP/1.1" 404 5750 "-" "-"
20.91.203.45 - - [02/Aug/2026:23:23:50 -0400] "GET /cgi-bin/admin.php HTTP/1.1" 404 5750 "-" "-"
20.91.203.45 - - [02/Aug/2026:23:23:51 -0400] "GET /wp-content/ HTTP/1.1" 404 5750 "-" "-"
20.91.203.45 - - [02/Aug/2026:23:23:51 -0400] "GET /simple.php HTTP/1.1" 404 5750 "-" "-"
20.91.203.45 - - [02/Aug/2026:23:23:51 -0400] "GET /xxx.php HTTP/1.1" 404 5750 "-" "-"
20.91.203.45 - - [02/Aug/2026:23:23:51 -0400] "GET /hypo.php HTTP/1.1" 404 5750 "-" "-"
20.91.203.45 - - [02/Aug/2026:23:23:52 -0400] "GET /wp-admin/css/colors/blue/ HTTP/1.1" 404 5750 "-" "-"
20.91.203.45 - - [02/Aug/2026:23:23:52 -0400] "GET /chosen.php HTTP/1.1" 404 5750 "-" "-"
20.91.203.45 - - [02/Aug/2026:23:23:52 -0400] "GET /wp-includes/block-bindings/ HTTP/1.1" 404 5750 "-" "-"
20.91.203.45 - - [02/Aug/2026:23:23:53 -0400] "GET /als.php HTTP/1.1" 404 5750 "-" "-"
20.91.203.45 - - [02/Aug/2026:23:23:53 -0400] "GET /pol.php HTTP/1.1" 404 5750 "-" "-"
20.91.203.45 - - [02/Aug/2026:23:23:53 -0400] "GET /file5.php HTTP/1.1" 404 5750 "-" "-"
20.91.203.45 - - [02/Aug/2026:23:23:54 -0400] "GET /file.php HTTP/1.1" 404 5750 "-" "-"
20.91.203.45 - - [02/Aug/2026:23:23:54 -0400] "GET /admin.php HTTP/1.1" 404 5750 "-" "-"
20.91.203.45 - - [02/Aug/2026:23:23:54 -0400] "GET /aa2.php HTTP/1.1" 404 5750 "-" "-"
20.91.203.45 - - [02/Aug/2026:23:23:55 -0400] "GET /ccou.php HTTP/1.1" 404 5750 "-" "-"
20.91.203.45 - - [02/Aug/2026:23:23:55 -0400] "GET /dr.php HTTP/1.1" 404 5750 "-" "-"
20.91.203.45 - - [02/Aug/2026:23:23:55 -0400] "GET /xamp.php HTTP/1.1" 404 5750 "-" "-"
20.91.203.45 - - [02/Aug/2026:23:23:56 -0400] "GET /bless.php HTTP/1.1" 404 5750 "-" "-"
20.91.203.45 - - [02/Aug/2026:23:23:56 -0400] "GET /file25.php HTTP/1.1" 404 5750 "-" "-"
20.91.203.45 - - [02/Aug/2026:23:23:56 -0400] "GET /file6.php HTTP/1.1" 404 5750 "-" "-"
20.91.203.45 - - [02/Aug/2026:23:23:57 -0400] "GET /a2.php HTTP/1.1" 404 5750 "-" "-"
20.91.203.45 - - [02/Aug/2026:23:23:57 -0400] "GET /file15.php HTTP/1.1" 404 5750 "-" "-"
20.91.203.45 - - [02/Aug/2026:23:23:57 -0400] "GET /f35.php HTTP/1.1" 404 5750 "-" "-"
20.91.203.45 - - [02/Aug/2026:23:23:58 -0400] "GET /wp-load.php HTTP/1.1" 404 5750 "-" "-"
20.91.203.45 - - [02/Aug/2026:23:23:58 -0400] "GET /xwpg.php HTTP/1.1" 404 5750 "-" "-"
20.91.203.45 - - [02/Aug/2026:23:23:58 -0400] "GET /wp-includes/assets/ HTTP/1.1" 404 5750 "-" "-"
20.91.203.45 - - [02/Aug/2026:23:23:59 -0400] "GET /wp-admin/css/colors/sunrise/ HTTP/1.1" 404 5750 "-" "-"
20.91.203.45 - - [02/Aug/2026:23:23:59 -0400] "GET /xstelth.php HTTP/1.1" 404 5750 "-" "-"
20.91.203.45 - - [02/Aug/2026:23:23:59 -0400] "GET /wp-admin/network/plugins.php HTTP/1.1" 404 5750 "-" "-"
20.91.203.45 - - [02/Aug/2026:23:24:00 -0400] "GET /aaa.php HTTP/1.1" 404 5750 "-" "-"
20.91.203.45 - - [02/Aug/2026:23:24:00 -0400] "GET /gecko.php HTTP/1.1" 404 5750 "-" "-"
20.91.203.45 - - [02/Aug/2026:23:24:00 -0400] "GET /pbck.php HTTP/1.1" 404 5750 "-" "-"
20.91.203.45 - - [02/Aug/2026:23:24:01 -0400] "GET /xiugai.php?p= HTTP/1.1" 404 5750 "-" "-"
20.91.203.45 - - [02/Aug/2026:23:24:01 -0400] "GET /e.php HTTP/1.1" 404 5750 "-" "-"
20.91.203.45 - - [02/Aug/2026:23:24:02 -0400] "GET /adminner.php HTTP/1.1" 404 5750 "-" "-"
20.91.203.45 - - [02/Aug/2026:23:24:02 -0400] "GET /file1221.php HTTP/1.1" 404 5750 "-" "-"
20.91.203.45 - - [02/Aug/2026:23:24:02 -0400] "GET /inx.php HTTP/1.1" 404 5750 "-" "-"
20.91.203.45 - - [02/Aug/2026:23:24:03 -0400] "GET /qqqa.php HTTP/1.1" 404 5750 "-" "-"
20.91.203.45 - - [02/Aug/2026:23:24:03 -0400] "GET /wp-firewall.php HTTP/1.1" 404 5750 "-" "-"
20.91.203.45 - - [02/Aug/2026:23:24:03 -0400] "GET /reviall.php HTTP/1.1" 404 5750 "-" "-"
20.91.203.45 - - [02/Aug/2026:23:24:04 -0400] "GET /404.php?p= HTTP/1.1" 404 5750 "-" "-"
20.91.203.45 - - [02/Aug/2026:23:24:04 -0400] "GET /bolt.php HTTP/1.1" 404 5750 "-" "-"
20.91.203.45 - - [02/Aug/2026:23:24:04 -0400] "GET /File.php HTTP/1.1" 404 5750 "-" "-"
173.252.95.29 - - [02/Aug/2026:23:27:16 -0400] "GET /robots.txt HTTP/2" 404 796 "-" "facebookexternalhit/1.1 (+http://www.facebook.com/externalhit_uatext.php)"
167.71.218.184 - - [02/Aug/2026:23:27:21 -0400] "POST /xmlrpc.php HTTP/2" 403 787 "-" "Mozilla/5.0 (Windows NT 10.0; Win64; x64) AppleWebKit/537.36 (KHTML, like Gecko) Chrome/150.0.0.0 Safari/537.36"
156.232.88.6 - - [02/Aug/2026:23:27:24 -0400] "POST /wp-cron.php?doing_wp_cron=1785727644.4160120487213134765625 HTTP/1.1" 200 0 "-" "WordPress/7.0.2; https://mail.conypnu.com"
20.91.203.45 - - [02/Aug/2026:23:24:05 -0400] "GET /fi22.php HTTP/1.1" 404 5750 "-" "-"
20.91.203.45 - - [02/Aug/2026:23:24:05 -0400] "GET /zero.php HTTP/1.1" 404 5750 "-" "-"
20.91.203.45 - - [02/Aug/2026:23:24:05 -0400] "GET /1xmomo.php HTTP/1.1" 404 5750 "-" "-"
20.91.203.45 - - [02/Aug/2026:23:24:06 -0400] "GET /fmws.php HTTP/1.1" 404 5750 "-" "-"
20.91.203.45 - - [02/Aug/2026:23:24:06 -0400] "GET /3PJcpMFsD8B.php HTTP/1.1" 404 5750 "-" "-"
20.91.203.45 - - [02/Aug/2026:23:24:07 -0400] "GET /hp2.php HTTP/1.1" 404 5750 "-" "-"
20.91.203.45 - - [02/Aug/2026:23:24:07 -0400] "GET /aabb.php HTTP/1.1" 404 5750 "-" "-"
20.91.203.45 - - [02/Aug/2026:23:24:08 -0400] "GET /1254xx.php HTTP/1.1" 404 5750 "-" "-"
20.91.203.45 - - [02/Aug/2026:23:24:08 -0400] "GET /a3ampzmbipnkpxeqhqpsanCdefault.php HTTP/1.1" 404 5750 "-" "-"
20.91.203.45 - - [02/Aug/2026:23:24:09 -0400] "GET /ffs.php HTTP/1.1" 404 5750 "-" "-"
20.91.203.45 - - [02/Aug/2026:23:24:09 -0400] "GET /1PJcpMFsD8B.php HTTP/1.1" 404 5750 "-" "-"
20.91.203.45 - - [02/Aug/2026:23:24:09 -0400] "GET /4PJcpMFsD8B.php HTTP/1.1" 404 5750 "-" "-"
20.91.203.45 - - [02/Aug/2026:23:24:10 -0400] "GET /i99z7zzbwtpteujvv6s8hiCdefault.php HTTP/1.1" 404 5750 "-" "-"
20.91.203.45 - - [02/Aug/2026:23:24:10 -0400] "GET /gwaih1gfzp5vuwr04Cdefault.php HTTP/1.1" 404 5750 "-" "-"
20.91.203.45 - - [02/Aug/2026:23:24:11 -0400] "GET /dyui.php HTTP/1.1" 404 5750 "-" "-"
20.91.203.45 - - [02/Aug/2026:23:24:11 -0400] "GET /ho.php HTTP/1.1" 404 5750 "-" "-"
20.91.203.45 - - [02/Aug/2026:23:24:11 -0400] "GET /zildan.php HTTP/1.1" 404 5750 "-" "-"
20.91.203.45 - - [02/Aug/2026:23:24:12 -0400] "GET /66b867516c8f01.php HTTP/1.1" 404 5750 "-" "-"
20.91.203.45 - - [02/Aug/2026:23:24:12 -0400] "GET /ext.php HTTP/1.1" 404 5750 "-" "-"
20.91.203.45 - - [02/Aug/2026:23:24:15 -0400] "GET /1wvekeybd9it2di2vyipgr6Cdefault.php HTTP/1.1" 404 5750 "-" "-"
156.232.88.6 - - [02/Aug/2026:23:34:36 -0400] "POST /wp-cron.php?doing_wp_cron=1785728076.3472070693969726562500 HTTP/1.1" 200 0 "-" "WordPress/7.0.2; https://mail.conypnu.com"
69.57.172.212 - - [02/Aug/2026:23:34:35 -0400] "GET /wp-login.php HTTP/2" 200 1780 "-" "Mozilla/5.0 (Windows NT 10.0; Win64; x64) AppleWebKit/537.36 (KHTML, like Gecko) Chrome/150.0.0.0 Safari/537.36"
57.141.18.80 - - [02/Aug/2026:23:27:23 -0400] "GET / HTTP/2" 200 12454 "-" "Mozilla/5.0 (Windows NT 10.0; Win64; x64) AppleWebKit/537.36 (KHTML, like Gecko) Chrome/145.0.0.0 Safari/537.36 (compatible; meta-externalagent/1.1 (+https://developers.facebook.com/docs/sharing/webmasters/crawler))"
138.68.158.60 - - [03/Aug/2026:00:07:18 -0400] "POST /wp-login.php HTTP/2" 200 1929 "https://conypnu.com.deconnect.com.ng/wp-login.php" "Mozilla/5.0 (Windows NT 10.0; Win64; x64) AppleWebKit/537.36 (KHTML, like Gecko) Chrome/150.0.0.0 Safari/537.36"
167.71.218.184 - - [02/Aug/2026:23:53:31 -0400] "GET /wp-login.php HTTP/2" 200 1780 "-" "Mozilla/5.0 (Windows NT 10.0; Win64; x64) AppleWebKit/537.36 (KHTML, like Gecko) Chrome/150.0.0.0 Safari/537.36"
167.71.218.184 - - [02/Aug/2026:23:53:34 -0400] "POST /wp-login.php HTTP/2" 200 1929 "https://conypnu.com/wp-login.php" "Mozilla/5.0 (Windows NT 10.0; Win64; x64) AppleWebKit/537.36 (KHTML, like Gecko) Chrome/150.0.0.0 Safari/537.36"
138.68.158.60 - - [03/Aug/2026:00:07:16 -0400] "GET /wp-login.php HTTP/2" 200 1780 "-" "Mozilla/5.0 (Windows NT 10.0; Win64; x64) AppleWebKit/537.36 (KHTML, like Gecko) Chrome/150.0.0.0 Safari/537.36"
156.232.88.6 - - [03/Aug/2026:00:09:34 -0400] "POST /wp-cron.php?doing_wp_cron=1785730174.1094400882720947265625 HTTP/1.1" 200 0 "-" "WordPress/7.0.2; https://mail.conypnu.com"
156.232.88.6 - - [03/Aug/2026:00:07:18 -0400] "POST /wp-cron.php?doing_wp_cron=1785730038.0100390911102294921875 HTTP/1.1" 200 0 "-" "WordPress/7.0.2; https://mail.conypnu.com"
156.232.88.6 - - [03/Aug/2026:00:09:11 -0400] "POST /wp-cron.php?doing_wp_cron=1785730151.2921490669250488281250 HTTP/1.1" 200 0 "-" "WordPress/7.0.2; https://mail.conypnu.com"
103.7.8.203 - - [03/Aug/2026:00:09:33 -0400] "GET /wp-login.php HTTP/2" 200 1780 "-" "Mozilla/5.0 (Windows NT 10.0; Win64; x64) AppleWebKit/537.36 (KHTML, like Gecko) Chrome/150.0.0.0 Safari/537.36"
103.7.8.203 - - [03/Aug/2026:00:09:34 -0400] "POST /wp-login.php HTTP/2" 200 1923 "https://mail.conypnu.com/wp-login.php" "Mozilla/5.0 (Windows NT 10.0; Win64; x64) AppleWebKit/537.36 (KHTML, like Gecko) Chrome/150.0.0.0 Safari/537.36"
103.7.8.203 - - [03/Aug/2026:00:09:10 -0400] "GET /wp-login.php HTTP/2" 200 1780 "-" "Mozilla/5.0 (Windows NT 10.0; Win64; x64) AppleWebKit/537.36 (KHTML, like Gecko) Chrome/150.0.0.0 Safari/537.36"
156.232.88.6 - - [02/Aug/2026:23:53:32 -0400] "POST /wp-cron.php?doing_wp_cron=1785729212.2890489101409912109375 HTTP/1.1" 200 0 "-" "WordPress/7.0.2; https://mail.conypnu.com"
69.57.172.212 - - [02/Aug/2026:23:56:22 -0400] "POST /xmlrpc.php HTTP/2" 403 787 "-" "Mozilla/5.0 (Windows NT 10.0; Win64; x64) AppleWebKit/537.36 (KHTML, like Gecko) Chrome/150.0.0.0 Safari/537.36"
20.79.250.162 - - [03/Aug/2026:00:18:31 -0400] "GET /wp-content/plugins/hellopress/wp_filemanager.php HTTP/1.1" 401 36 "-" "-"
20.79.250.162 - - [03/Aug/2026:00:18:31 -0400] "GET /this_is_a_new_hello_world.php HTTP/1.1" 401 36 "-" "-"
20.79.250.162 - - [03/Aug/2026:00:18:32 -0400] "GET /un.php HTTP/1.1" 401 36 "-" "-"
20.79.250.162 - - [03/Aug/2026:00:18:32 -0400] "GET /584062352875874akp.php HTTP/1.1" 401 36 "-" "-"
3.18.186.238 - - [03/Aug/2026:01:09:42 -0400] "GET / HTTP/1.1" 401 53 "http://webdisk.conypnu.com/" "visionheight.com/scan Mozilla/5.0 (Macintosh; Intel Mac OS X 10_15_7) Chrome/126.0.0.0 Safari/537.36"
193.26.115.81 - - [03/Aug/2026:03:00:08 -0400] "POST /wp-json/batch/v1 HTTP/1.1" 404 796 "-" "Mozilla/5.0"
193.26.115.81 - - [03/Aug/2026:03:00:08 -0400] "POST /?rest_route=/batch/v1 HTTP/1.1" 403 787 "-" "Mozilla/5.0"
4.225.166.222 - - [03/Aug/2026:03:13:25 -0400] "GET /wp-content/plugins/hellopress/wp_filemanager.php HTTP/1.1" 401 36 "-" "-"
4.225.166.222 - - [03/Aug/2026:03:13:25 -0400] "GET /this_is_a_new_hello_world.php HTTP/1.1" 401 36 "-" "-"
4.225.166.222 - - [03/Aug/2026:03:13:25 -0400] "GET /err.php HTTP/1.1" 401 36 "-" "-"
4.225.166.222 - - [03/Aug/2026:03:13:26 -0400] "GET /img.php HTTP/1.1" 401 36 "-" "-"
4.225.166.222 - - [03/Aug/2026:03:13:26 -0400] "GET /aa.php HTTP/1.1" 401 36 "-" "-"
4.225.166.222 - - [03/Aug/2026:03:13:27 -0400] "GET /av.php HTTP/1.1" 401 36 "-" "-"
4.225.166.222 - - [03/Aug/2026:03:13:27 -0400] "GET /xa.php HTTP/1.1" 401 36 "-" "-"
