🚀 Advanced Web Server Manager
Complete File Manager & Terminal - Standalone Version
By Sid Gifari | Gifari Industries
Current path:
/
/
usr
/
local
/
apache
/
domlogs
/
duzhbywe
✏️
Editing: conypnu.com.deconnect.com.ng-ssl_log
185.115.217.185 - - [02/Aug/2026:08:49:20 -0400] "GET /wp-login.php HTTP/2" 200 1779 "-" "Mozilla/5.0 (Windows NT 10.0; Win64; x64) AppleWebKit/537.36 (KHTML, like Gecko) Chrome/150.0.0.0 Safari/537.36"
168.144.81.91 - - [02/Aug/2026:09:32:35 -0400] "GET /wp-login.php HTTP/2" 200 1779 "-" "Mozilla/5.0 (Windows NT 10.0; Win64; x64) AppleWebKit/537.36 (KHTML, like Gecko) Chrome/150.0.0.0 Safari/537.36"
87.236.176.248 - - [02/Aug/2026:10:12:33 -0400] "GET /cgi/version.cgi HTTP/1.1" 404 3415 "-" "Mozilla/5.0 (compatible; InternetMeasurement/1.0; +https://internet-measurement.com/)"
156.232.88.6 - - [02/Aug/2026:08:52:31 -0400] "POST /wp-cron.php?doing_wp_cron=1785675151.1590769290924072265625 HTTP/1.1" 200 0 "-" "WordPress/7.0.2; https://mail.conypnu.com"
209.42.28.133 - - [02/Aug/2026:09:47:50 -0400] "POST /xmlrpc.php HTTP/2" 403 787 "-" "Mozilla/5.0 (Windows NT 10.0; Win64; x64) AppleWebKit/537.36 (KHTML, like Gecko) Chrome/150.0.0.0 Safari/537.36"
212.80.9.235 - - [02/Aug/2026:09:54:08 -0400] "POST /xmlrpc.php HTTP/2" 403 787 "-" "Mozilla/5.0 (Windows NT 10.0; Win64; x64) AppleWebKit/537.36 (KHTML, like Gecko) Chrome/150.0.0.0 Safari/537.36"
156.232.88.6 - - [02/Aug/2026:08:52:54 -0400] "POST /wp-cron.php?doing_wp_cron=1785675174.0175960063934326171875 HTTP/1.1" 200 0 "-" "WordPress/7.0.2; https://mail.conypnu.com"
103.74.121.5 - - [02/Aug/2026:09:13:23 -0400] "POST /xmlrpc.php HTTP/2" 403 787 "-" "Mozilla/5.0 (Windows NT 10.0; Win64; x64) AppleWebKit/537.36 (KHTML, like Gecko) Chrome/150.0.0.0 Safari/537.36"
156.232.88.6 - - [02/Aug/2026:09:32:36 -0400] "POST /wp-cron.php?doing_wp_cron=1785677556.0197939872741699218750 HTTP/1.1" 200 0 "-" "WordPress/7.0.2; https://mail.conypnu.com"
156.232.88.6 - - [02/Aug/2026:10:03:31 -0400] "POST /wp-cron.php?doing_wp_cron=1785679411.2955288887023925781250 HTTP/1.1" 200 0 "-" "WordPress/7.0.2; https://mail.conypnu.com"
192.185.131.136 - - [02/Aug/2026:08:52:53 -0400] "GET /wp-login.php HTTP/2" 200 1779 "-" "Mozilla/5.0 (Windows NT 10.0; Win64; x64) AppleWebKit/537.36 (KHTML, like Gecko) Chrome/150.0.0.0 Safari/537.36"
192.185.131.136 - - [02/Aug/2026:08:52:54 -0400] "POST /wp-login.php HTTP/2" 200 1923 "https://mail.conypnu.com/wp-login.php" "Mozilla/5.0 (Windows NT 10.0; Win64; x64) AppleWebKit/537.36 (KHTML, like Gecko) Chrome/150.0.0.0 Safari/537.36"
103.75.185.95 - - [02/Aug/2026:09:02:44 -0400] "POST /wp-login.php HTTP/2" 200 1929 "https://conypnu.com/wp-login.php" "Mozilla/5.0 (Windows NT 10.0; Win64; x64) AppleWebKit/537.36 (KHTML, like Gecko) Chrome/150.0.0.0 Safari/537.36"
69.57.172.212 - - [02/Aug/2026:09:31:02 -0400] "GET /wp-login.php HTTP/2" 200 1779 "-" "Mozilla/5.0 (Windows NT 10.0; Win64; x64) AppleWebKit/537.36 (KHTML, like Gecko) Chrome/150.0.0.0 Safari/537.36"
156.232.88.6 - - [02/Aug/2026:09:44:44 -0400] "POST /wp-cron.php?doing_wp_cron=1785678283.9830389022827148437500 HTTP/1.1" 200 0 "-" "WordPress/7.0.2; https://mail.conypnu.com"
198.38.94.17 - - [02/Aug/2026:10:00:34 -0400] "POST /xmlrpc.php HTTP/2" 403 787 "-" "Mozilla/5.0 (Windows NT 10.0; Win64; x64) AppleWebKit/537.36 (KHTML, like Gecko) Chrome/150.0.0.0 Safari/537.36"
156.232.88.6 - - [02/Aug/2026:08:29:55 -0400] "POST /wp-cron.php?doing_wp_cron=1785673794.7133491039276123046875 HTTP/1.1" 200 0 "-" "WordPress/7.0.2; https://mail.conypnu.com"
156.232.88.6 - - [02/Aug/2026:08:49:21 -0400] "POST /wp-cron.php?doing_wp_cron=1785674961.6053779125213623046875 HTTP/1.1" 200 0 "-" "WordPress/7.0.2; https://mail.conypnu.com"
156.232.88.6 - - [02/Aug/2026:09:02:41 -0400] "POST /wp-cron.php?doing_wp_cron=1785675761.1741380691528320312500 HTTP/1.1" 200 0 "-" "WordPress/7.0.2; https://mail.conypnu.com"
52.3.206.35 - - [02/Aug/2026:09:44:35 -0400] "GET / HTTP/1.1" 200 12466 "-" "Mozilla/5.0 (Windows NT 10.0; Win64; x64; rv:135.0) Gecko/20100101 Firefox/135.0"
185.115.217.185 - - [02/Aug/2026:08:49:29 -0400] "POST /wp-login.php HTTP/2" 200 1929 "https://conypnu.com.deconnect.com.ng/wp-login.php" "Mozilla/5.0 (Windows NT 10.0; Win64; x64) AppleWebKit/537.36 (KHTML, like Gecko) Chrome/150.0.0.0 Safari/537.36"
198.38.94.67 - - [02/Aug/2026:08:53:55 -0400] "POST /xmlrpc.php HTTP/2" 403 787 "-" "Mozilla/5.0 (Windows NT 10.0; Win64; x64) AppleWebKit/537.36 (KHTML, like Gecko) Chrome/150.0.0.0 Safari/537.36"
103.75.185.95 - - [02/Aug/2026:09:02:39 -0400] "GET /wp-login.php HTTP/2" 200 1779 "-" "Mozilla/5.0 (Windows NT 10.0; Win64; x64) AppleWebKit/537.36 (KHTML, like Gecko) Chrome/150.0.0.0 Safari/537.36"
160.187.146.79 - - [02/Aug/2026:09:46:13 -0400] "POST /xmlrpc.php HTTP/2" 403 787 "-" "Mozilla/5.0 (Windows NT 10.0; Win64; x64) AppleWebKit/537.36 (KHTML, like Gecko) Chrome/150.0.0.0 Safari/537.36"
87.236.176.248 - - [02/Aug/2026:10:12:32 -0400] "GET / HTTP/1.1" 200 12441 "http://cpanel.conypnu.com" "Mozilla/5.0 (compatible; InternetMeasurement/1.0; +https://internet-measurement.com/)"
87.236.176.248 - - [02/Aug/2026:10:12:32 -0400] "GET /cpanelwebcall/displaybrand HTTP/1.1" 400 6199 "-" "Mozilla/5.0 (compatible; InternetMeasurement/1.0; +https://internet-measurement.com/)"
185.247.137.233 - - [02/Aug/2026:10:12:33 -0400] "GET /favicon.ico HTTP/2" 200 12445 "-" "Mozilla/5.0 (compatible; InternetMeasurement/1.0; +https://internet-measurement.com/)"
185.115.217.185 - - [02/Aug/2026:08:31:42 -0400] "POST /xmlrpc.php HTTP/2" 403 787 "-" "Mozilla/5.0 (Windows NT 10.0; Win64; x64) AppleWebKit/537.36 (KHTML, like Gecko) Chrome/150.0.0.0 Safari/537.36"
192.185.131.136 - - [02/Aug/2026:08:52:30 -0400] "GET /wp-login.php HTTP/2" 200 1779 "-" "Mozilla/5.0 (Windows NT 10.0; Win64; x64) AppleWebKit/537.36 (KHTML, like Gecko) Chrome/150.0.0.0 Safari/537.36"
168.144.81.91 - - [02/Aug/2026:09:32:37 -0400] "POST /wp-login.php HTTP/2" 200 1929 "https://conypnu.com.deconnect.com.ng/wp-login.php" "Mozilla/5.0 (Windows NT 10.0; Win64; x64) AppleWebKit/537.36 (KHTML, like Gecko) Chrome/150.0.0.0 Safari/537.36"
205.210.31.32 - - [02/Aug/2026:10:03:27 -0400] "GET / HTTP/1.1" 200 49634 "-" "Hello from Palo Alto Networks, find out more about our scans in https://docs-cortex.paloaltonetworks.com/r/1/Cortex-Xpanse/Scanning-activity"
103.82.22.235 - - [02/Aug/2026:08:29:49 -0400] "GET /wp-login.php HTTP/2" 200 1779 "-" "Mozilla/5.0 (Windows NT 10.0; Win64; x64) AppleWebKit/537.36 (KHTML, like Gecko) Chrome/150.0.0.0 Safari/537.36"
103.82.22.235 - - [02/Aug/2026:08:29:56 -0400] "POST /wp-login.php HTTP/2" 200 1929 "https://conypnu.com/wp-login.php" "Mozilla/5.0 (Windows NT 10.0; Win64; x64) AppleWebKit/537.36 (KHTML, like Gecko) Chrome/150.0.0.0 Safari/537.36"
156.232.88.6 - - [02/Aug/2026:09:31:03 -0400] "POST /wp-cron.php?doing_wp_cron=1785677462.8258130550384521484375 HTTP/1.1" 200 0 "-" "WordPress/7.0.2; https://mail.conypnu.com"
156.232.88.6 - - [02/Aug/2026:09:44:44 -0400] "POST /wp-cron.php?doing_wp_cron=1785678283.9830451011657714843750 HTTP/1.1" 200 0 "-" "WordPress/7.0.2; https://mail.conypnu.com"
23.21.62.45 - - [02/Aug/2026:09:44:36 -0400] "GET / HTTP/1.1" 200 12466 "-" "Mozilla/5.0 (Macintosh; Intel Mac OS X 10_15_7) AppleWebKit/537.36 (KHTML, like Gecko) Chrome/116.0.0.0 Safari/537.36"
212.80.9.235 - - [02/Aug/2026:10:29:32 -0400] "POST /xmlrpc.php HTTP/2" 403 787 "-" "Mozilla/5.0 (Windows NT 10.0; Win64; x64) AppleWebKit/537.36 (KHTML, like Gecko) Chrome/150.0.0.0 Safari/537.36"
198.38.94.67 - - [02/Aug/2026:10:38:52 -0400] "POST /xmlrpc.php HTTP/2" 403 787 "-" "Mozilla/5.0 (Windows NT 10.0; Win64; x64) AppleWebKit/537.36 (KHTML, like Gecko) Chrome/150.0.0.0 Safari/537.36"
192.185.131.136 - - [02/Aug/2026:10:45:37 -0400] "POST /xmlrpc.php HTTP/2" 403 787 "-" "Mozilla/5.0 (Windows NT 10.0; Win64; x64) AppleWebKit/537.36 (KHTML, like Gecko) Chrome/150.0.0.0 Safari/537.36"
192.250.235.30 - - [02/Aug/2026:10:39:57 -0400] "POST /xmlrpc.php HTTP/2" 403 787 "-" "Mozilla/5.0 (Windows NT 10.0; Win64; x64) AppleWebKit/537.36 (KHTML, like Gecko) Chrome/150.0.0.0 Safari/537.36"
212.80.9.235 - - [02/Aug/2026:10:55:05 -0400] "GET /wp-login.php HTTP/2" 200 1779 "-" "Mozilla/5.0 (Windows NT 10.0; Win64; x64) AppleWebKit/537.36 (KHTML, like Gecko) Chrome/150.0.0.0 Safari/537.36"
20.203.205.96 - - [02/Aug/2026:10:55:59 -0400] "GET /autodiscover/autodiscover.xml HTTP/1.1" 400 52 "-" "-"
20.203.205.96 - - [02/Aug/2026:10:56:00 -0400] "GET /autodiscover/autodiscover.xml HTTP/1.1" 400 52 "-" "-"
20.203.205.96 - - [02/Aug/2026:10:56:00 -0400] "GET /autodiscover/autodiscover.xml HTTP/1.1" 400 52 "-" "-"
20.203.205.96 - - [02/Aug/2026:10:56:00 -0400] "GET /autodiscover/autodiscover.xml HTTP/1.1" 400 52 "-" "-"
20.203.205.96 - - [02/Aug/2026:10:56:01 -0400] "GET /autodiscover/autodiscover.xml HTTP/1.1" 400 52 "-" "-"
20.203.205.96 - - [02/Aug/2026:10:56:01 -0400] "GET /autodiscover/autodiscover.xml HTTP/1.1" 400 52 "-" "-"
20.203.205.96 - - [02/Aug/2026:10:56:02 -0400] "GET /autodiscover/autodiscover.xml HTTP/1.1" 400 52 "-" "-"
20.203.205.96 - - [02/Aug/2026:10:56:02 -0400] "GET /autodiscover/autodiscover.xml HTTP/1.1" 400 52 "-" "-"
20.203.205.96 - - [02/Aug/2026:10:56:03 -0400] "GET /autodiscover/autodiscover.xml HTTP/1.1" 400 52 "-" "-"
20.203.205.96 - - [02/Aug/2026:10:56:03 -0400] "GET /autodiscover/autodiscover.xml HTTP/1.1" 400 52 "-" "-"
20.203.205.96 - - [02/Aug/2026:10:56:04 -0400] "GET /autodiscover/autodiscover.xml HTTP/1.1" 400 52 "-" "-"
156.232.88.6 - - [02/Aug/2026:10:50:55 -0400] "POST /wp-cron.php?doing_wp_cron=1785682255.6557209491729736328125 HTTP/1.1" 200 0 "-" "WordPress/7.0.2; https://mail.conypnu.com"
5.182.209.54 - - [02/Aug/2026:10:50:56 -0400] "POST /wp-login.php HTTP/2" 200 1929 "https://conypnu.com/wp-login.php" "Mozilla/5.0 (Windows NT 10.0; Win64; x64) AppleWebKit/537.36 (KHTML, like Gecko) Chrome/150.0.0.0 Safari/537.36"
212.80.9.235 - - [02/Aug/2026:10:55:07 -0400] "POST /wp-login.php HTTP/2" 200 1929 "https://conypnu.com.deconnect.com.ng/wp-login.php" "Mozilla/5.0 (Windows NT 10.0; Win64; x64) AppleWebKit/537.36 (KHTML, like Gecko) Chrome/150.0.0.0 Safari/537.36"
156.232.88.6 - - [02/Aug/2026:10:55:06 -0400] "POST /wp-cron.php?doing_wp_cron=1785682506.2991909980773925781250 HTTP/1.1" 200 0 "-" "WordPress/7.0.2; https://mail.conypnu.com"
5.182.209.54 - - [02/Aug/2026:10:50:54 -0400] "GET /wp-login.php HTTP/2" 200 1779 "-" "Mozilla/5.0 (Windows NT 10.0; Win64; x64) AppleWebKit/537.36 (KHTML, like Gecko) Chrome/150.0.0.0 Safari/537.36"
20.203.205.96 - - [02/Aug/2026:10:56:38 -0400] "GET /autodiscover/autodiscover.xml HTTP/1.1" 400 52 "-" "-"
20.203.205.96 - - [02/Aug/2026:10:56:38 -0400] "GET /autodiscover/autodiscover.xml HTTP/1.1" 400 52 "-" "-"
20.203.205.96 - - [02/Aug/2026:10:56:39 -0400] "GET /autodiscover/autodiscover.xml HTTP/1.1" 400 52 "-" "-"
20.203.205.96 - - [02/Aug/2026:10:56:39 -0400] "GET /autodiscover/autodiscover.xml HTTP/1.1" 400 52 "-" "-"
20.203.205.96 - - [02/Aug/2026:10:56:39 -0400] "GET /autodiscover/autodiscover.xml HTTP/1.1" 400 52 "-" "-"
20.203.205.96 - - [02/Aug/2026:10:56:40 -0400] "GET /autodiscover/autodiscover.xml HTTP/1.1" 400 52 "-" "-"
20.203.205.96 - - [02/Aug/2026:10:56:40 -0400] "GET /autodiscover/autodiscover.xml HTTP/1.1" 400 52 "-" "-"
20.203.205.96 - - [02/Aug/2026:10:56:41 -0400] "GET /autodiscover/autodiscover.xml HTTP/1.1" 400 52 "-" "-"
20.203.205.96 - - [02/Aug/2026:10:56:41 -0400] "GET /autodiscover/autodiscover.xml HTTP/1.1" 400 52 "-" "-"
20.203.205.96 - - [02/Aug/2026:10:56:44 -0400] "GET /autodiscover/autodiscover.xml HTTP/1.1" 400 52 "-" "-"
20.203.205.96 - - [02/Aug/2026:10:56:45 -0400] "GET /autodiscover/autodiscover.xml HTTP/1.1" 400 52 "-" "-"
20.203.205.96 - - [02/Aug/2026:10:56:45 -0400] "GET /autodiscover/autodiscover.xml HTTP/1.1" 400 52 "-" "-"
20.203.205.96 - - [02/Aug/2026:10:56:46 -0400] "GET /autodiscover/autodiscover.xml HTTP/1.1" 400 52 "-" "-"
20.203.205.96 - - [02/Aug/2026:10:56:46 -0400] "GET /autodiscover/autodiscover.xml HTTP/1.1" 400 52 "-" "-"
20.203.205.96 - - [02/Aug/2026:10:56:46 -0400] "GET /autodiscover/autodiscover.xml HTTP/1.1" 400 52 "-" "-"
20.203.205.96 - - [02/Aug/2026:10:56:47 -0400] "GET /autodiscover/autodiscover.xml HTTP/1.1" 400 52 "-" "-"
20.203.205.96 - - [02/Aug/2026:10:56:47 -0400] "GET /autodiscover/autodiscover.xml HTTP/1.1" 400 52 "-" "-"
20.203.205.96 - - [02/Aug/2026:10:56:48 -0400] "GET /autodiscover/autodiscover.xml HTTP/1.1" 400 52 "-" "-"
20.203.205.96 - - [02/Aug/2026:10:56:48 -0400] "GET /autodiscover/autodiscover.xml HTTP/1.1" 400 52 "-" "-"
20.203.205.96 - - [02/Aug/2026:10:56:48 -0400] "GET /autodiscover/autodiscover.xml HTTP/1.1" 400 52 "-" "-"
20.203.205.96 - - [02/Aug/2026:10:56:49 -0400] "GET /autodiscover/autodiscover.xml HTTP/1.1" 400 52 "-" "-"
20.203.205.96 - - [02/Aug/2026:10:56:49 -0400] "GET /autodiscover/autodiscover.xml HTTP/1.1" 400 52 "-" "-"
20.203.205.96 - - [02/Aug/2026:10:56:50 -0400] "GET /autodiscover/autodiscover.xml HTTP/1.1" 400 52 "-" "-"
20.203.205.96 - - [02/Aug/2026:10:56:50 -0400] "GET /autodiscover/autodiscover.xml HTTP/1.1" 400 52 "-" "-"
20.203.205.96 - - [02/Aug/2026:10:56:50 -0400] "GET /autodiscover/autodiscover.xml HTTP/1.1" 400 52 "-" "-"
87.236.176.45 - - [02/Aug/2026:11:09:43 -0400] "GET / HTTP/1.1" 200 12445 "-" "Mozilla/5.0 (compatible; InternetMeasurement/1.0; +https://internet-measurement.com/)"
160.250.130.168 - - [02/Aug/2026:11:18:29 -0400] "GET /wp-login.php HTTP/2" 200 1779 "-" "Mozilla/5.0 (Windows NT 10.0; Win64; x64) AppleWebKit/537.36 (KHTML, like Gecko) Chrome/150.0.0.0 Safari/537.36"
160.250.130.168 - - [02/Aug/2026:11:18:33 -0400] "POST /wp-login.php HTTP/2" 200 1923 "https://mail.conypnu.com/wp-login.php" "Mozilla/5.0 (Windows NT 10.0; Win64; x64) AppleWebKit/537.36 (KHTML, like Gecko) Chrome/150.0.0.0 Safari/537.36"
209.42.18.204 - - [02/Aug/2026:11:12:36 -0400] "POST /xmlrpc.php HTTP/2" 403 787 "-" "Mozilla/5.0 (Windows NT 10.0; Win64; x64) AppleWebKit/537.36 (KHTML, like Gecko) Chrome/150.0.0.0 Safari/537.36"
212.80.9.235 - - [02/Aug/2026:11:19:40 -0400] "POST /xmlrpc.php HTTP/2" 403 787 "-" "Mozilla/5.0 (Windows NT 10.0; Win64; x64) AppleWebKit/537.36 (KHTML, like Gecko) Chrome/150.0.0.0 Safari/537.36"
87.236.176.45 - - [02/Aug/2026:11:09:43 -0400] "GET /cpanelwebcall/displaybrand HTTP/1.1" 400 6199 "-" "Mozilla/5.0 (compatible; InternetMeasurement/1.0; +https://internet-measurement.com/)"
87.236.176.45 - - [02/Aug/2026:11:09:44 -0400] "GET /cgi/version.cgi HTTP/1.1" 404 3415 "-" "Mozilla/5.0 (compatible; InternetMeasurement/1.0; +https://internet-measurement.com/)"
156.232.88.6 - - [02/Aug/2026:11:18:15 -0400] "POST /wp-cron.php?doing_wp_cron=1785683895.0046041011810302734375 HTTP/1.1" 200 0 "-" "WordPress/7.0.2; https://mail.conypnu.com"
156.232.88.6 - - [02/Aug/2026:11:18:33 -0400] "POST /wp-cron.php?doing_wp_cron=1785683913.9242520332336425781250 HTTP/1.1" 200 0 "-" "WordPress/7.0.2; https://mail.conypnu.com"
160.250.130.168 - - [02/Aug/2026:11:18:14 -0400] "GET /wp-login.php HTTP/2" 200 1779 "-" "Mozilla/5.0 (Windows NT 10.0; Win64; x64) AppleWebKit/537.36 (KHTML, like Gecko) Chrome/150.0.0.0 Safari/537.36"
210.5.50.135 - - [02/Aug/2026:11:34:58 -0400] "GET /wp-login.php HTTP/2" 200 1779 "-" "Mozilla/5.0 (Windows NT 10.0; Win64; x64) AppleWebKit/537.36 (KHTML, like Gecko) Chrome/150.0.0.0 Safari/537.36"
210.5.50.135 - - [02/Aug/2026:11:35:00 -0400] "POST /wp-login.php HTTP/2" 200 1929 "https://conypnu.com.deconnect.com.ng/wp-login.php" "Mozilla/5.0 (Windows NT 10.0; Win64; x64) AppleWebKit/537.36 (KHTML, like Gecko) Chrome/150.0.0.0 Safari/537.36"
156.232.88.6 - - [02/Aug/2026:11:26:12 -0400] "POST /wp-cron.php?doing_wp_cron=1785684372.3056039810180664062500 HTTP/1.1" 200 0 "-" "WordPress/7.0.2; https://mail.conypnu.com"
209.74.74.2 - - [02/Aug/2026:11:26:11 -0400] "GET /wp-login.php HTTP/2" 200 1779 "-" "Mozilla/5.0 (Windows NT 10.0; Win64; x64) AppleWebKit/537.36 (KHTML, like Gecko) Chrome/150.0.0.0 Safari/537.36"
152.228.213.32 - - [02/Aug/2026:11:54:16 -0400] "POST /xmlrpc.php HTTP/2" 403 787 "-" "Mozilla/5.0 (Windows NT 10.0; Win64; x64) AppleWebKit/537.36 (KHTML, like Gecko) Chrome/150.0.0.0 Safari/537.36"
205.210.31.38 - - [02/Aug/2026:11:51:09 -0400] "GET / HTTP/1.1" 200 37613 "http://cpanel.conypnu.com/" "Hello from Palo Alto Networks, find out more about our scans in https://docs-cortex.paloaltonetworks.com/r/1/Cortex-Xpanse/Scanning-activity"
20.203.243.122 - - [02/Aug/2026:11:57:26 -0400] "GET /wp-content/plugins/hellopress/wp_filemanager.php HTTP/1.1" 401 36 "-" "-"
20.203.243.122 - - [02/Aug/2026:11:57:28 -0400] "GET /this_is_a_new_hello_world.php HTTP/1.1" 401 36 "-" "-"
20.203.243.122 - - [02/Aug/2026:11:57:29 -0400] "GET /err.php HTTP/1.1" 401 36 "-" "-"
20.203.243.122 - - [02/Aug/2026:11:57:29 -0400] "GET /img.php HTTP/1.1" 401 36 "-" "-"
20.203.243.122 - - [02/Aug/2026:11:57:29 -0400] "GET /aa.php HTTP/1.1" 401 36 "-" "-"
20.203.243.122 - - [02/Aug/2026:11:57:30 -0400] "GET /av.php HTTP/1.1" 401 36 "-" "-"
20.203.243.122 - - [02/Aug/2026:11:57:30 -0400] "GET /xa.php HTTP/1.1" 401 36 "-" "-"
20.203.243.122 - - [02/Aug/2026:11:57:30 -0400] "GET /media.php HTTP/1.1" 401 36 "-" "-"
20.203.243.122 - - [02/Aug/2026:11:57:31 -0400] "GET /images.php HTTP/1.1" 401 36 "-" "-"
20.203.243.122 - - [02/Aug/2026:11:57:31 -0400] "GET /xp.php HTTP/1.1" 401 36 "-" "-"
20.203.243.122 - - [02/Aug/2026:11:57:31 -0400] "GET /admin.php HTTP/1.1" 401 36 "-" "-"
20.203.243.122 - - [02/Aug/2026:11:57:32 -0400] "GET /222.php HTTP/1.1" 401 36 "-" "-"
20.203.243.122 - - [02/Aug/2026:11:57:32 -0400] "GET /mac.php HTTP/1.1" 401 36 "-" "-"
20.203.243.122 - - [02/Aug/2026:11:57:32 -0400] "GET /ops.php HTTP/1.1" 401 36 "-" "-"
20.203.243.122 - - [02/Aug/2026:11:57:32 -0400] "GET /8.php HTTP/1.1" 401 36 "-" "-"
20.203.243.122 - - [02/Aug/2026:11:57:33 -0400] "GET /biufile.php HTTP/1.1" 401 36 "-" "-"
20.203.243.122 - - [02/Aug/2026:11:57:33 -0400] "GET /coffexium.php HTTP/1.1" 401 36 "-" "-"
20.203.243.122 - - [02/Aug/2026:11:57:33 -0400] "GET /dex.php HTTP/1.1" 401 36 "-" "-"
20.203.243.122 - - [02/Aug/2026:11:57:34 -0400] "GET /1.php HTTP/1.1" 401 36 "-" "-"
20.203.243.122 - - [02/Aug/2026:11:57:34 -0400] "GET /coffee.php HTTP/1.1" 401 36 "-" "-"
20.203.243.122 - - [02/Aug/2026:11:57:34 -0400] "GET /classwithtostring.php HTTP/1.1" 401 36 "-" "-"
20.203.243.122 - - [02/Aug/2026:11:57:35 -0400] "GET /wp-ws68.php HTTP/1.1" 401 36 "-" "-"
20.203.243.122 - - [02/Aug/2026:11:57:35 -0400] "GET /mgrr.php HTTP/1.1" 401 36 "-" "-"
20.203.243.122 - - [02/Aug/2026:11:57:35 -0400] "GET /55.php HTTP/1.1" 401 36 "-" "-"
20.203.243.122 - - [02/Aug/2026:11:57:36 -0400] "GET /ajax.php HTTP/1.1" 401 36 "-" "-"
20.203.243.122 - - [02/Aug/2026:11:57:36 -0400] "GET /yj09.php HTTP/1.1" 401 36 "-" "-"
20.203.243.122 - - [02/Aug/2026:11:57:36 -0400] "GET /ora.php HTTP/1.1" 401 36 "-" "-"
20.203.243.122 - - [02/Aug/2026:11:57:37 -0400] "GET /scxy.php HTTP/1.1" 401 36 "-" "-"
20.203.243.122 - - [02/Aug/2026:11:57:37 -0400] "GET /ws13.php HTTP/1.1" 401 36 "-" "-"
20.203.243.122 - - [02/Aug/2026:11:57:37 -0400] "GET /btx25.php HTTP/1.1" 401 36 "-" "-"
20.203.243.122 - - [02/Aug/2026:11:57:38 -0400] "GET /xpohywjo.php HTTP/1.1" 401 36 "-" "-"
20.203.243.122 - - [02/Aug/2026:11:57:38 -0400] "GET /ecvvhlei.php HTTP/1.1" 401 36 "-" "-"
20.203.243.122 - - [02/Aug/2026:11:57:38 -0400] "GET /SDsadqwrf.php HTTP/1.1" 401 36 "-" "-"
20.203.243.122 - - [02/Aug/2026:11:57:39 -0400] "GET /ssjpxze.php HTTP/1.1" 401 36 "-" "-"
20.203.243.122 - - [02/Aug/2026:11:57:39 -0400] "GET /ors32envu.php HTTP/1.1" 401 36 "-" "-"
20.203.243.122 - - [02/Aug/2026:11:57:41 -0400] "GET /3PJcpMFsD8B.php HTTP/1.1" 401 36 "-" "-"
20.203.243.122 - - [02/Aug/2026:11:57:41 -0400] "GET /BDKR28WP.php HTTP/1.1" 401 36 "-" "-"
69.57.172.96 - - [02/Aug/2026:12:05:28 -0400] "GET /wp-login.php HTTP/2" 200 1779 "-" "Mozilla/5.0 (Windows NT 10.0; Win64; x64) AppleWebKit/537.36 (KHTML, like Gecko) Chrome/150.0.0.0 Safari/537.36"
156.232.88.6 - - [02/Aug/2026:12:05:30 -0400] "POST /wp-cron.php?doing_wp_cron=1785686730.1201159954071044921875 HTTP/1.1" 200 0 "-" "WordPress/7.0.2; https://mail.conypnu.com"
52.3.206.35 - - [02/Aug/2026:12:19:50 -0400] "GET / HTTP/1.1" 400 52 "-" "Mozilla/5.0 (Windows NT 10.0; Win64; x64; rv:140.0) Gecko/20100101 Firefox/140.0"
23.21.62.45 - - [02/Aug/2026:12:19:50 -0400] "GET / HTTP/1.1" 401 53 "-" "Mozilla/5.0 (Windows NT 10.0; Win64; x64) AppleWebKit/537.36 (KHTML, like Gecko) Chrome/133.0.0.0 Safari/537.36"
23.21.62.45 - - [02/Aug/2026:12:19:50 -0400] "GET / HTTP/1.1" 200 12446 "-" "Mozilla/5.0 (X11; Linux x86_64; rv:109.0) Gecko/20100101 Firefox/115.0"
54.211.2.94 - - [02/Aug/2026:12:19:50 -0400] "GET / HTTP/1.1" 200 12445 "-" "Mozilla/5.0 (X11; Linux x86_64) AppleWebKit/537.36 (KHTML, like Gecko) Chrome/131.0.0.0 Safari/537.36"
52.3.206.35 - - [02/Aug/2026:12:19:50 -0400] "GET / HTTP/1.1" 200 12454 "-" "Mozilla/5.0 (X11; Linux x86_64) AppleWebKit/537.36 (KHTML, like Gecko) Chrome/110.0.0.0 Safari/537.36"
156.232.88.6 - - [02/Aug/2026:12:19:51 -0400] "POST /wp-cron.php?doing_wp_cron=1785687591.5081040859222412109375 HTTP/1.1" 200 0 "-" "WordPress/7.0.2; https://mail.conypnu.com"
52.3.206.35 - - [02/Aug/2026:12:19:50 -0400] "GET / HTTP/1.1" 401 53 "-" "Mozilla/5.0 (X11; Linux x86_64) AppleWebKit/537.36 (KHTML, like Gecko) HeadlessChrome/136.0.0.0 Safari/537.36"
54.211.2.94 - - [02/Aug/2026:12:19:50 -0400] "GET / HTTP/1.1" 401 53 "-" "Mozilla/5.0 (Windows NT 10.0; Win64; x64) AppleWebKit/537.36 (KHTML, like Gecko) Chrome/109.0.0.0 Safari/537.36"
62.60.130.247 - - [02/Aug/2026:12:23:54 -0400] "GET /?rest_route=/ HTTP/1.1" 200 280731 "-" "Mozilla/5.0 (Windows NT 10.0; Win64; x64) AppleWebKit/537.36"
62.60.130.247 - - [02/Aug/2026:12:23:57 -0400] "GET / HTTP/1.1" 200 49634 "-" "Mozilla/5.0 (Windows NT 10.0; Win64; x64) AppleWebKit/537.36"
62.60.130.247 - - [02/Aug/2026:12:23:59 -0400] "GET /wp-json/ HTTP/1.1" 404 796 "-" "Mozilla/5.0 (Windows NT 10.0; Win64; x64) AppleWebKit/537.36"
62.60.130.247 - - [02/Aug/2026:12:23:59 -0400] "GET /?rest_route=/ HTTP/1.1" 200 280731 "-" "Mozilla/5.0 (Windows NT 10.0; Win64; x64) AppleWebKit/537.36"
156.232.88.6 - - [02/Aug/2026:12:23:56 -0400] "POST /wp-cron.php?doing_wp_cron=1785687836.2631371021270751953125 HTTP/1.1" 200 0 "-" "WordPress/7.0.2; https://mail.conypnu.com"
62.60.130.247 - - [02/Aug/2026:12:24:01 -0400] "POST /wp-json/batch/v1 HTTP/1.1" 404 796 "-" "Mozilla/5.0 (Windows NT 10.0; Win64; x64) AppleWebKit/537.36"
185.93.220.2 - - [02/Aug/2026:12:31:12 -0400] "GET /wp-login.php HTTP/2" 200 1779 "-" "Mozilla/5.0 (Windows NT 10.0; Win64; x64) AppleWebKit/537.36 (KHTML, like Gecko) Chrome/150.0.0.0 Safari/537.36"
156.232.88.6 - - [02/Aug/2026:12:31:13 -0400] "POST /wp-cron.php?doing_wp_cron=1785688273.6902139186859130859375 HTTP/1.1" 200 0 "-" "WordPress/7.0.2; https://mail.conypnu.com"
62.60.130.247 - - [02/Aug/2026:12:23:54 -0400] "GET /wp-json/ HTTP/1.1" 404 796 "-" "Mozilla/5.0 (Windows NT 10.0; Win64; x64) AppleWebKit/537.36"
185.93.220.2 - - [02/Aug/2026:12:31:14 -0400] "POST /wp-login.php HTTP/2" 200 1929 "https://conypnu.com/wp-login.php" "Mozilla/5.0 (Windows NT 10.0; Win64; x64) AppleWebKit/537.36 (KHTML, like Gecko) Chrome/150.0.0.0 Safari/537.36"
103.7.8.203 - - [02/Aug/2026:12:32:27 -0400] "POST /xmlrpc.php HTTP/2" 403 787 "-" "Mozilla/5.0 (Windows NT 10.0; Win64; x64) AppleWebKit/537.36 (KHTML, like Gecko) Chrome/150.0.0.0 Safari/537.36"
160.250.130.168 - - [02/Aug/2026:12:36:51 -0400] "POST /xmlrpc.php HTTP/2" 403 787 "-" "Mozilla/5.0 (Windows NT 10.0; Win64; x64) AppleWebKit/537.36 (KHTML, like Gecko) Chrome/150.0.0.0 Safari/537.36"
156.232.88.6 - - [02/Aug/2026:12:38:40 -0400] "POST /wp-cron.php?doing_wp_cron=1785688720.6804471015930175781250 HTTP/1.1" 200 0 "-" "WordPress/7.0.2; https://mail.conypnu.com"
157.66.26.183 - - [02/Aug/2026:12:38:45 -0400] "GET /wp-login.php HTTP/2" 200 1779 "-" "Mozilla/5.0 (Windows NT 10.0; Win64; x64) AppleWebKit/537.36 (KHTML, like Gecko) Chrome/150.0.0.0 Safari/537.36"
157.66.26.183 - - [02/Aug/2026:12:38:46 -0400] "POST /wp-login.php HTTP/2" 200 1933 "https://mail.conypnu.com/wp-login.php" "Mozilla/5.0 (Windows NT 10.0; Win64; x64) AppleWebKit/537.36 (KHTML, like Gecko) Chrome/150.0.0.0 Safari/537.36"
157.66.26.183 - - [02/Aug/2026:12:38:39 -0400] "GET /wp-login.php HTTP/2" 200 1779 "-" "Mozilla/5.0 (Windows NT 10.0; Win64; x64) AppleWebKit/537.36 (KHTML, like Gecko) Chrome/150.0.0.0 Safari/537.36"
103.7.8.203 - - [02/Aug/2026:12:52:44 -0400] "POST /xmlrpc.php HTTP/2" 403 787 "-" "Mozilla/5.0 (Windows NT 10.0; Win64; x64) AppleWebKit/537.36 (KHTML, like Gecko) Chrome/150.0.0.0 Safari/537.36"
185.115.217.185 - - [02/Aug/2026:12:47:04 -0400] "POST /xmlrpc.php HTTP/2" 403 787 "-" "Mozilla/5.0 (Windows NT 10.0; Win64; x64) AppleWebKit/537.36 (KHTML, like Gecko) Chrome/150.0.0.0 Safari/537.36"
156.232.88.6 - - [02/Aug/2026:12:59:19 -0400] "POST /wp-cron.php?doing_wp_cron=1785689959.3650190830230712890625 HTTP/1.1" 200 0 "-" "WordPress/7.0.2; https://mail.conypnu.com"
159.89.87.76 - - [02/Aug/2026:12:59:17 -0400] "GET /wp-login.php HTTP/2" 200 1779 "-" "Mozilla/5.0 (Windows NT 10.0; Win64; x64) AppleWebKit/537.36 (KHTML, like Gecko) Chrome/150.0.0.0 Safari/537.36"
185.95.156.16 - - [02/Aug/2026:13:20:19 -0400] "POST /wp-login.php HTTP/2" 200 1929 "https://conypnu.com/wp-login.php" "Mozilla/5.0 (Windows NT 10.0; Win64; x64) AppleWebKit/537.36 (KHTML, like Gecko) Chrome/150.0.0.0 Safari/537.36"
156.232.88.6 - - [02/Aug/2026:13:20:19 -0400] "POST /wp-cron.php?doing_wp_cron=1785691219.0666959285736083984375 HTTP/1.1" 200 0 "-" "WordPress/7.0.2; https://mail.conypnu.com"
185.95.156.16 - - [02/Aug/2026:13:20:17 -0400] "GET /wp-login.php HTTP/2" 200 1779 "-" "Mozilla/5.0 (Windows NT 10.0; Win64; x64) AppleWebKit/537.36 (KHTML, like Gecko) Chrome/150.0.0.0 Safari/537.36"
91.134.248.230 - - [02/Aug/2026:13:32:51 -0400] "POST /xmlrpc.php HTTP/2" 403 787 "-" "Mozilla/5.0 (Windows NT 10.0; Win64; x64) AppleWebKit/537.36 (KHTML, like Gecko) Chrome/150.0.0.0 Safari/537.36"
192.185.131.136 - - [02/Aug/2026:13:45:06 -0400] "GET /wp-login.php HTTP/2" 200 1779 "-" "Mozilla/5.0 (Windows NT 10.0; Win64; x64) AppleWebKit/537.36 (KHTML, like Gecko) Chrome/150.0.0.0 Safari/537.36"
192.185.131.136 - - [02/Aug/2026:13:45:07 -0400] "POST /wp-login.php HTTP/2" 200 1923 "https://mail.conypnu.com/wp-login.php" "Mozilla/5.0 (Windows NT 10.0; Win64; x64) AppleWebKit/537.36 (KHTML, like Gecko) Chrome/150.0.0.0 Safari/537.36"
192.185.131.136 - - [02/Aug/2026:13:44:42 -0400] "GET /wp-login.php HTTP/2" 200 1779 "-" "Mozilla/5.0 (Windows NT 10.0; Win64; x64) AppleWebKit/537.36 (KHTML, like Gecko) Chrome/150.0.0.0 Safari/537.36"
156.232.88.6 - - [02/Aug/2026:13:44:43 -0400] "POST /wp-cron.php?doing_wp_cron=1785692683.1423521041870117187500 HTTP/1.1" 200 0 "-" "WordPress/7.0.2; https://mail.conypnu.com"
192.185.131.136 - - [02/Aug/2026:13:48:24 -0400] "GET /wp-login.php HTTP/2" 200 1779 "-" "Mozilla/5.0 (Windows NT 10.0; Win64; x64) AppleWebKit/537.36 (KHTML, like Gecko) Chrome/150.0.0.0 Safari/537.36"
156.232.88.6 - - [02/Aug/2026:13:48:57 -0400] "POST /wp-cron.php?doing_wp_cron=1785692936.3342669010162353515625 HTTP/1.1" 200 0 "-" "WordPress/7.0.2; https://mail.conypnu.com"
154.38.175.180 - - [02/Aug/2026:13:50:08 -0400] "POST /xmlrpc.php HTTP/2" 403 787 "-" "Mozilla/5.0 (Windows NT 10.0; Win64; x64) AppleWebKit/537.36 (KHTML, like Gecko) Chrome/150.0.0.0 Safari/537.36"
156.232.88.6 - - [02/Aug/2026:13:48:25 -0400] "POST /wp-cron.php?doing_wp_cron=1785692905.0341429710388183593750 HTTP/1.1" 200 0 "-" "WordPress/7.0.2; https://mail.conypnu.com"
192.185.131.136 - - [02/Aug/2026:13:48:55 -0400] "GET /wp-login.php HTTP/2" 200 1779 "-" "Mozilla/5.0 (Windows NT 10.0; Win64; x64) AppleWebKit/537.36 (KHTML, like Gecko) Chrome/150.0.0.0 Safari/537.36"
192.185.131.136 - - [02/Aug/2026:13:48:57 -0400] "POST /wp-login.php HTTP/2" 200 1933 "https://mail.conypnu.com/wp-login.php" "Mozilla/5.0 (Windows NT 10.0; Win64; x64) AppleWebKit/537.36 (KHTML, like Gecko) Chrome/150.0.0.0 Safari/537.36"
104.244.79.40 - - [02/Aug/2026:14:07:04 -0400] "GET /wp-login.php HTTP/2" 200 1779 "-" "Mozilla/5.0 (Windows NT 10.0; Win64; x64) AppleWebKit/537.36 (KHTML, like Gecko) Chrome/150.0.0.0 Safari/537.36"
156.232.88.6 - - [02/Aug/2026:14:07:06 -0400] "POST /wp-cron.php?doing_wp_cron=1785694025.6650528907775878906250 HTTP/1.1" 200 0 "-" "WordPress/7.0.2; https://mail.conypnu.com"
195.26.253.119 - - [02/Aug/2026:14:19:58 -0400] "GET /wp-login.php HTTP/2" 200 1779 "-" "Mozilla/5.0 (Windows NT 10.0; Win64; x64) AppleWebKit/537.36 (KHTML, like Gecko) Chrome/150.0.0.0 Safari/537.36"
209.42.18.204 - - [02/Aug/2026:14:20:02 -0400] "GET /wp-login.php HTTP/2" 200 1779 "-" "Mozilla/5.0 (Windows NT 10.0; Win64; x64) AppleWebKit/537.36 (KHTML, like Gecko) Chrome/150.0.0.0 Safari/537.36"
156.232.88.6 - - [02/Aug/2026:14:16:04 -0400] "POST /wp-cron.php?doing_wp_cron=1785694564.1580519676208496093750 HTTP/1.1" 200 0 "-" "WordPress/7.0.2; https://mail.conypnu.com"
209.42.18.204 - - [02/Aug/2026:14:20:08 -0400] "GET /wp-login.php HTTP/2" 200 1779 "-" "Mozilla/5.0 (Windows NT 10.0; Win64; x64) AppleWebKit/537.36 (KHTML, like Gecko) Chrome/150.0.0.0 Safari/537.36"
209.42.18.204 - - [02/Aug/2026:14:20:10 -0400] "POST /wp-login.php HTTP/2" 200 1933 "https://mail.conypnu.com/wp-login.php" "Mozilla/5.0 (Windows NT 10.0; Win64; x64) AppleWebKit/537.36 (KHTML, like Gecko) Chrome/150.0.0.0 Safari/537.36"
77.95.113.183 - - [02/Aug/2026:14:16:03 -0400] "GET /wp-login.php HTTP/2" 200 1779 "-" "Mozilla/5.0 (Windows NT 10.0; Win64; x64) AppleWebKit/537.36 (KHTML, like Gecko) Chrome/150.0.0.0 Safari/537.36"
104.244.79.40 - - [02/Aug/2026:14:07:08 -0400] "POST /wp-login.php HTTP/2" 200 1929 "https://conypnu.com/wp-login.php" "Mozilla/5.0 (Windows NT 10.0; Win64; x64) AppleWebKit/537.36 (KHTML, like Gecko) Chrome/150.0.0.0 Safari/537.36"
156.232.88.6 - - [02/Aug/2026:14:09:17 -0400] "POST /wp-cron.php?doing_wp_cron=1785694157.6203129291534423828125 HTTP/1.1" 200 0 "-" "WordPress/7.0.2; https://mail.conypnu.com"
180.153.236.167 - - [02/Aug/2026:14:09:13 -0400] "GET / HTTP/2" 200 12466 "https://conypnu.com/" "Mozilla/5.0 (Windows NT 10.0; Win64; x64) AppleWebKit/537.36 (KHTML, like Gecko) Chrome/140.0.0.0 Safari/537.36 Edg/140.0.0.0; 360Spider"
77.95.113.183 - - [02/Aug/2026:14:16:20 -0400] "GET /wp-login.php HTTP/2" 200 1779 "-" "Mozilla/5.0 (Windows NT 10.0; Win64; x64) AppleWebKit/537.36 (KHTML, like Gecko) Chrome/150.0.0.0 Safari/537.36"
77.95.113.183 - - [02/Aug/2026:14:16:21 -0400] "POST /wp-login.php HTTP/2" 200 1923 "https://mail.conypnu.com/wp-login.php" "Mozilla/5.0 (Windows NT 10.0; Win64; x64) AppleWebKit/537.36 (KHTML, like Gecko) Chrome/150.0.0.0 Safari/537.36"
156.232.88.6 - - [02/Aug/2026:14:20:00 -0400] "POST /wp-cron.php?doing_wp_cron=1785694799.8356680870056152343750 HTTP/1.1" 200 0 "-" "WordPress/7.0.2; https://mail.conypnu.com"
156.232.88.6 - - [02/Aug/2026:14:20:36 -0400] "POST /wp-cron.php?doing_wp_cron=1785694836.3218460083007812500000 HTTP/1.1" 200 0 "-" "WordPress/7.0.2; https://mail.conypnu.com"
195.26.253.119 - - [02/Aug/2026:14:20:35 -0400] "GET /wp-login.php HTTP/2" 200 1779 "-" "Mozilla/5.0 (Windows NT 10.0; Win64; x64) AppleWebKit/537.36 (KHTML, like Gecko) Chrome/150.0.0.0 Safari/537.36"
195.26.253.119 - - [02/Aug/2026:14:20:36 -0400] "POST /wp-login.php HTTP/2" 200 1933 "https://mail.conypnu.com/wp-login.php" "Mozilla/5.0 (Windows NT 10.0; Win64; x64) AppleWebKit/537.36 (KHTML, like Gecko) Chrome/150.0.0.0 Safari/537.36"
209.42.22.206 - - [02/Aug/2026:14:20:29 -0400] "POST /xmlrpc.php HTTP/2" 403 787 "-" "Mozilla/5.0 (Windows NT 10.0; Win64; x64) AppleWebKit/537.36 (KHTML, like Gecko) Chrome/150.0.0.0 Safari/537.36"
103.74.116.239 - - [02/Aug/2026:14:44:05 -0400] "POST /xmlrpc.php HTTP/2" 403 787 "-" "Mozilla/5.0 (Windows NT 10.0; Win64; x64) AppleWebKit/537.36 (KHTML, like Gecko) Chrome/150.0.0.0 Safari/537.36"
156.232.88.6 - - [02/Aug/2026:14:55:30 -0400] "POST /wp-cron.php?doing_wp_cron=1785696929.5926210880279541015625 HTTP/1.1" 200 0 "-" "WordPress/7.0.2; https://mail.conypnu.com"
45.92.108.143 - - [02/Aug/2026:14:55:27 -0400] "GET /wp-login.php HTTP/2" 200 1779 "-" "Mozilla/5.0 (Windows NT 10.0; Win64; x64) AppleWebKit/537.36 (KHTML, like Gecko) Chrome/150.0.0.0 Safari/537.36"
45.92.108.143 - - [02/Aug/2026:14:55:30 -0400] "POST /wp-login.php HTTP/2" 200 1929 "https://conypnu.com/wp-login.php" "Mozilla/5.0 (Windows NT 10.0; Win64; x64) AppleWebKit/537.36 (KHTML, like Gecko) Chrome/150.0.0.0 Safari/537.36"
138.68.158.60 - - [02/Aug/2026:14:59:28 -0400] "POST /xmlrpc.php HTTP/2" 403 787 "-" "Mozilla/5.0 (Windows NT 10.0; Win64; x64) AppleWebKit/537.36 (KHTML, like Gecko) Chrome/150.0.0.0 Safari/537.36"
194.164.192.228 - - [02/Aug/2026:15:27:46 -0400] "POST /xmlrpc.php HTTP/2" 403 787 "-" "Mozilla/5.0 (Windows NT 10.0; Win64; x64) AppleWebKit/537.36 (KHTML, like Gecko) Chrome/150.0.0.0 Safari/537.36"
103.75.185.95 - - [02/Aug/2026:15:23:26 -0400] "GET /wp-login.php HTTP/2" 200 1779 "-" "Mozilla/5.0 (Windows NT 10.0; Win64; x64) AppleWebKit/537.36 (KHTML, like Gecko) Chrome/150.0.0.0 Safari/537.36"
184.168.126.180 - - [02/Aug/2026:15:31:13 -0400] "POST /xmlrpc.php HTTP/2" 403 787 "-" "Mozilla/5.0 (Windows NT 10.0; Win64; x64) AppleWebKit/537.36 (KHTML, like Gecko) Chrome/150.0.0.0 Safari/537.36"
159.89.87.76 - - [02/Aug/2026:15:22:28 -0400] "POST /xmlrpc.php HTTP/2" 403 787 "-" "Mozilla/5.0 (Windows NT 10.0; Win64; x64) AppleWebKit/537.36 (KHTML, like Gecko) Chrome/150.0.0.0 Safari/537.36"
103.75.185.95 - - [02/Aug/2026:15:23:29 -0400] "POST /wp-login.php HTTP/2" 200 1929 "https://conypnu.com.deconnect.com.ng/wp-login.php" "Mozilla/5.0 (Windows NT 10.0; Win64; x64) AppleWebKit/537.36 (KHTML, like Gecko) Chrome/150.0.0.0 Safari/537.36"
156.232.88.6 - - [02/Aug/2026:15:23:27 -0400] "POST /wp-cron.php?doing_wp_cron=1785698607.4574050903320312500000 HTTP/1.1" 200 0 "-" "WordPress/7.0.2; https://mail.conypnu.com"
156.232.88.6 - - [02/Aug/2026:15:37:36 -0400] "POST /wp-cron.php?doing_wp_cron=1785699456.8425819873809814453125 HTTP/1.1" 200 0 "-" "WordPress/7.0.2; https://mail.conypnu.com"
103.75.185.95 - - [02/Aug/2026:15:37:36 -0400] "GET /wp-login.php HTTP/2" 200 1779 "-" "Mozilla/5.0 (Windows NT 10.0; Win64; x64) AppleWebKit/537.36 (KHTML, like Gecko) Chrome/150.0.0.0 Safari/537.36"
103.75.185.95 - - [02/Aug/2026:15:37:39 -0400] "POST /wp-login.php HTTP/2" 200 1929 "https://conypnu.com/wp-login.php" "Mozilla/5.0 (Windows NT 10.0; Win64; x64) AppleWebKit/537.36 (KHTML, like Gecko) Chrome/150.0.0.0 Safari/537.36"
69.57.172.212 - - [02/Aug/2026:16:04:53 -0400] "POST /xmlrpc.php HTTP/2" 403 787 "-" "Mozilla/5.0 (Windows NT 10.0; Win64; x64) AppleWebKit/537.36 (KHTML, like Gecko) Chrome/150.0.0.0 Safari/537.36"
35.198.215.73 - - [02/Aug/2026:16:21:52 -0400] "GET /wp-config.php.bak HTTP/1.1" 404 796 "-" "crusader-worker/1.0"
35.198.215.73 - - [02/Aug/2026:16:21:52 -0400] "GET /.env HTTP/1.1" 404 796 "-" "crusader-worker/1.0"
35.198.215.73 - - [02/Aug/2026:16:21:52 -0400] "GET /_ignition/health-check HTTP/1.1" 404 796 "-" "crusader-worker/1.0"
35.198.215.73 - - [02/Aug/2026:16:21:52 -0400] "GET /.env.bak HTTP/1.1" 404 796 "-" "crusader-worker/1.0"
35.198.215.73 - - [02/Aug/2026:16:21:52 -0400] "GET /env HTTP/1.1" 404 796 "-" "crusader-worker/1.0"
192.250.239.107 - - [02/Aug/2026:16:19:15 -0400] "GET /wp-login.php HTTP/2" 200 1779 "-" "Mozilla/5.0 (Windows NT 10.0; Win64; x64) AppleWebKit/537.36 (KHTML, like Gecko) Chrome/150.0.0.0 Safari/537.36"
35.198.215.73 - - [02/Aug/2026:16:21:52 -0400] "GET /.env.save HTTP/1.1" 404 796 "-" "crusader-worker/1.0"
156.232.88.6 - - [02/Aug/2026:16:19:34 -0400] "POST /wp-cron.php?doing_wp_cron=1785701974.6989459991455078125000 HTTP/1.1" 200 0 "-" "WordPress/7.0.2; https://mail.conypnu.com"
35.198.215.73 - - [02/Aug/2026:16:21:52 -0400] "GET /actuator/env HTTP/1.1" 404 796 "-" "crusader-worker/1.0"
35.198.215.73 - - [02/Aug/2026:16:21:52 -0400] "GET /.env.dev HTTP/1.1" 404 796 "-" "crusader-worker/1.0"
35.198.215.73 - - [02/Aug/2026:16:21:52 -0400] "GET /storage/logs/laravel.log HTTP/1.1" 404 796 "-" "crusader-worker/1.0"
35.198.215.73 - - [02/Aug/2026:16:21:52 -0400] "GET /.env.backup HTTP/1.1" 404 796 "-" "crusader-worker/1.0"
35.198.215.73 - - [02/Aug/2026:16:21:52 -0400] "GET /actuator/configprops HTTP/1.1" 404 796 "-" "crusader-worker/1.0"
35.198.215.73 - - [02/Aug/2026:16:21:52 -0400] "GET /wp-config.php.swp HTTP/1.1" 404 796 "-" "crusader-worker/1.0"
35.198.215.73 - - [02/Aug/2026:16:21:52 -0400] "GET /.env.local HTTP/1.1" 404 796 "-" "crusader-worker/1.0"
35.198.215.73 - - [02/Aug/2026:16:21:52 -0400] "GET /.env.old HTTP/1.1" 404 796 "-" "crusader-worker/1.0"
192.250.239.107 - - [02/Aug/2026:16:19:34 -0400] "GET /wp-login.php HTTP/2" 200 1779 "-" "Mozilla/5.0 (Windows NT 10.0; Win64; x64) AppleWebKit/537.36 (KHTML, like Gecko) Chrome/150.0.0.0 Safari/537.36"
192.250.239.107 - - [02/Aug/2026:16:19:34 -0400] "POST /wp-login.php HTTP/2" 200 1933 "https://mail.conypnu.com/wp-login.php" "Mozilla/5.0 (Windows NT 10.0; Win64; x64) AppleWebKit/537.36 (KHTML, like Gecko) Chrome/150.0.0.0 Safari/537.36"
35.198.215.73 - - [02/Aug/2026:16:21:52 -0400] "GET /.env.production HTTP/1.1" 404 796 "-" "crusader-worker/1.0"
35.198.215.73 - - [02/Aug/2026:16:21:52 -0400] "GET /.env.prod HTTP/1.1" 404 796 "-" "crusader-worker/1.0"
35.198.215.73 - - [02/Aug/2026:16:21:52 -0400] "GET /crusader-404-probe HTTP/1.1" 404 796 "-" "crusader-worker/1.0"
35.198.215.73 - - [02/Aug/2026:16:21:52 -0400] "GET /.env.example HTTP/1.1" 404 796 "-" "crusader-worker/1.0"
35.198.215.73 - - [02/Aug/2026:16:21:52 -0400] "GET /wp-config.php~ HTTP/1.1" 404 796 "-" "crusader-worker/1.0"
34.94.33.230 - - [02/Aug/2026:16:41:10 -0400] "GET /storage/logs/laravel.log HTTP/1.1" 404 796 "-" "crusader-worker/1.0"
34.94.33.230 - - [02/Aug/2026:16:41:10 -0400] "GET /actuator/env HTTP/1.1" 404 796 "-" "crusader-worker/1.0"
34.94.33.230 - - [02/Aug/2026:16:41:10 -0400] "GET /.env.prod HTTP/1.1" 404 796 "-" "crusader-worker/1.0"
34.94.33.230 - - [02/Aug/2026:16:41:10 -0400] "GET /wp-config.php.bak HTTP/1.1" 404 796 "-" "crusader-worker/1.0"
34.94.33.230 - - [02/Aug/2026:16:41:10 -0400] "GET /.env.backup HTTP/1.1" 404 796 "-" "crusader-worker/1.0"
34.94.33.230 - - [02/Aug/2026:16:41:10 -0400] "GET /.env.example HTTP/1.1" 404 796 "-" "crusader-worker/1.0"
34.94.33.230 - - [02/Aug/2026:16:41:10 -0400] "GET /.env.bak HTTP/1.1" 404 796 "-" "crusader-worker/1.0"
34.94.33.230 - - [02/Aug/2026:16:41:10 -0400] "GET /_ignition/health-check HTTP/1.1" 404 796 "-" "crusader-worker/1.0"
34.94.33.230 - - [02/Aug/2026:16:41:10 -0400] "GET /wp-config.php.swp HTTP/1.1" 404 796 "-" "crusader-worker/1.0"
34.94.33.230 - - [02/Aug/2026:16:41:10 -0400] "GET /.env.old HTTP/1.1" 404 796 "-" "crusader-worker/1.0"
34.94.33.230 - - [02/Aug/2026:16:41:10 -0400] "GET /actuator/configprops HTTP/1.1" 404 796 "-" "crusader-worker/1.0"
34.94.33.230 - - [02/Aug/2026:16:41:10 -0400] "GET /.env HTTP/1.1" 404 796 "-" "crusader-worker/1.0"
34.94.33.230 - - [02/Aug/2026:16:41:10 -0400] "GET /wp-config.php~ HTTP/1.1" 404 796 "-" "crusader-worker/1.0"
34.94.33.230 - - [02/Aug/2026:16:41:10 -0400] "GET /.env.production HTTP/1.1" 404 796 "-" "crusader-worker/1.0"
34.94.33.230 - - [02/Aug/2026:16:41:10 -0400] "GET /.env.dev HTTP/1.1" 404 796 "-" "crusader-worker/1.0"
34.94.33.230 - - [02/Aug/2026:16:41:10 -0400] "GET /env HTTP/1.1" 404 796 "-" "crusader-worker/1.0"
34.94.33.230 - - [02/Aug/2026:16:41:10 -0400] "GET /.env.local HTTP/1.1" 404 796 "-" "crusader-worker/1.0"
34.94.33.230 - - [02/Aug/2026:16:41:10 -0400] "GET /.env.save HTTP/1.1" 404 796 "-" "crusader-worker/1.0"
34.94.33.230 - - [02/Aug/2026:16:41:10 -0400] "GET /crusader-404-probe HTTP/1.1" 404 796 "-" "crusader-worker/1.0"
184.168.126.180 - - [02/Aug/2026:16:48:38 -0400] "POST /wp-login.php HTTP/2" 200 1929 "https://conypnu.com.deconnect.com.ng/wp-login.php" "Mozilla/5.0 (Windows NT 10.0; Win64; x64) AppleWebKit/537.36 (KHTML, like Gecko) Chrome/150.0.0.0 Safari/537.36"
156.232.88.6 - - [02/Aug/2026:16:48:37 -0400] "POST /wp-cron.php?doing_wp_cron=1785703717.2593970298767089843750 HTTP/1.1" 200 0 "-" "WordPress/7.0.2; https://mail.conypnu.com"
184.168.126.180 - - [02/Aug/2026:16:48:36 -0400] "GET /wp-login.php HTTP/2" 200 1779 "-" "Mozilla/5.0 (Windows NT 10.0; Win64; x64) AppleWebKit/537.36 (KHTML, like Gecko) Chrome/150.0.0.0 Safari/537.36"
85.208.96.212 - - [02/Aug/2026:17:01:49 -0400] "GET /sitemap.xml HTTP/1.1" 404 796 "-" "Mozilla/5.0 (compatible; SemrushBot/7~bl; +http://www.semrush.com/bot.html)"
185.191.171.1 - - [02/Aug/2026:17:01:43 -0400] "GET /robots.txt HTTP/1.1" 404 796 "-" "Mozilla/5.0 (compatible; SemrushBot/7~bl; +http://www.semrush.com/bot.html)"
185.191.171.7 - - [02/Aug/2026:17:01:43 -0400] "GET /cgi-sys/suspendedpage.cgi HTTP/1.1" 200 1721 "-" "Mozilla/5.0 (compatible; SemrushBot/7~bl; +http://www.semrush.com/bot.html)"
37.27.51.131 - - [02/Aug/2026:17:14:48 -0400] "GET /robots.txt HTTP/1.1" 404 796 "-" "Mozilla/5.0 (compatible; SERankingBacklinksBot/1.0; +https://seranking.com/backlinks-crawler)"
156.232.88.6 - - [02/Aug/2026:17:14:50 -0400] "POST /wp-cron.php?doing_wp_cron=1785705290.0004239082336425781250 HTTP/1.1" 200 0 "-" "WordPress/7.0.2; https://mail.conypnu.com"
156.232.88.6 - - [02/Aug/2026:17:11:07 -0400] "POST /wp-cron.php?doing_wp_cron=1785705067.5304710865020751953125 HTTP/1.1" 200 0 "-" "WordPress/7.0.2; https://mail.conypnu.com"
37.27.51.131 - - [02/Aug/2026:17:14:49 -0400] "GET / HTTP/1.1" 200 12466 "-" "Mozilla/5.0 (compatible; SERankingBacklinksBot/1.0; +https://seranking.com/backlinks-crawler)"
160.191.139.115 - - [02/Aug/2026:17:11:06 -0400] "GET /wp-login.php HTTP/2" 200 1779 "-" "Mozilla/5.0 (Windows NT 10.0; Win64; x64) AppleWebKit/537.36 (KHTML, like Gecko) Chrome/120.0.0.0 Safari/537.36"
104.244.79.40 - - [02/Aug/2026:17:20:16 -0400] "POST /xmlrpc.php HTTP/2" 403 787 "-" "Mozilla/5.0 (Windows NT 10.0; Win64; x64) AppleWebKit/537.36 (KHTML, like Gecko) Chrome/150.0.0.0 Safari/537.36"
160.191.139.115 - - [02/Aug/2026:17:11:08 -0400] "GET /wp-login.php HTTP/2" 200 1779 "-" "Mozilla/5.0 (Windows NT 10.0; Win64; x64) AppleWebKit/537.36 (KHTML, like Gecko) Chrome/120.0.0.0 Safari/537.36"
160.191.139.115 - - [02/Aug/2026:17:11:09 -0400] "POST /wp-login.php HTTP/2" 200 1923 "https://mail.conypnu.com/wp-login.php" "Mozilla/5.0 (Windows NT 10.0; Win64; x64) AppleWebKit/537.36 (KHTML, like Gecko) Chrome/120.0.0.0 Safari/537.36"
198.38.94.67 - - [02/Aug/2026:17:23:52 -0400] "POST /xmlrpc.php HTTP/2" 403 787 "-" "Mozilla/5.0 (Windows NT 10.0; Win64; x64) AppleWebKit/537.36 (KHTML, like Gecko) Chrome/150.0.0.0 Safari/537.36"
190.92.174.188 - - [02/Aug/2026:17:30:30 -0400] "POST /xmlrpc.php HTTP/2" 403 787 "-" "Mozilla/5.0 (Windows NT 10.0; Win64; x64) AppleWebKit/537.36 (KHTML, like Gecko) Chrome/150.0.0.0 Safari/537.36"
20.203.243.122 - - [02/Aug/2026:17:37:08 -0400] "GET /wp-content/plugins/hellopress/wp_filemanager.php HTTP/1.1" 404 5749 "-" "-"
20.203.243.122 - - [02/Aug/2026:17:37:08 -0400] "GET /this_is_a_new_hello_world.php HTTP/1.1" 404 5749 "-" "-"
20.203.243.122 - - [02/Aug/2026:17:37:09 -0400] "GET /err.php HTTP/1.1" 404 5749 "-" "-"
20.203.243.122 - - [02/Aug/2026:17:37:09 -0400] "GET /img.php HTTP/1.1" 404 5749 "-" "-"
20.203.243.122 - - [02/Aug/2026:17:37:09 -0400] "GET /aa.php HTTP/1.1" 404 5749 "-" "-"
20.203.243.122 - - [02/Aug/2026:17:37:10 -0400] "GET /av.php HTTP/1.1" 404 5749 "-" "-"
20.203.243.122 - - [02/Aug/2026:17:37:10 -0400] "GET /xa.php HTTP/1.1" 404 5749 "-" "-"
20.203.243.122 - - [02/Aug/2026:17:37:11 -0400] "GET /media.php HTTP/1.1" 404 5749 "-" "-"
20.203.243.122 - - [02/Aug/2026:17:37:11 -0400] "GET /images.php HTTP/1.1" 404 5749 "-" "-"
20.203.243.122 - - [02/Aug/2026:17:37:11 -0400] "GET /xp.php HTTP/1.1" 404 5749 "-" "-"
20.203.243.122 - - [02/Aug/2026:17:37:12 -0400] "GET /admin.php HTTP/1.1" 404 5749 "-" "-"
20.203.243.122 - - [02/Aug/2026:17:37:12 -0400] "GET /222.php HTTP/1.1" 404 5749 "-" "-"
20.203.243.122 - - [02/Aug/2026:17:37:12 -0400] "GET /mac.php HTTP/1.1" 404 5749 "-" "-"
20.203.243.122 - - [02/Aug/2026:17:37:12 -0400] "GET /ops.php HTTP/1.1" 404 5749 "-" "-"
20.203.243.122 - - [02/Aug/2026:17:37:13 -0400] "GET /8.php HTTP/1.1" 404 5749 "-" "-"
20.203.243.122 - - [02/Aug/2026:17:37:13 -0400] "GET /biufile.php HTTP/1.1" 404 5749 "-" "-"
20.203.243.122 - - [02/Aug/2026:17:37:13 -0400] "GET /coffexium.php HTTP/1.1" 404 5749 "-" "-"
20.203.243.122 - - [02/Aug/2026:17:37:14 -0400] "GET /dex.php HTTP/1.1" 404 5749 "-" "-"
20.203.243.122 - - [02/Aug/2026:17:37:14 -0400] "GET /1.php HTTP/1.1" 404 5749 "-" "-"
20.203.243.122 - - [02/Aug/2026:17:37:14 -0400] "GET /coffee.php HTTP/1.1" 404 5749 "-" "-"
20.203.243.122 - - [02/Aug/2026:17:37:14 -0400] "GET /classwithtostring.php?p= HTTP/1.1" 404 5749 "-" "-"
20.203.243.122 - - [02/Aug/2026:17:37:15 -0400] "GET /wp-ws68.php?p= HTTP/1.1" 404 5749 "-" "-"
20.203.243.122 - - [02/Aug/2026:17:37:15 -0400] "GET /mgrr.php HTTP/1.1" 404 5749 "-" "-"
20.203.243.122 - - [02/Aug/2026:17:37:16 -0400] "GET /55.php?p= HTTP/1.1" 404 5749 "-" "-"
20.203.243.122 - - [02/Aug/2026:17:37:16 -0400] "GET /ajax.php HTTP/1.1" 404 5749 "-" "-"
20.203.243.122 - - [02/Aug/2026:17:37:16 -0400] "GET /yj09.php HTTP/1.1" 404 5749 "-" "-"
20.203.243.122 - - [02/Aug/2026:17:37:17 -0400] "GET /ora.php HTTP/1.1" 404 5749 "-" "-"
20.203.243.122 - - [02/Aug/2026:17:37:17 -0400] "GET /scxy.php HTTP/1.1" 404 5749 "-" "-"
20.203.243.122 - - [02/Aug/2026:17:37:17 -0400] "GET /ws13.php?p= HTTP/1.1" 404 5749 "-" "-"
20.203.243.122 - - [02/Aug/2026:17:37:17 -0400] "GET /btx25.php HTTP/1.1" 404 5749 "-" "-"
20.203.243.122 - - [02/Aug/2026:17:37:18 -0400] "GET /xpohywjo.php HTTP/1.1" 404 5749 "-" "-"
20.203.243.122 - - [02/Aug/2026:17:37:18 -0400] "GET /ecvvhlei.php HTTP/1.1" 404 5749 "-" "-"
20.203.243.122 - - [02/Aug/2026:17:37:18 -0400] "GET /SDsadqwrf.php HTTP/1.1" 404 5749 "-" "-"
20.203.243.122 - - [02/Aug/2026:17:37:19 -0400] "GET /ssjpxze.php HTTP/1.1" 404 5749 "-" "-"
20.203.243.122 - - [02/Aug/2026:17:37:19 -0400] "GET /ors32envu.php HTTP/1.1" 404 5749 "-" "-"
20.203.243.122 - - [02/Aug/2026:17:37:20 -0400] "GET /3PJcpMFsD8B.php HTTP/1.1" 404 5749 "-" "-"
20.203.243.122 - - [02/Aug/2026:17:37:20 -0400] "GET /BDKR28WP.php HTTP/1.1" 404 5749 "-" "-"
184.168.126.180 - - [02/Aug/2026:17:52:16 -0400] "POST /xmlrpc.php HTTP/2" 403 787 "-" "Mozilla/5.0 (Windows NT 10.0; Win64; x64) AppleWebKit/537.36 (KHTML, like Gecko) Chrome/150.0.0.0 Safari/537.36"
103.112.62.51 - - [02/Aug/2026:17:45:16 -0400] "GET /wp-login.php HTTP/2" 200 1779 "-" "Mozilla/5.0 (Windows NT 10.0; Win64; x64) AppleWebKit/537.36 (KHTML, like Gecko) Chrome/150.0.0.0 Safari/537.36"
103.112.62.51 - - [02/Aug/2026:17:45:17 -0400] "POST /wp-login.php HTTP/2" 200 1923 "https://mail.conypnu.com/wp-login.php" "Mozilla/5.0 (Windows NT 10.0; Win64; x64) AppleWebKit/537.36 (KHTML, like Gecko) Chrome/150.0.0.0 Safari/537.36"
156.232.88.6 - - [02/Aug/2026:17:45:13 -0400] "POST /wp-cron.php?doing_wp_cron=1785707113.3349230289459228515625 HTTP/1.1" 200 0 "-" "WordPress/7.0.2; https://mail.conypnu.com"
103.112.62.51 - - [02/Aug/2026:17:45:12 -0400] "GET /wp-login.php HTTP/2" 200 1779 "-" "Mozilla/5.0 (Windows NT 10.0; Win64; x64) AppleWebKit/537.36 (KHTML, like Gecko) Chrome/150.0.0.0 Safari/537.36"
198.38.94.66 - - [02/Aug/2026:17:58:59 -0400] "POST /xmlrpc.php HTTP/2" 403 787 "-" "Mozilla/5.0 (Windows NT 10.0; Win64; x64) AppleWebKit/537.36 (KHTML, like Gecko) Chrome/150.0.0.0 Safari/537.36"
194.164.192.228 - - [02/Aug/2026:17:59:09 -0400] "POST /wp-login.php HTTP/2" 200 1929 "https://conypnu.com/wp-login.php" "Mozilla/5.0 (Windows NT 10.0; Win64; x64) AppleWebKit/537.36 (KHTML, like Gecko) Chrome/150.0.0.0 Safari/537.36"
217.182.128.41 - - [02/Aug/2026:18:08:54 -0400] "POST /xmlrpc.php HTTP/2" 403 787 "-" "Mozilla/5.0 (Windows NT 10.0; Win64; x64) AppleWebKit/537.36 (KHTML, like Gecko) Chrome/150.0.0.0 Safari/537.36"
192.250.229.40 - - [02/Aug/2026:18:12:10 -0400] "POST /xmlrpc.php HTTP/2" 403 787 "-" "Mozilla/5.0 (Windows NT 10.0; Win64; x64) AppleWebKit/537.36 (KHTML, like Gecko) Chrome/150.0.0.0 Safari/537.36"
156.232.88.6 - - [02/Aug/2026:18:00:33 -0400] "POST /wp-cron.php?doing_wp_cron=1785708033.6511659622192382812500 HTTP/1.1" 200 0 "-" "WordPress/7.0.2; https://mail.conypnu.com"
156.232.88.6 - - [02/Aug/2026:17:59:07 -0400] "POST /wp-cron.php?doing_wp_cron=1785707946.7812600135803222656250 HTTP/1.1" 200 0 "-" "WordPress/7.0.2; https://mail.conypnu.com"
194.164.192.228 - - [02/Aug/2026:17:59:05 -0400] "GET /wp-login.php HTTP/2" 200 1779 "-" "Mozilla/5.0 (Windows NT 10.0; Win64; x64) AppleWebKit/537.36 (KHTML, like Gecko) Chrome/150.0.0.0 Safari/537.36"
185.198.240.20 - - [02/Aug/2026:18:00:32 -0400] "GET /wp-login.php HTTP/1.1" 200 1997 "-" "Mozilla/5.0 (Windows NT 10.0; Win64; rv:143.0) Gecko/20100101 Firefox/143.0"
185.198.240.20 - - [02/Aug/2026:18:00:34 -0400] "GET /?author=1 HTTP/1.1" 200 12682 "-" "Mozilla/5.0 (Macintosh; Intel Mac OS X 10_15_7) AppleWebKit/605.1.15 Version/17.0 Safari/605.1.15"
185.198.240.20 - - [02/Aug/2026:18:00:35 -0400] "GET /?rest_route=/wp/v2/users HTTP/1.1" 200 333 "-" "Mozilla/5.0 (Windows NT 10.0; Win64; rv:143.0) Gecko/20100101 Firefox/143.0"
198.38.94.17 - - [02/Aug/2026:18:29:12 -0400] "GET /wp-login.php HTTP/2" 200 1779 "-" "Mozilla/5.0 (Windows NT 10.0; Win64; x64) AppleWebKit/537.36 (KHTML, like Gecko) Chrome/150.0.0.0 Safari/537.36"
156.232.88.6 - - [02/Aug/2026:18:17:35 -0400] "POST /wp-cron.php?doing_wp_cron=1785709055.6814219951629638671875 HTTP/1.1" 200 0 "-" "WordPress/7.0.2; https://mail.conypnu.com"
103.112.62.51 - - [02/Aug/2026:18:17:37 -0400] "GET /wp-login.php HTTP/2" 200 1779 "-" "Mozilla/5.0 (Windows NT 10.0; Win64; x64) AppleWebKit/537.36 (KHTML, like Gecko) Chrome/150.0.0.0 Safari/537.36"
