🚀 Advanced Web Server Manager
Complete File Manager & Terminal - Standalone Version
By Sid Gifari | Gifari Industries
Current path:
/
/
usr
/
local
/
apache
/
domlogs
/
duzhbywe
✏️
Editing: deconnect.com.ng-ssl_log
216.73.216.103 - - [01/Aug/2026:08:10:42 -0400] "GET /?locale=en HTTP/2" 200 12447 "-" "Mozilla/5.0 AppleWebKit/537.36 (KHTML, like Gecko; compatible; ClaudeBot/1.0; +claudebot@anthropic.com)"
216.73.216.103 - - [01/Aug/2026:08:10:47 -0400] "GET /?locale=el HTTP/2" 200 12926 "-" "Mozilla/5.0 AppleWebKit/537.36 (KHTML, like Gecko; compatible; ClaudeBot/1.0; +claudebot@anthropic.com)"
52.22.1.240 - - [01/Aug/2026:08:12:34 -0400] "GET / HTTP/1.1" 200 180523 "-" "Mozilla/5.0 (X11; Ubuntu; Linux x86_64; rv:92.0) Gecko/20100101 Firefox/92.0"
156.232.88.6 - - [01/Aug/2026:08:13:50 -0400] "POST /wp-cron.php?doing_wp_cron=1785586430.4817779064178466796875 HTTP/1.1" 200 0 "-" "WordPress/7.0.2; https://deconnect.com.ng"
198.235.24.106 - - [01/Aug/2026:08:13:47 -0400] "GET /wp-login.php HTTP/1.1" 200 7190 "-" "Hello from Palo Alto Networks, find out more about our scans in https://docs-cortex.paloaltonetworks.com/r/1/Cortex-Xpanse/Scanning-activity"
156.232.88.6 - - [01/Aug/2026:08:17:52 -0400] "POST /wp-cron.php?doing_wp_cron=1785586672.2104129791259765625000 HTTP/1.1" 200 0 "-" "WordPress/7.0.2; https://deconnect.com.ng"
192.250.235.30 - - [01/Aug/2026:08:19:28 -0400] "GET /wp-login.php HTTP/2" 200 2309 "-" "Mozilla/5.0 (Windows NT 10.0; Win64; x64) AppleWebKit/537.36 (KHTML, like Gecko) Chrome/150.0.0.0 Safari/537.36"
156.232.88.6 - - [01/Aug/2026:08:46:47 -0400] "POST /wp-cron.php?doing_wp_cron=1785588407.2066369056701660156250 HTTP/1.1" 200 0 "-" "WordPress/7.0.2; https://deconnect.com.ng"
190.6.176.90 - - [01/Aug/2026:08:46:48 -0400] "POST /wp-login.php HTTP/2" 200 2423 "https://mail.deconnect.com.ng/wp-login.php" "Mozilla/5.0 (Windows NT 10.0; Win64; x64) AppleWebKit/537.36 (KHTML, like Gecko) Chrome/150.0.0.0 Safari/537.36"
35.221.129.245 - - [01/Aug/2026:09:19:00 -0400] "GET /.env.local HTTP/1.1" 404 796 "-" "crusader-worker/1.0"
35.221.129.245 - - [01/Aug/2026:09:19:00 -0400] "GET /.env.example HTTP/1.1" 404 796 "-" "crusader-worker/1.0"
37.140.223.179 - - [01/Aug/2026:10:06:07 -0400] "POST /wp-login.php HTTP/1.1" 200 2667 "-" "Mozilla/5.0 (Windows NT 10.0; Win64; x64) AppleWebKit/537.36 Chrome/129.0.0.0 Safari/537.36"
4.184.185.91 - - [01/Aug/2026:10:12:54 -0400] "GET /wp-content/plugins/hellopress/wp_filemanager.php HTTP/1.1" 404 5750 "-" "-"
4.184.185.91 - - [01/Aug/2026:10:12:54 -0400] "GET /this_is_a_new_hello_world.php HTTP/1.1" 404 5750 "-" "-"
4.184.185.91 - - [01/Aug/2026:10:12:54 -0400] "GET /err.php HTTP/1.1" 404 5750 "-" "-"
4.184.185.91 - - [01/Aug/2026:10:12:54 -0400] "GET /img.php HTTP/1.1" 404 5750 "-" "-"
4.184.185.91 - - [01/Aug/2026:10:12:55 -0400] "GET /aa.php HTTP/1.1" 404 5750 "-" "-"
4.184.185.91 - - [01/Aug/2026:10:12:55 -0400] "GET /av.php HTTP/1.1" 404 5750 "-" "-"
4.184.185.91 - - [01/Aug/2026:10:12:55 -0400] "GET /xa.php HTTP/1.1" 404 5750 "-" "-"
4.184.185.91 - - [01/Aug/2026:10:12:55 -0400] "GET /media.php HTTP/1.1" 404 5750 "-" "-"
4.184.185.91 - - [01/Aug/2026:10:12:56 -0400] "GET /images.php HTTP/1.1" 404 5750 "-" "-"
4.184.185.91 - - [01/Aug/2026:10:12:56 -0400] "GET /xp.php HTTP/1.1" 404 5750 "-" "-"
4.184.185.91 - - [01/Aug/2026:10:12:56 -0400] "GET /admin.php HTTP/1.1" 404 5750 "-" "-"
4.184.185.91 - - [01/Aug/2026:10:12:57 -0400] "GET /222.php HTTP/1.1" 404 5750 "-" "-"
4.184.185.91 - - [01/Aug/2026:10:12:57 -0400] "GET /mac.php HTTP/1.1" 404 5750 "-" "-"
4.184.185.91 - - [01/Aug/2026:10:12:57 -0400] "GET /ops.php HTTP/1.1" 404 5750 "-" "-"
4.184.185.91 - - [01/Aug/2026:10:12:57 -0400] "GET /8.php HTTP/1.1" 404 5750 "-" "-"
4.184.185.91 - - [01/Aug/2026:10:12:58 -0400] "GET /biufile.php HTTP/1.1" 404 5750 "-" "-"
4.184.185.91 - - [01/Aug/2026:10:12:58 -0400] "GET /coffexium.php HTTP/1.1" 404 5750 "-" "-"
4.184.185.91 - - [01/Aug/2026:10:12:58 -0400] "GET /dex.php HTTP/1.1" 404 5750 "-" "-"
4.184.185.91 - - [01/Aug/2026:10:12:58 -0400] "GET /1.php HTTP/1.1" 404 5750 "-" "-"
4.184.185.91 - - [01/Aug/2026:10:12:59 -0400] "GET /coffee.php HTTP/1.1" 404 5750 "-" "-"
4.184.185.91 - - [01/Aug/2026:10:12:59 -0400] "GET /classwithtostring.php?p= HTTP/1.1" 404 5750 "-" "-"
4.184.185.91 - - [01/Aug/2026:10:13:00 -0400] "GET /wp-ws68.php?p= HTTP/1.1" 404 5750 "-" "-"
4.184.185.91 - - [01/Aug/2026:10:13:00 -0400] "GET /mgrr.php HTTP/1.1" 404 5750 "-" "-"
4.184.185.91 - - [01/Aug/2026:10:13:00 -0400] "GET /55.php?p= HTTP/1.1" 404 5750 "-" "-"
4.184.185.91 - - [01/Aug/2026:10:13:01 -0400] "GET /ajax.php HTTP/1.1" 404 5750 "-" "-"
4.184.185.91 - - [01/Aug/2026:10:13:01 -0400] "GET /yj09.php HTTP/1.1" 404 5750 "-" "-"
4.184.185.91 - - [01/Aug/2026:10:13:01 -0400] "GET /ora.php HTTP/1.1" 404 5750 "-" "-"
4.184.185.91 - - [01/Aug/2026:10:13:02 -0400] "GET /scxy.php HTTP/1.1" 404 5750 "-" "-"
4.184.185.91 - - [01/Aug/2026:10:13:02 -0400] "GET /ws13.php?p= HTTP/1.1" 404 5750 "-" "-"
4.184.185.91 - - [01/Aug/2026:10:13:02 -0400] "GET /btx25.php HTTP/1.1" 404 5750 "-" "-"
4.184.185.91 - - [01/Aug/2026:10:13:02 -0400] "GET /xpohywjo.php HTTP/1.1" 404 5750 "-" "-"
34.158.29.211 - - [01/Aug/2026:08:56:00 -0400] "GET /.env.prod HTTP/1.1" 401 36 "-" "crusader-worker/1.0"
34.158.29.211 - - [01/Aug/2026:08:56:00 -0400] "GET /.env.old HTTP/1.1" 401 36 "-" "crusader-worker/1.0"
37.140.223.192 - - [01/Aug/2026:09:22:51 -0400] "POST /wp-login.php HTTP/1.1" 200 2667 "-" "Mozilla/5.0 (Windows NT 10.0; Win64; x64) AppleWebKit/537.36 Chrome/129.0.0.0 Safari/537.36"
136.144.33.231 - - [01/Aug/2026:09:22:51 -0400] "POST /wp-login.php HTTP/1.1" 200 2682 "-" "Mozilla/5.0 (Windows NT 10.0; Win64; rv:143.0) Gecko/20100101 Firefox/143.0"
35.189.69.35 - - [01/Aug/2026:09:26:38 -0400] "GET /.env.local HTTP/1.1" 404 5749 "-" "crusader-worker/1.0"
34.154.71.49 - - [01/Aug/2026:09:41:47 -0400] "GET /.env.prod HTTP/1.1" 404 5750 "-" "crusader-worker/1.0"
198.235.24.90 - - [01/Aug/2026:10:22:15 -0400] "GET / HTTP/1.1" 301 0 "-" "Hello from Palo Alto Networks, find out more about our scans in https://docs-cortex.paloaltonetworks.com/r/1/Cortex-Xpanse/Scanning-activity"
35.236.163.11 - - [01/Aug/2026:10:25:38 -0400] "GET /.env.local HTTP/1.1" 400 52 "-" "crusader-worker/1.0"
35.236.163.11 - - [01/Aug/2026:10:25:38 -0400] "GET /.env.production HTTP/1.1" 400 52 "-" "crusader-worker/1.0"
35.236.163.11 - - [01/Aug/2026:10:25:38 -0400] "GET /.env.prod HTTP/1.1" 400 52 "-" "crusader-worker/1.0"
37.140.223.214 - - [01/Aug/2026:08:17:47 -0400] "POST /wp-login.php HTTP/1.1" 200 2667 "-" "Mozilla/5.0 (Windows NT 10.0; Win64; rv:143.0) Gecko/20100101 Firefox/143.0"
156.232.88.6 - - [01/Aug/2026:08:19:56 -0400] "POST /wp-cron.php?doing_wp_cron=1785586796.2621440887451171875000 HTTP/1.1" 200 0 "-" "WordPress/7.0.2; https://deconnect.com.ng"
37.140.223.177 - - [01/Aug/2026:08:40:09 -0400] "POST /wp-login.php HTTP/1.1" 200 2682 "-" "Mozilla/5.0 (Macintosh; Intel Mac OS X 10_15_7) AppleWebKit/605.1.15 Version/17.0 Safari/605.1.15"
34.158.29.211 - - [01/Aug/2026:08:56:00 -0400] "GET /.env.save HTTP/1.1" 401 36 "-" "crusader-worker/1.0"
34.158.29.211 - - [01/Aug/2026:08:56:00 -0400] "GET /.env.production HTTP/1.1" 401 36 "-" "crusader-worker/1.0"
35.189.69.35 - - [01/Aug/2026:09:26:38 -0400] "GET /.env.production HTTP/1.1" 404 5749 "-" "crusader-worker/1.0"
35.189.69.35 - - [01/Aug/2026:09:26:38 -0400] "GET /.env.prod HTTP/1.1" 404 5749 "-" "crusader-worker/1.0"
34.154.71.49 - - [01/Aug/2026:09:41:47 -0400] "GET /.env.local HTTP/1.1" 404 5750 "-" "crusader-worker/1.0"
156.232.88.6 - - [01/Aug/2026:08:19:32 -0400] "POST /wp-cron.php?doing_wp_cron=1785586772.3456499576568603515625 HTTP/1.1" 200 0 "-" "WordPress/7.0.2; https://deconnect.com.ng"
192.250.235.30 - - [01/Aug/2026:08:19:53 -0400] "GET /wp-login.php HTTP/2" 200 2274 "-" "Mozilla/5.0 (Windows NT 10.0; Win64; x64) AppleWebKit/537.36 (KHTML, like Gecko) Chrome/150.0.0.0 Safari/537.36"
192.250.235.30 - - [01/Aug/2026:08:19:56 -0400] "POST /wp-login.php HTTP/2" 200 2413 "https://deconnect.com.ng/wp-login.php" "Mozilla/5.0 (Windows NT 10.0; Win64; x64) AppleWebKit/537.36 (KHTML, like Gecko) Chrome/150.0.0.0 Safari/537.36"
156.232.88.6 - - [01/Aug/2026:08:40:14 -0400] "POST /wp-cron.php?doing_wp_cron=1785588014.0487830638885498046875 HTTP/1.1" 200 0 "-" "WordPress/7.0.2; https://deconnect.com.ng"
156.232.88.6 - - [01/Aug/2026:09:00:33 -0400] "POST /wp-cron.php?doing_wp_cron=1785589233.7266409397125244140625 HTTP/1.1" 200 0 "-" "WordPress/7.0.2; https://deconnect.com.ng"
35.221.129.245 - - [01/Aug/2026:09:19:00 -0400] "GET /.env.bak HTTP/1.1" 404 796 "-" "crusader-worker/1.0"
35.221.129.245 - - [01/Aug/2026:09:19:00 -0400] "GET /.env.prod HTTP/1.1" 404 796 "-" "crusader-worker/1.0"
35.221.129.245 - - [01/Aug/2026:09:19:00 -0400] "GET /.env.save HTTP/1.1" 404 796 "-" "crusader-worker/1.0"
35.189.69.35 - - [01/Aug/2026:09:26:38 -0400] "GET /.env HTTP/1.1" 404 5749 "-" "crusader-worker/1.0"
34.154.71.49 - - [01/Aug/2026:09:41:47 -0400] "GET /.env.dev HTTP/1.1" 404 5750 "-" "crusader-worker/1.0"
37.140.223.213 - - [01/Aug/2026:09:43:24 -0400] "POST /wp-login.php HTTP/1.1" 200 2667 "-" "Mozilla/5.0 (Macintosh; Intel Mac OS X 10_15_7) AppleWebKit/605.1.15 Version/17.0 Safari/605.1.15"
37.140.223.174 - - [01/Aug/2026:10:06:07 -0400] "POST /wp-login.php HTTP/1.1" 200 2682 "-" "Mozilla/5.0 (Windows NT 10.0; Win64; x64) AppleWebKit/537.36 Chrome/129.0.0.0 Safari/537.36"
35.236.163.11 - - [01/Aug/2026:10:25:38 -0400] "GET /.env.save HTTP/1.1" 400 52 "-" "crusader-worker/1.0"
35.236.163.11 - - [01/Aug/2026:10:25:38 -0400] "GET /.env.old HTTP/1.1" 400 52 "-" "crusader-worker/1.0"
35.236.163.11 - - [01/Aug/2026:10:25:38 -0400] "GET /.env.dev HTTP/1.1" 400 52 "-" "crusader-worker/1.0"
35.236.163.11 - - [01/Aug/2026:10:25:38 -0400] "GET /.env HTTP/1.1" 400 52 "-" "crusader-worker/1.0"
152.39.252.118 - - [01/Aug/2026:08:23:52 -0400] "GET /app-ads.txt HTTP/1.1" 404 796 "-" "Mozilla/5.0 (Macintosh; Intel Mac OS X 10_15_7) AppleWebKit/537.36 (KHTML, like Gecko) Chrome/124.0.0.0 Safari/537.36"
156.232.88.6 - - [01/Aug/2026:08:33:38 -0400] "POST /wp-cron.php?doing_wp_cron=1785587618.4037289619445800781250 HTTP/1.1" 200 0 "-" "WordPress/7.0.2; https://deconnect.com.ng"
34.158.29.211 - - [01/Aug/2026:08:56:00 -0400] "GET /.env.backup HTTP/1.1" 401 36 "-" "crusader-worker/1.0"
136.144.33.41 - - [01/Aug/2026:09:00:27 -0400] "POST /wp-login.php HTTP/1.1" 200 2667 "-" "Mozilla/5.0 (Macintosh; Intel Mac OS X 10_15_7) AppleWebKit/605.1.15 Version/17.0 Safari/605.1.15"
35.221.129.245 - - [01/Aug/2026:09:19:00 -0400] "GET /.env.backup HTTP/1.1" 404 796 "-" "crusader-worker/1.0"
35.221.129.245 - - [01/Aug/2026:09:19:00 -0400] "GET /.env HTTP/1.1" 404 796 "-" "crusader-worker/1.0"
35.189.69.35 - - [01/Aug/2026:09:26:38 -0400] "GET /.env.dev HTTP/1.1" 404 5749 "-" "crusader-worker/1.0"
34.154.71.49 - - [01/Aug/2026:09:41:47 -0400] "GET /.env.old HTTP/1.1" 404 5750 "-" "crusader-worker/1.0"
35.236.163.11 - - [01/Aug/2026:10:25:38 -0400] "GET /.env.bak HTTP/1.1" 400 52 "-" "crusader-worker/1.0"
37.140.223.178 - - [01/Aug/2026:10:26:58 -0400] "POST /wp-login.php HTTP/1.1" 200 2682 "-" "Mozilla/5.0 (Windows NT 10.0; Win64; x64) AppleWebKit/537.36 Chrome/129.0.0.0 Safari/537.36"
37.140.223.177 - - [01/Aug/2026:10:26:58 -0400] "POST /wp-login.php HTTP/1.1" 200 2667 "-" "Mozilla/5.0 (Macintosh; Intel Mac OS X 10_15_7) AppleWebKit/605.1.15 Version/17.0 Safari/605.1.15"
37.140.223.176 - - [01/Aug/2026:08:17:47 -0400] "POST /wp-login.php HTTP/1.1" 200 2682 "-" "Mozilla/5.0 (Windows NT 10.0; Win64; rv:143.0) Gecko/20100101 Firefox/143.0"
190.6.176.90 - - [01/Aug/2026:08:46:43 -0400] "GET /wp-login.php HTTP/2" 200 2309 "-" "Mozilla/5.0 (Windows NT 10.0; Win64; x64) AppleWebKit/537.36 (KHTML, like Gecko) Chrome/150.0.0.0 Safari/537.36"
34.158.29.211 - - [01/Aug/2026:08:56:00 -0400] "GET /.env.local HTTP/1.1" 401 36 "-" "crusader-worker/1.0"
136.144.33.41 - - [01/Aug/2026:09:00:27 -0400] "POST /wp-login.php HTTP/1.1" 200 2682 "-" "Mozilla/5.0 (Windows NT 10.0; Win64; rv:143.0) Gecko/20100101 Firefox/143.0"
35.221.129.245 - - [01/Aug/2026:09:19:00 -0400] "GET /.env.old HTTP/1.1" 404 796 "-" "crusader-worker/1.0"
35.221.129.245 - - [01/Aug/2026:09:19:00 -0400] "GET /.env.dev HTTP/1.1" 404 796 "-" "crusader-worker/1.0"
35.189.69.35 - - [01/Aug/2026:09:26:38 -0400] "GET /.env.bak HTTP/1.1" 404 5749 "-" "crusader-worker/1.0"
35.189.69.35 - - [01/Aug/2026:09:26:38 -0400] "GET /.env.example HTTP/1.1" 404 5749 "-" "crusader-worker/1.0"
34.154.71.49 - - [01/Aug/2026:09:41:47 -0400] "GET /.env HTTP/1.1" 404 5750 "-" "crusader-worker/1.0"
156.232.88.6 - - [01/Aug/2026:10:06:12 -0400] "POST /wp-cron.php?doing_wp_cron=1785593172.0052649974822998046875 HTTP/1.1" 200 0 "-" "WordPress/7.0.2; https://deconnect.com.ng"
156.232.88.6 - - [01/Aug/2026:10:11:33 -0400] "POST /wp-cron.php?doing_wp_cron=1785593493.3995831012725830078125 HTTP/1.1" 200 0 "-" "WordPress/7.0.2; https://deconnect.com.ng"
216.73.216.103 - - [01/Aug/2026:10:17:22 -0400] "GET /?locale=zh_tw HTTP/2" 200 12828 "-" "Mozilla/5.0 AppleWebKit/537.36 (KHTML, like Gecko; compatible; ClaudeBot/1.0; +claudebot@anthropic.com)"
156.232.88.6 - - [01/Aug/2026:10:22:22 -0400] "POST /wp-cron.php?doing_wp_cron=1785594142.7835969924926757812500 HTTP/1.1" 200 0 "-" "WordPress/7.0.2; https://deconnect.com.ng"
4.184.185.91 - - [01/Aug/2026:10:13:03 -0400] "GET /ecvvhlei.php HTTP/1.1" 404 5750 "-" "-"
4.184.185.91 - - [01/Aug/2026:10:13:03 -0400] "GET /SDsadqwrf.php HTTP/1.1" 404 5750 "-" "-"
4.184.185.91 - - [01/Aug/2026:10:13:03 -0400] "GET /ssjpxze.php HTTP/1.1" 404 5750 "-" "-"
4.184.185.91 - - [01/Aug/2026:10:13:04 -0400] "GET /ors32envu.php HTTP/1.1" 404 5750 "-" "-"
4.184.185.91 - - [01/Aug/2026:10:13:04 -0400] "GET /3PJcpMFsD8B.php HTTP/1.1" 404 5750 "-" "-"
4.184.185.91 - - [01/Aug/2026:10:13:05 -0400] "GET /BDKR28WP.php HTTP/1.1" 404 5750 "-" "-"
156.232.88.6 - - [01/Aug/2026:10:27:02 -0400] "POST /wp-cron.php?doing_wp_cron=1785594421.9823489189147949218750 HTTP/1.1" 200 0 "-" "WordPress/7.0.2; https://deconnect.com.ng"
205.210.31.130 - - [01/Aug/2026:08:34:35 -0400] "GET / HTTP/1.1" 200 37613 "http://cpanel.deconnect.com.ng/" "Hello from Palo Alto Networks, find out more about our scans in https://docs-cortex.paloaltonetworks.com/r/1/Cortex-Xpanse/Scanning-activity"
34.158.29.211 - - [01/Aug/2026:08:56:00 -0400] "GET /.env.dev HTTP/1.1" 401 36 "-" "crusader-worker/1.0"
34.158.29.211 - - [01/Aug/2026:08:56:00 -0400] "GET /.env HTTP/1.1" 401 36 "-" "crusader-worker/1.0"
34.158.29.211 - - [01/Aug/2026:08:56:01 -0400] "GET /.env.bak HTTP/1.1" 401 36 "-" "crusader-worker/1.0"
216.73.216.103 - - [01/Aug/2026:09:20:35 -0400] "GET /robots.txt HTTP/2" 200 0 "-" "Mozilla/5.0 AppleWebKit/537.36 (KHTML, like Gecko; compatible; ClaudeBot/1.0; +claudebot@anthropic.com)"
216.73.216.103 - - [01/Aug/2026:09:20:36 -0400] "GET /?locale=es_es HTTP/2" 200 12618 "-" "Mozilla/5.0 AppleWebKit/537.36 (KHTML, like Gecko; compatible; ClaudeBot/1.0; +claudebot@anthropic.com)"
35.189.69.35 - - [01/Aug/2026:09:26:38 -0400] "GET /.env.old HTTP/1.1" 404 5749 "-" "crusader-worker/1.0"
35.189.69.35 - - [01/Aug/2026:09:26:38 -0400] "GET /.env.backup HTTP/1.1" 404 5749 "-" "crusader-worker/1.0"
34.154.71.49 - - [01/Aug/2026:09:41:47 -0400] "GET /.env.example HTTP/1.1" 404 5750 "-" "crusader-worker/1.0"
34.154.71.49 - - [01/Aug/2026:09:41:47 -0400] "GET /.env.production HTTP/1.1" 404 5750 "-" "crusader-worker/1.0"
156.232.88.6 - - [01/Aug/2026:09:43:28 -0400] "POST /wp-cron.php?doing_wp_cron=1785591808.5053079128265380859375 HTTP/1.1" 200 0 "-" "WordPress/7.0.2; https://deconnect.com.ng"
158.69.54.144 - - [01/Aug/2026:10:11:28 -0400] "GET /wp-login.php HTTP/2" 200 2274 "-" "Mozilla/5.0 (Windows NT 10.0; Win64; x64) AppleWebKit/537.36 (KHTML, like Gecko) Chrome/150.0.0.0 Safari/537.36"
158.69.54.144 - - [01/Aug/2026:10:11:33 -0400] "POST /wp-login.php HTTP/2" 200 2435 "https://deconnect.com.ng/wp-login.php" "Mozilla/5.0 (Windows NT 10.0; Win64; x64) AppleWebKit/537.36 (KHTML, like Gecko) Chrome/150.0.0.0 Safari/537.36"
156.232.88.6 - - [01/Aug/2026:10:22:21 -0400] "POST /wp-cron.php?doing_wp_cron=1785594140.7536470890045166015625 HTTP/1.1" 200 0 "-" "WordPress/7.0.2; https://deconnect.com.ng"
68.183.22.192 - - [01/Aug/2026:08:33:35 -0400] "GET /wp-login.php HTTP/2" 200 2274 "-" "Mozilla/5.0 (Windows NT 10.0; Win64; x64) AppleWebKit/537.36 (KHTML, like Gecko) Chrome/150.0.0.0 Safari/537.36"
68.183.22.192 - - [01/Aug/2026:08:33:38 -0400] "POST /wp-login.php HTTP/2" 200 2435 "https://deconnect.com.ng/wp-login.php" "Mozilla/5.0 (Windows NT 10.0; Win64; x64) AppleWebKit/537.36 (KHTML, like Gecko) Chrome/150.0.0.0 Safari/537.36"
37.140.223.189 - - [01/Aug/2026:08:40:09 -0400] "POST /wp-login.php HTTP/1.1" 200 2667 "-" "Mozilla/5.0 (Macintosh; Intel Mac OS X 10_15_7) AppleWebKit/605.1.15 Version/17.0 Safari/605.1.15"
34.158.29.211 - - [01/Aug/2026:08:56:00 -0400] "GET /.env.example HTTP/1.1" 401 36 "-" "crusader-worker/1.0"
35.221.129.245 - - [01/Aug/2026:09:19:00 -0400] "GET /.env.production HTTP/1.1" 404 796 "-" "crusader-worker/1.0"
156.232.88.6 - - [01/Aug/2026:09:22:54 -0400] "POST /wp-cron.php?doing_wp_cron=1785590574.7121360301971435546875 HTTP/1.1" 200 0 "-" "WordPress/7.0.2; https://deconnect.com.ng"
35.189.69.35 - - [01/Aug/2026:09:26:38 -0400] "GET /.env.save HTTP/1.1" 404 5749 "-" "crusader-worker/1.0"
34.154.71.49 - - [01/Aug/2026:09:41:47 -0400] "GET /.env.backup HTTP/1.1" 404 5750 "-" "crusader-worker/1.0"
34.154.71.49 - - [01/Aug/2026:09:41:47 -0400] "GET /.env.bak HTTP/1.1" 404 5750 "-" "crusader-worker/1.0"
34.154.71.49 - - [01/Aug/2026:09:41:47 -0400] "GET /.env.save HTTP/1.1" 404 5750 "-" "crusader-worker/1.0"
136.144.33.40 - - [01/Aug/2026:09:43:24 -0400] "POST /wp-login.php HTTP/1.1" 200 2682 "-" "Mozilla/5.0 (Windows NT 10.0; Win64; rv:143.0) Gecko/20100101 Firefox/143.0"
35.236.163.11 - - [01/Aug/2026:10:25:38 -0400] "GET /.env.example HTTP/1.1" 400 52 "-" "crusader-worker/1.0"
35.236.163.11 - - [01/Aug/2026:10:25:38 -0400] "GET /.env.backup HTTP/1.1" 400 52 "-" "crusader-worker/1.0"
34.48.221.160 - - [01/Aug/2026:10:28:53 -0400] "GET /.env.dev HTTP/1.1" 401 36 "-" "crusader-worker/1.0"
34.48.221.160 - - [01/Aug/2026:10:28:53 -0400] "GET /.env.backup HTTP/1.1" 401 36 "-" "crusader-worker/1.0"
51.120.79.193 - - [01/Aug/2026:10:46:01 -0400] "GET /wp-content/plugins/hellopress/wp_filemanager.php HTTP/1.1" 401 36 "-" "-"
51.120.79.193 - - [01/Aug/2026:10:46:02 -0400] "GET /this_is_a_new_hello_world.php HTTP/1.1" 401 36 "-" "-"
51.120.79.193 - - [01/Aug/2026:10:46:03 -0400] "GET /media.php HTTP/1.1" 401 36 "-" "-"
51.120.79.193 - - [01/Aug/2026:10:46:03 -0400] "GET /images.php HTTP/1.1" 401 36 "-" "-"
51.120.79.193 - - [01/Aug/2026:10:46:03 -0400] "GET /adminner.php HTTP/1.1" 401 36 "-" "-"
51.120.79.193 - - [01/Aug/2026:10:46:04 -0400] "GET /admin.php HTTP/1.1" 401 36 "-" "-"
51.120.79.193 - - [01/Aug/2026:10:46:04 -0400] "GET /ops.php HTTP/1.1" 401 36 "-" "-"
51.120.79.193 - - [01/Aug/2026:10:46:04 -0400] "GET /mac.php HTTP/1.1" 401 36 "-" "-"
51.120.79.193 - - [01/Aug/2026:10:46:04 -0400] "GET /wp-admin/css/colors/modern/ HTTP/1.1" 401 36 "-" "-"
51.120.79.193 - - [01/Aug/2026:10:46:05 -0400] "GET /pucci.php HTTP/1.1" 401 36 "-" "-"
51.120.79.193 - - [01/Aug/2026:10:46:06 -0400] "GET /wp-admin/js/index.php HTTP/1.1" 401 36 "-" "-"
51.120.79.193 - - [01/Aug/2026:10:46:06 -0400] "GET /8.php HTTP/1.1" 401 36 "-" "-"
51.120.79.193 - - [01/Aug/2026:10:46:06 -0400] "GET /1.php HTTP/1.1" 401 36 "-" "-"
51.120.79.193 - - [01/Aug/2026:10:46:06 -0400] "GET /wp-content/admin.php HTTP/1.1" 401 36 "-" "-"
51.120.79.193 - - [01/Aug/2026:10:46:07 -0400] "GET /wp-content/themes/index.php HTTP/1.1" 401 36 "-" "-"
51.120.79.193 - - [01/Aug/2026:10:46:08 -0400] "GET /222.php HTTP/1.1" 401 36 "-" "-"
51.120.79.193 - - [01/Aug/2026:10:46:08 -0400] "GET /cgi-bin/index.php HTTP/1.1" 401 36 "-" "-"
51.120.79.193 - - [01/Aug/2026:10:46:08 -0400] "GET /wp-includes/css/dist/ HTTP/1.1" 401 36 "-" "-"
51.120.79.193 - - [01/Aug/2026:10:46:09 -0400] "GET /wp-includes/l10n/ HTTP/1.1" 401 36 "-" "-"
51.120.79.193 - - [01/Aug/2026:10:46:10 -0400] "GET /wp-content/uploads/ HTTP/1.1" 401 36 "-" "-"
51.120.79.193 - - [01/Aug/2026:10:46:11 -0400] "GET /raw.php HTTP/1.1" 401 36 "-" "-"
51.120.79.193 - - [01/Aug/2026:10:46:11 -0400] "GET /wp-content/ HTTP/1.1" 401 36 "-" "-"
51.120.79.193 - - [01/Aug/2026:10:46:12 -0400] "GET /simple.php HTTP/1.1" 401 36 "-" "-"
51.120.79.193 - - [01/Aug/2026:10:46:12 -0400] "GET /xxx.php HTTP/1.1" 401 36 "-" "-"
51.120.79.193 - - [01/Aug/2026:10:46:13 -0400] "GET /file.php HTTP/1.1" 401 36 "-" "-"
51.120.79.193 - - [01/Aug/2026:10:46:13 -0400] "GET /wp-load.php HTTP/1.1" 401 36 "-" "-"
51.120.79.193 - - [01/Aug/2026:10:46:13 -0400] "GET /wp-includes/assets/ HTTP/1.1" 401 36 "-" "-"
51.120.79.193 - - [01/Aug/2026:10:46:14 -0400] "GET /wp-admin/css/colors/sunrise/ HTTP/1.1" 401 36 "-" "-"
51.120.79.193 - - [01/Aug/2026:10:46:14 -0400] "GET /wp-admin/css/colors/midnight/about.php HTTP/1.1" 401 36 "-" "-"
51.120.79.193 - - [01/Aug/2026:10:46:15 -0400] "GET /a.php HTTP/1.1" 401 36 "-" "-"
51.120.79.193 - - [01/Aug/2026:10:46:15 -0400] "GET /4PJcpMFsD8B.php HTTP/1.1" 401 36 "-" "-"
51.120.79.193 - - [01/Aug/2026:10:46:15 -0400] "GET /aa.php HTTP/1.1" 401 36 "-" "-"
51.120.79.193 - - [01/Aug/2026:10:46:16 -0400] "GET /177.php HTTP/1.1" 401 36 "-" "-"
51.120.79.193 - - [01/Aug/2026:10:46:16 -0400] "GET /coffexium.php HTTP/1.1" 401 36 "-" "-"
51.120.79.193 - - [01/Aug/2026:10:46:16 -0400] "GET /fffm.php HTTP/1.1" 401 36 "-" "-"
51.120.79.193 - - [01/Aug/2026:10:46:17 -0400] "GET /82.php HTTP/1.1" 401 36 "-" "-"
51.120.79.193 - - [01/Aug/2026:10:46:17 -0400] "GET /config.json.php HTTP/1.1" 401 36 "-" "-"
51.120.79.193 - - [01/Aug/2026:10:46:17 -0400] "GET /fpwch.php HTTP/1.1" 401 36 "-" "-"
51.120.79.193 - - [01/Aug/2026:10:46:18 -0400] "GET /xp.php HTTP/1.1" 401 36 "-" "-"
51.120.79.193 - - [01/Aug/2026:10:46:19 -0400] "GET /reop3.php HTTP/1.1" 401 36 "-" "-"
51.120.79.193 - - [01/Aug/2026:10:46:19 -0400] "GET /wp-includes/Requests/ HTTP/1.1" 401 36 "-" "-"
34.48.221.160 - - [01/Aug/2026:10:28:53 -0400] "GET /.env.prod HTTP/1.1" 401 36 "-" "crusader-worker/1.0"
34.48.221.160 - - [01/Aug/2026:10:28:53 -0400] "GET /.env.bak HTTP/1.1" 401 36 "-" "crusader-worker/1.0"
69.57.172.212 - - [01/Aug/2026:10:34:05 -0400] "GET /wp-login.php HTTP/2" 200 2309 "-" "Mozilla/5.0 (Windows NT 10.0; Win64; x64) AppleWebKit/537.36 (KHTML, like Gecko) Chrome/150.0.0.0 Safari/537.36"
34.48.221.160 - - [01/Aug/2026:10:28:53 -0400] "GET /.env HTTP/1.1" 401 36 "-" "crusader-worker/1.0"
34.48.221.160 - - [01/Aug/2026:10:28:53 -0400] "GET /.env.old HTTP/1.1" 401 36 "-" "crusader-worker/1.0"
34.48.221.160 - - [01/Aug/2026:10:28:53 -0400] "GET /.env.example HTTP/1.1" 401 36 "-" "crusader-worker/1.0"
216.73.216.103 - - [01/Aug/2026:10:35:36 -0400] "GET /robots.txt HTTP/2" 200 52 "-" "Mozilla/5.0 AppleWebKit/537.36 (KHTML, like Gecko; compatible; ClaudeBot/1.0; +claudebot@anthropic.com)"
172.245.102.79 - - [01/Aug/2026:10:49:39 -0400] "POST /wp-login.php HTTP/1.1" 200 2682 "-" "Mozilla/5.0 (Windows NT 10.0; Win64; rv:143.0) Gecko/20100101 Firefox/143.0"
37.140.223.186 - - [01/Aug/2026:10:49:39 -0400] "POST /wp-login.php HTTP/1.1" 200 2667 "-" "Mozilla/5.0 (Windows NT 10.0; Win64; rv:143.0) Gecko/20100101 Firefox/143.0"
34.48.221.160 - - [01/Aug/2026:10:28:53 -0400] "GET /.env.production HTTP/1.1" 401 36 "-" "crusader-worker/1.0"
51.120.79.193 - - [01/Aug/2026:10:46:20 -0400] "GET /wp.php HTTP/1.1" 401 36 "-" "-"
51.120.79.193 - - [01/Aug/2026:10:46:20 -0400] "GET /dex.php HTTP/1.1" 401 36 "-" "-"
51.120.79.193 - - [01/Aug/2026:10:46:21 -0400] "GET /biufile.php HTTP/1.1" 401 36 "-" "-"
51.120.79.193 - - [01/Aug/2026:10:46:21 -0400] "GET /inputs.php HTTP/1.1" 401 36 "-" "-"
51.120.79.193 - - [01/Aug/2026:10:46:22 -0400] "GET /inputs.php HTTP/1.1" 401 36 "-" "-"
51.120.79.193 - - [01/Aug/2026:10:46:22 -0400] "GET /adminfuns.php HTTP/1.1" 401 36 "-" "-"
51.120.79.193 - - [01/Aug/2026:10:46:23 -0400] "GET /goods.php HTTP/1.1" 401 36 "-" "-"
51.120.79.193 - - [01/Aug/2026:10:46:23 -0400] "GET /about.php HTTP/1.1" 401 36 "-" "-"
51.120.79.193 - - [01/Aug/2026:10:46:23 -0400] "GET /about.php HTTP/1.1" 401 36 "-" "-"
51.120.79.193 - - [01/Aug/2026:10:46:24 -0400] "GET /admin.php HTTP/1.1" 401 36 "-" "-"
51.120.79.193 - - [01/Aug/2026:10:46:24 -0400] "GET /admin.php HTTP/1.1" 401 36 "-" "-"
51.120.79.193 - - [01/Aug/2026:10:46:24 -0400] "GET /chosen.php HTTP/1.1" 401 36 "-" "-"
51.120.79.193 - - [01/Aug/2026:10:46:25 -0400] "GET /err.php HTTP/1.1" 401 36 "-" "-"
51.120.79.193 - - [01/Aug/2026:10:46:25 -0400] "GET /img.php HTTP/1.1" 401 36 "-" "-"
51.120.79.193 - - [01/Aug/2026:10:46:25 -0400] "GET /ora.php HTTP/1.1" 401 36 "-" "-"
51.120.79.193 - - [01/Aug/2026:10:46:26 -0400] "GET /btx25.php HTTP/1.1" 401 36 "-" "-"
51.120.79.193 - - [01/Aug/2026:10:46:26 -0400] "GET /scxy.php HTTP/1.1" 401 36 "-" "-"
51.120.79.193 - - [01/Aug/2026:10:46:27 -0400] "GET /ws13.php HTTP/1.1" 401 36 "-" "-"
51.120.79.193 - - [01/Aug/2026:10:46:27 -0400] "GET /coffee.php HTTP/1.1" 401 36 "-" "-"
51.120.79.193 - - [01/Aug/2026:10:46:28 -0400] "GET /pbck.php HTTP/1.1" 401 36 "-" "-"
51.120.79.193 - - [01/Aug/2026:10:46:28 -0400] "GET /green.php HTTP/1.1" 401 36 "-" "-"
156.232.88.6 - - [01/Aug/2026:10:49:44 -0400] "POST /wp-cron.php?doing_wp_cron=1785595783.6771130561828613281250 HTTP/1.1" 200 0 "-" "WordPress/7.0.2; https://deconnect.com.ng"
34.48.221.160 - - [01/Aug/2026:10:28:53 -0400] "GET /.env.save HTTP/1.1" 401 36 "-" "crusader-worker/1.0"
34.48.221.160 - - [01/Aug/2026:10:28:53 -0400] "GET /.env.local HTTP/1.1" 401 36 "-" "crusader-worker/1.0"
156.232.88.6 - - [01/Aug/2026:10:34:07 -0400] "POST /wp-cron.php?doing_wp_cron=1785594847.6565010547637939453125 HTTP/1.1" 200 0 "-" "WordPress/7.0.2; https://deconnect.com.ng"
156.232.88.6 - - [01/Aug/2026:11:10:08 -0400] "POST /wp-cron.php?doing_wp_cron=1785597008.7697100639343261718750 HTTP/1.1" 200 0 "-" "WordPress/7.0.2; https://deconnect.com.ng"
37.140.223.199 - - [01/Aug/2026:11:10:05 -0400] "POST /wp-login.php HTTP/1.1" 200 2682 "-" "Mozilla/5.0 (Windows NT 10.0; Win64; x64) AppleWebKit/537.36 Chrome/129.0.0.0 Safari/537.36"
136.144.33.40 - - [01/Aug/2026:11:10:05 -0400] "POST /wp-login.php HTTP/1.1" 200 2667 "-" "Mozilla/5.0 (Windows NT 10.0; Win64; rv:143.0) Gecko/20100101 Firefox/143.0"
156.232.88.6 - - [01/Aug/2026:11:32:28 -0400] "POST /wp-cron.php?doing_wp_cron=1785598348.2707459926605224609375 HTTP/1.1" 200 0 "-" "WordPress/7.0.2; https://deconnect.com.ng"
156.232.88.6 - - [01/Aug/2026:11:32:28 -0400] "POST /wp-cron.php?doing_wp_cron=1785598348.3466060161590576171875 HTTP/1.1" 200 0 "-" "WordPress/7.0.2; https://deconnect.com.ng"
136.144.33.247 - - [01/Aug/2026:11:32:24 -0400] "POST /wp-login.php HTTP/1.1" 200 2667 "-" "Mozilla/5.0 (Macintosh; Intel Mac OS X 10_15_7) AppleWebKit/605.1.15 Version/17.0 Safari/605.1.15"
37.140.223.195 - - [01/Aug/2026:11:32:24 -0400] "POST /wp-login.php HTTP/1.1" 200 2682 "-" "Mozilla/5.0 (Macintosh; Intel Mac OS X 10_15_7) AppleWebKit/605.1.15 Version/17.0 Safari/605.1.15"
37.140.223.171 - - [01/Aug/2026:11:52:36 -0400] "POST /wp-login.php HTTP/1.1" 200 2667 "-" "Mozilla/5.0 (Macintosh; Intel Mac OS X 10_15_7) AppleWebKit/605.1.15 Version/17.0 Safari/605.1.15"
156.232.88.6 - - [01/Aug/2026:11:52:39 -0400] "POST /wp-cron.php?doing_wp_cron=1785599559.7310199737548828125000 HTTP/1.1" 200 0 "-" "WordPress/7.0.2; https://deconnect.com.ng"
172.245.102.78 - - [01/Aug/2026:11:52:36 -0400] "POST /wp-login.php HTTP/1.1" 200 2682 "-" "Mozilla/5.0 (Windows NT 10.0; Win64; x64) AppleWebKit/537.36 Chrome/129.0.0.0 Safari/537.36"
103.28.36.106 - - [01/Aug/2026:11:58:36 -0400] "GET /wp-login.php HTTP/2" 200 2309 "-" "Mozilla/5.0 (Windows NT 10.0; Win64; x64) AppleWebKit/537.36 (KHTML, like Gecko) Chrome/150.0.0.0 Safari/537.36"
103.28.36.106 - - [01/Aug/2026:11:58:41 -0400] "POST /wp-login.php HTTP/2" 200 2423 "https://mail.deconnect.com.ng/wp-login.php" "Mozilla/5.0 (Windows NT 10.0; Win64; x64) AppleWebKit/537.36 (KHTML, like Gecko) Chrome/150.0.0.0 Safari/537.36"
69.57.172.212 - - [01/Aug/2026:11:58:54 -0400] "GET /wp-login.php HTTP/2" 200 2274 "-" "Mozilla/5.0 (Windows NT 10.0; Win64; x64) AppleWebKit/537.36 (KHTML, like Gecko) Chrome/150.0.0.0 Safari/537.36"
69.57.172.212 - - [01/Aug/2026:11:58:57 -0400] "POST /wp-login.php HTTP/2" 200 2435 "https://deconnect.com.ng/wp-login.php" "Mozilla/5.0 (Windows NT 10.0; Win64; x64) AppleWebKit/537.36 (KHTML, like Gecko) Chrome/150.0.0.0 Safari/537.36"
156.232.88.6 - - [01/Aug/2026:11:58:39 -0400] "POST /wp-cron.php?doing_wp_cron=1785599919.5413339138031005859375 HTTP/1.1" 200 0 "-" "WordPress/7.0.2; https://deconnect.com.ng"
156.232.88.6 - - [01/Aug/2026:11:58:57 -0400] "POST /wp-cron.php?doing_wp_cron=1785599937.2192869186401367187500 HTTP/1.1" 200 0 "-" "WordPress/7.0.2; https://deconnect.com.ng"
205.210.31.40 - - [01/Aug/2026:12:10:42 -0400] "GET / HTTP/1.1" 400 52 "-" "Hello from Palo Alto Networks, find out more about our scans in https://docs-cortex.paloaltonetworks.com/r/1/Cortex-Xpanse/Scanning-activity"
37.140.223.170 - - [01/Aug/2026:12:15:21 -0400] "POST /wp-login.php HTTP/1.1" 200 2682 "-" "Mozilla/5.0 (Macintosh; Intel Mac OS X 10_15_7) AppleWebKit/605.1.15 Version/17.0 Safari/605.1.15"
37.140.223.176 - - [01/Aug/2026:12:15:21 -0400] "POST /wp-login.php HTTP/1.1" 200 2667 "-" "Mozilla/5.0 (Windows NT 10.0; Win64; rv:143.0) Gecko/20100101 Firefox/143.0"
156.232.88.6 - - [01/Aug/2026:12:15:24 -0400] "POST /wp-cron.php?doing_wp_cron=1785600924.8100090026855468750000 HTTP/1.1" 200 0 "-" "WordPress/7.0.2; https://deconnect.com.ng"
34.14.205.91 - - [01/Aug/2026:12:32:56 -0400] "GET /.env.dev HTTP/1.1" 401 36 "-" "crusader-worker/1.0"
34.14.205.91 - - [01/Aug/2026:12:32:56 -0400] "GET /.env.backup HTTP/1.1" 401 36 "-" "crusader-worker/1.0"
34.14.205.91 - - [01/Aug/2026:12:32:56 -0400] "GET /.env.save HTTP/1.1" 401 36 "-" "crusader-worker/1.0"
34.14.205.91 - - [01/Aug/2026:12:32:56 -0400] "GET /.env HTTP/1.1" 401 36 "-" "crusader-worker/1.0"
216.73.216.103 - - [01/Aug/2026:12:34:26 -0400] "GET /robots.txt HTTP/2" 200 26 "-" "Mozilla/5.0 AppleWebKit/537.36 (KHTML, like Gecko; compatible; ClaudeBot/1.0; +claudebot@anthropic.com)"
34.14.205.91 - - [01/Aug/2026:12:32:56 -0400] "GET /.env.production HTTP/1.1" 401 36 "-" "crusader-worker/1.0"
136.144.33.247 - - [01/Aug/2026:12:35:28 -0400] "POST /wp-login.php HTTP/1.1" 200 2667 "-" "Mozilla/5.0 (Macintosh; Intel Mac OS X 10_15_7) AppleWebKit/605.1.15 Version/17.0 Safari/605.1.15"
156.232.88.6 - - [01/Aug/2026:12:35:33 -0400] "POST /wp-cron.php?doing_wp_cron=1785602133.1552538871765136718750 HTTP/1.1" 200 0 "-" "WordPress/7.0.2; https://deconnect.com.ng"
37.140.223.209 - - [01/Aug/2026:12:35:28 -0400] "POST /wp-login.php HTTP/1.1" 200 2682 "-" "Mozilla/5.0 (Windows NT 10.0; Win64; rv:143.0) Gecko/20100101 Firefox/143.0"
34.14.205.91 - - [01/Aug/2026:12:32:56 -0400] "GET /.env.local HTTP/1.1" 401 36 "-" "crusader-worker/1.0"
82.130.249.15 - - [01/Aug/2026:12:39:13 -0400] "GET /wp-login.php HTTP/2" 200 2274 "-" "Mozilla/5.0 (Windows NT 10.0; Win64; x64) AppleWebKit/537.36 (KHTML, like Gecko) Chrome/150.0.0.0 Safari/537.36"
82.130.249.15 - - [01/Aug/2026:12:39:25 -0400] "POST /wp-login.php HTTP/2" 200 2435 "https://deconnect.com.ng/wp-login.php" "Mozilla/5.0 (Windows NT 10.0; Win64; x64) AppleWebKit/537.36 (KHTML, like Gecko) Chrome/150.0.0.0 Safari/537.36"
34.14.205.91 - - [01/Aug/2026:12:32:56 -0400] "GET /.env.prod HTTP/1.1" 401 36 "-" "crusader-worker/1.0"
34.14.205.91 - - [01/Aug/2026:12:32:56 -0400] "GET /.env.old HTTP/1.1" 401 36 "-" "crusader-worker/1.0"
156.232.88.6 - - [01/Aug/2026:12:36:16 -0400] "POST /wp-cron.php?doing_wp_cron=1785602176.3726298809051513671875 HTTP/1.1" 200 0 "-" "WordPress/7.0.2; https://deconnect.com.ng"
34.14.205.91 - - [01/Aug/2026:12:32:56 -0400] "GET /.env.bak HTTP/1.1" 401 36 "-" "crusader-worker/1.0"
34.14.205.91 - - [01/Aug/2026:12:32:56 -0400] "GET /.env.example HTTP/1.1" 401 36 "-" "crusader-worker/1.0"
198.38.94.17 - - [01/Aug/2026:12:36:13 -0400] "GET /wp-login.php HTTP/2" 200 2309 "-" "Mozilla/5.0 (Windows NT 10.0; Win64; x64) AppleWebKit/537.36 (KHTML, like Gecko) Chrome/150.0.0.0 Safari/537.36"
198.38.94.17 - - [01/Aug/2026:12:36:17 -0400] "GET /wp-login.php HTTP/2" 200 2274 "-" "Mozilla/5.0 (Windows NT 10.0; Win64; x64) AppleWebKit/537.36 (KHTML, like Gecko) Chrome/150.0.0.0 Safari/537.36"
198.38.94.17 - - [01/Aug/2026:12:36:20 -0400] "POST /wp-login.php HTTP/2" 200 2413 "https://deconnect.com.ng/wp-login.php" "Mozilla/5.0 (Windows NT 10.0; Win64; x64) AppleWebKit/537.36 (KHTML, like Gecko) Chrome/150.0.0.0 Safari/537.36"
156.232.88.6 - - [01/Aug/2026:12:39:17 -0400] "POST /wp-cron.php?doing_wp_cron=1785602356.8487660884857177734375 HTTP/1.1" 200 0 "-" "WordPress/7.0.2; https://deconnect.com.ng"
8.229.1.130 - - [01/Aug/2026:12:54:55 -0400] "GET /.env.local HTTP/1.1" 404 796 "-" "crusader-worker/1.0"
37.140.223.205 - - [01/Aug/2026:12:57:25 -0400] "POST /wp-login.php HTTP/1.1" 200 2667 "-" "Mozilla/5.0 (Windows NT 10.0; Win64; x64) AppleWebKit/537.36 Chrome/129.0.0.0 Safari/537.36"
34.85.82.247 - - [01/Aug/2026:13:00:08 -0400] "GET /.env.local HTTP/1.1" 404 796 "-" "crusader-worker/1.0"
34.85.82.247 - - [01/Aug/2026:13:00:08 -0400] "GET /.env.old HTTP/1.1" 404 796 "-" "crusader-worker/1.0"
34.85.82.247 - - [01/Aug/2026:13:00:08 -0400] "GET /.env.example HTTP/1.1" 404 796 "-" "crusader-worker/1.0"
8.229.1.130 - - [01/Aug/2026:12:54:55 -0400] "GET /.env.save HTTP/1.1" 404 796 "-" "crusader-worker/1.0"
8.229.1.130 - - [01/Aug/2026:12:54:55 -0400] "GET /.env.dev HTTP/1.1" 404 796 "-" "crusader-worker/1.0"
8.229.1.130 - - [01/Aug/2026:12:54:55 -0400] "GET /.env.old HTTP/1.1" 404 796 "-" "crusader-worker/1.0"
156.232.88.6 - - [01/Aug/2026:12:54:56 -0400] "POST /wp-cron.php?doing_wp_cron=1785603295.6517319679260253906250 HTTP/1.1" 200 0 "-" "WordPress/7.0.2; https://deconnect.com.ng"
20.16.180.61 - - [01/Aug/2026:12:54:51 -0400] "GET /wp-login.php HTTP/2" 200 2274 "-" "Mozilla/5.0 (Windows NT 10.0; Win64; x64) AppleWebKit/537.36 (KHTML, like Gecko) Chrome/150.0.0.0 Safari/537.36"
156.232.88.6 - - [01/Aug/2026:12:57:28 -0400] "POST /wp-cron.php?doing_wp_cron=1785603448.2994670867919921875000 HTTP/1.1" 200 0 "-" "WordPress/7.0.2; https://deconnect.com.ng"
34.85.82.247 - - [01/Aug/2026:13:00:08 -0400] "GET /.env HTTP/1.1" 404 796 "-" "crusader-worker/1.0"
8.229.1.130 - - [01/Aug/2026:12:54:55 -0400] "GET /.env.example HTTP/1.1" 404 796 "-" "crusader-worker/1.0"
8.229.1.130 - - [01/Aug/2026:12:54:55 -0400] "GET /.env HTTP/1.1" 404 796 "-" "crusader-worker/1.0"
34.85.82.247 - - [01/Aug/2026:13:00:08 -0400] "GET /.env.production HTTP/1.1" 404 796 "-" "crusader-worker/1.0"
34.85.82.247 - - [01/Aug/2026:13:00:08 -0400] "GET /.env.dev HTTP/1.1" 404 796 "-" "crusader-worker/1.0"
34.85.82.247 - - [01/Aug/2026:13:00:08 -0400] "GET /.env.backup HTTP/1.1" 404 796 "-" "crusader-worker/1.0"
8.229.1.130 - - [01/Aug/2026:12:54:55 -0400] "GET /.env.bak HTTP/1.1" 404 796 "-" "crusader-worker/1.0"
37.140.223.165 - - [01/Aug/2026:12:57:25 -0400] "POST /wp-login.php HTTP/1.1" 200 2682 "-" "Mozilla/5.0 (Windows NT 10.0; Win64; x64) AppleWebKit/537.36 Chrome/129.0.0.0 Safari/537.36"
34.85.82.247 - - [01/Aug/2026:13:00:08 -0400] "GET /.env.bak HTTP/1.1" 404 796 "-" "crusader-worker/1.0"
8.229.1.130 - - [01/Aug/2026:12:54:55 -0400] "GET /.env.production HTTP/1.1" 404 796 "-" "crusader-worker/1.0"
34.85.82.247 - - [01/Aug/2026:13:00:08 -0400] "GET /.env.save HTTP/1.1" 404 796 "-" "crusader-worker/1.0"
8.229.1.130 - - [01/Aug/2026:12:54:55 -0400] "GET /.env.prod HTTP/1.1" 404 796 "-" "crusader-worker/1.0"
8.229.1.130 - - [01/Aug/2026:12:54:55 -0400] "GET /.env.backup HTTP/1.1" 404 796 "-" "crusader-worker/1.0"
34.85.82.247 - - [01/Aug/2026:13:00:08 -0400] "GET /.env.prod HTTP/1.1" 404 796 "-" "crusader-worker/1.0"
17.22.245.226 - - [01/Aug/2026:13:19:52 -0400] "GET /courses/content-marketing/lessons/lesson/ HTTP/2" 404 796 "-" "Mozilla/5.0 (Macintosh; Intel Mac OS X 10_15_7) AppleWebKit/605.1.15 (KHTML, like Gecko) Version/17.4 Safari/605.1.15 (Applebot/0.1; +http://www.apple.com/go/applebot)"
192.250.235.218 - - [01/Aug/2026:13:11:52 -0400] "GET /wp-login.php HTTP/2" 200 2274 "-" "Mozilla/5.0 (Windows NT 10.0; Win64; x64) AppleWebKit/537.36 (KHTML, like Gecko) Chrome/150.0.0.0 Safari/537.36"
192.250.235.218 - - [01/Aug/2026:13:11:59 -0400] "POST /wp-login.php HTTP/2" 200 2435 "https://deconnect.com.ng/wp-login.php" "Mozilla/5.0 (Windows NT 10.0; Win64; x64) AppleWebKit/537.36 (KHTML, like Gecko) Chrome/150.0.0.0 Safari/537.36"
104.210.140.135 - - [01/Aug/2026:13:25:31 -0400] "GET /robots.txt HTTP/2" 200 92 "-" "Mozilla/5.0 (Macintosh; Intel Mac OS X 10_15_7) AppleWebKit/537.36 (KHTML, like Gecko) Chrome/131.0.0.0 Safari/537.36; compatible; OAI-SearchBot/1.0; +https://openai.com/searchbot"
156.232.88.6 - - [01/Aug/2026:13:11:58 -0400] "POST /wp-cron.php?doing_wp_cron=1785604318.8100769519805908203125 HTTP/1.1" 200 0 "-" "WordPress/7.0.2; https://deconnect.com.ng"
37.140.223.167 - - [01/Aug/2026:13:17:37 -0400] "POST /wp-login.php HTTP/1.1" 200 2667 "-" "Mozilla/5.0 (Windows NT 10.0; Win64; rv:143.0) Gecko/20100101 Firefox/143.0"
136.144.33.41 - - [01/Aug/2026:13:17:37 -0400] "POST /wp-login.php HTTP/1.1" 200 2682 "-" "Mozilla/5.0 (Windows NT 10.0; Win64; rv:143.0) Gecko/20100101 Firefox/143.0"
51.120.76.82 - - [01/Aug/2026:13:34:35 -0400] "GET /wp-content/plugins/hellopress/wp_filemanager.php HTTP/1.1" 404 5749 "-" "-"
51.120.76.82 - - [01/Aug/2026:13:34:35 -0400] "GET /this_is_a_new_hello_world.php HTTP/1.1" 404 5749 "-" "-"
51.120.76.82 - - [01/Aug/2026:13:34:36 -0400] "GET /err.php HTTP/1.1" 404 5749 "-" "-"
51.120.76.82 - - [01/Aug/2026:13:34:36 -0400] "GET /img.php HTTP/1.1" 404 5749 "-" "-"
51.120.76.82 - - [01/Aug/2026:13:34:37 -0400] "GET /aa.php HTTP/1.1" 404 5749 "-" "-"
51.120.76.82 - - [01/Aug/2026:13:34:37 -0400] "GET /av.php HTTP/1.1" 404 5749 "-" "-"
51.120.76.82 - - [01/Aug/2026:13:34:39 -0400] "GET /xa.php HTTP/1.1" 404 5749 "-" "-"
51.120.76.82 - - [01/Aug/2026:13:34:39 -0400] "GET /media.php HTTP/1.1" 404 5749 "-" "-"
51.120.76.82 - - [01/Aug/2026:13:34:39 -0400] "GET /images.php HTTP/1.1" 404 5749 "-" "-"
51.120.76.82 - - [01/Aug/2026:13:34:40 -0400] "GET /xp.php HTTP/1.1" 404 5749 "-" "-"
51.120.76.82 - - [01/Aug/2026:13:34:40 -0400] "GET /admin.php HTTP/1.1" 404 5749 "-" "-"
51.120.76.82 - - [01/Aug/2026:13:34:41 -0400] "GET /222.php HTTP/1.1" 404 5749 "-" "-"
51.120.76.82 - - [01/Aug/2026:13:34:41 -0400] "GET /mac.php HTTP/1.1" 404 5749 "-" "-"
51.120.76.82 - - [01/Aug/2026:13:34:41 -0400] "GET /ops.php HTTP/1.1" 404 5749 "-" "-"
51.120.76.82 - - [01/Aug/2026:13:34:42 -0400] "GET /8.php HTTP/1.1" 404 5749 "-" "-"
51.120.76.82 - - [01/Aug/2026:13:34:42 -0400] "GET /biufile.php HTTP/1.1" 404 5749 "-" "-"
51.120.76.82 - - [01/Aug/2026:13:34:42 -0400] "GET /coffexium.php HTTP/1.1" 404 5749 "-" "-"
51.120.76.82 - - [01/Aug/2026:13:34:42 -0400] "GET /dex.php HTTP/1.1" 404 5749 "-" "-"
51.120.76.82 - - [01/Aug/2026:13:34:43 -0400] "GET /1.php HTTP/1.1" 404 5749 "-" "-"
51.120.76.82 - - [01/Aug/2026:13:34:43 -0400] "GET /coffee.php HTTP/1.1" 404 5749 "-" "-"
51.120.76.82 - - [01/Aug/2026:13:34:44 -0400] "GET /classwithtostring.php?p= HTTP/1.1" 404 5749 "-" "-"
51.120.76.82 - - [01/Aug/2026:13:34:44 -0400] "GET /wp-ws68.php?p= HTTP/1.1" 404 5749 "-" "-"
51.120.76.82 - - [01/Aug/2026:13:34:44 -0400] "GET /mgrr.php HTTP/1.1" 404 5749 "-" "-"
51.120.76.82 - - [01/Aug/2026:13:34:44 -0400] "GET /55.php?p= HTTP/1.1" 404 5749 "-" "-"
51.120.76.82 - - [01/Aug/2026:13:34:45 -0400] "GET /ajax.php HTTP/1.1" 404 5749 "-" "-"
51.120.76.82 - - [01/Aug/2026:13:34:45 -0400] "GET /yj09.php HTTP/1.1" 404 5749 "-" "-"
51.120.76.82 - - [01/Aug/2026:13:34:45 -0400] "GET /ora.php HTTP/1.1" 404 5749 "-" "-"
51.120.76.82 - - [01/Aug/2026:13:34:46 -0400] "GET /scxy.php HTTP/1.1" 404 5749 "-" "-"
51.120.76.82 - - [01/Aug/2026:13:34:46 -0400] "GET /ws13.php?p= HTTP/1.1" 404 5749 "-" "-"
51.120.76.82 - - [01/Aug/2026:13:34:46 -0400] "GET /btx25.php HTTP/1.1" 404 5749 "-" "-"
51.120.76.82 - - [01/Aug/2026:13:34:47 -0400] "GET /xpohywjo.php HTTP/1.1" 404 5749 "-" "-"
51.120.76.82 - - [01/Aug/2026:13:34:47 -0400] "GET /ecvvhlei.php HTTP/1.1" 404 5749 "-" "-"
51.120.76.82 - - [01/Aug/2026:13:34:47 -0400] "GET /SDsadqwrf.php HTTP/1.1" 404 5749 "-" "-"
51.120.76.82 - - [01/Aug/2026:13:34:48 -0400] "GET /ssjpxze.php HTTP/1.1" 404 5749 "-" "-"
51.120.76.82 - - [01/Aug/2026:13:34:48 -0400] "GET /ors32envu.php HTTP/1.1" 404 5749 "-" "-"
51.120.76.82 - - [01/Aug/2026:13:34:48 -0400] "GET /3PJcpMFsD8B.php HTTP/1.1" 404 5749 "-" "-"
51.120.76.82 - - [01/Aug/2026:13:34:49 -0400] "GET /BDKR28WP.php HTTP/1.1" 404 5749 "-" "-"
156.232.88.6 - - [01/Aug/2026:13:17:42 -0400] "POST /wp-cron.php?doing_wp_cron=1785604661.8034000396728515625000 HTTP/1.1" 200 0 "-" "WordPress/7.0.2; https://deconnect.com.ng"
156.232.88.6 - - [01/Aug/2026:13:39:38 -0400] "POST /wp-cron.php?doing_wp_cron=1785605977.3138899803161621093750 HTTP/1.1" 200 0 "-" "WordPress/7.0.2; https://deconnect.com.ng"
37.140.223.205 - - [01/Aug/2026:13:39:33 -0400] "POST /wp-login.php HTTP/1.1" 200 2667 "-" "Mozilla/5.0 (Macintosh; Intel Mac OS X 10_15_7) AppleWebKit/605.1.15 Version/17.0 Safari/605.1.15"
37.140.223.172 - - [01/Aug/2026:13:39:33 -0400] "POST /wp-login.php HTTP/1.1" 200 2682 "-" "Mozilla/5.0 (Macintosh; Intel Mac OS X 10_15_7) AppleWebKit/605.1.15 Version/17.0 Safari/605.1.15"
156.232.88.6 - - [01/Aug/2026:13:52:28 -0400] "POST /wp-cron.php?doing_wp_cron=1785606748.1603651046752929687500 HTTP/1.1" 200 0 "-" "WordPress/7.0.2; https://deconnect.com.ng"
156.232.88.6 - - [01/Aug/2026:13:52:22 -0400] "GET / HTTP/1.1" 200 2279934 "-" "Softaculous"
156.232.88.6 - - [01/Aug/2026:13:52:57 -0400] "POST /wp-cron.php?doing_wp_cron=1785606777.5223619937896728515625 HTTP/1.1" 200 0 "-" "WordPress/7.0.2; https://deconnect.com.ng"
37.140.223.193 - - [01/Aug/2026:13:59:33 -0400] "POST /wp-login.php HTTP/1.1" 200 2667 "-" "Mozilla/5.0 (Windows NT 10.0; Win64; x64) AppleWebKit/537.36 Chrome/129.0.0.0 Safari/537.36"
198.38.94.66 - - [01/Aug/2026:14:04:32 -0400] "GET /wp-login.php HTTP/2" 200 2274 "-" "Mozilla/5.0 (Windows NT 10.0; Win64; x64) AppleWebKit/537.36 (KHTML, like Gecko) Chrome/150.0.0.0 Safari/537.36"
198.38.94.66 - - [01/Aug/2026:14:04:37 -0400] "POST /wp-login.php HTTP/2" 200 2413 "https://deconnect.com.ng/wp-login.php" "Mozilla/5.0 (Windows NT 10.0; Win64; x64) AppleWebKit/537.36 (KHTML, like Gecko) Chrome/150.0.0.0 Safari/537.36"
93.185.162.128 - - [01/Aug/2026:14:09:43 -0400] "GET / HTTP/1.1" 200 211528 "-" "Mozilla/5.0 (compatible; WP-Safe-Scanner/1.0)"
156.232.88.6 - - [01/Aug/2026:13:59:39 -0400] "POST /wp-cron.php?doing_wp_cron=1785607179.3364489078521728515625 HTTP/1.1" 200 0 "-" "WordPress/7.0.2; https://deconnect.com.ng"
156.232.88.6 - - [01/Aug/2026:14:04:25 -0400] "POST /wp-cron.php?doing_wp_cron=1785607465.3131439685821533203125 HTTP/1.1" 200 0 "-" "WordPress/7.0.2; https://deconnect.com.ng"
172.245.102.81 - - [01/Aug/2026:13:59:33 -0400] "POST /wp-login.php HTTP/1.1" 200 2682 "-" "Mozilla/5.0 (Windows NT 10.0; Win64; x64) AppleWebKit/537.36 Chrome/129.0.0.0 Safari/537.36"
198.38.94.66 - - [01/Aug/2026:14:04:21 -0400] "GET /wp-login.php HTTP/2" 200 2309 "-" "Mozilla/5.0 (Windows NT 10.0; Win64; x64) AppleWebKit/537.36 (KHTML, like Gecko) Chrome/150.0.0.0 Safari/537.36"
156.232.88.6 - - [01/Aug/2026:14:21:59 -0400] "POST /wp-cron.php?doing_wp_cron=1785608519.4376850128173828125000 HTTP/1.1" 200 0 "-" "WordPress/7.0.2; https://deconnect.com.ng"
93.185.162.128 - - [01/Aug/2026:14:18:30 -0400] "GET /wp-admin/ HTTP/1.1" 302 0 "-" "Mozilla/5.0 (compatible; WP-Safe-Scanner/1.0)"
156.232.88.6 - - [01/Aug/2026:14:22:00 -0400] "POST /wp-cron.php?doing_wp_cron=1785608519.8382940292358398437500 HTTP/1.1" 200 0 "-" "WordPress/7.0.2; https://deconnect.com.ng"
156.232.88.6 - - [01/Aug/2026:14:18:45 -0400] "POST /wp-cron.php?doing_wp_cron=1785608325.2876329421997070312500 HTTP/1.1" 200 0 "-" "WordPress/7.0.2; https://deconnect.com.ng"
156.232.88.6 - - [01/Aug/2026:14:18:27 -0400] "POST /wp-admin/admin-ajax.php?action=as_async_request_queue_runner&nonce=c5cfb40ca3 HTTP/1.1" 200 0 "-" "WordPress/7.0.2; https://deconnect.com.ng"
172.245.102.82 - - [01/Aug/2026:14:21:55 -0400] "POST /wp-login.php HTTP/1.1" 200 2667 "-" "Mozilla/5.0 (Windows NT 10.0; Win64; x64) AppleWebKit/537.36 Chrome/129.0.0.0 Safari/537.36"
37.140.223.170 - - [01/Aug/2026:14:21:55 -0400] "POST /wp-login.php HTTP/1.1" 200 2682 "-" "Mozilla/5.0 (Macintosh; Intel Mac OS X 10_15_7) AppleWebKit/605.1.15 Version/17.0 Safari/605.1.15"
156.232.88.6 - - [01/Aug/2026:14:45:31 -0400] "POST /wp-cron.php?doing_wp_cron=1785609930.4696810245513916015625 HTTP/1.1" 200 0 "-" "WordPress/7.0.2; https://deconnect.com.ng"
37.140.223.186 - - [01/Aug/2026:14:42:18 -0400] "POST /wp-login.php HTTP/1.1" 200 2682 "-" "Mozilla/5.0 (Macintosh; Intel Mac OS X 10_15_7) AppleWebKit/605.1.15 Version/17.0 Safari/605.1.15"
37.140.223.181 - - [01/Aug/2026:14:42:18 -0400] "POST /wp-login.php HTTP/1.1" 200 2667 "-" "Mozilla/5.0 (Windows NT 10.0; Win64; rv:143.0) Gecko/20100101 Firefox/143.0"
143.14.11.140 - - [01/Aug/2026:14:45:28 -0400] "GET /wp-login.php HTTP/2" 200 2309 "-" "Mozilla/5.0 (Windows NT 10.0; Win64; x64) AppleWebKit/537.36 (KHTML, like Gecko) Chrome/150.0.0.0 Safari/537.36"
156.232.88.6 - - [01/Aug/2026:14:42:22 -0400] "POST /wp-cron.php?doing_wp_cron=1785609742.5831360816955566406250 HTTP/1.1" 200 0 "-" "WordPress/7.0.2; https://deconnect.com.ng"
143.14.11.140 - - [01/Aug/2026:14:45:32 -0400] "POST /wp-login.php HTTP/2" 200 2423 "https://mail.deconnect.com.ng/wp-login.php" "Mozilla/5.0 (Windows NT 10.0; Win64; x64) AppleWebKit/537.36 (KHTML, like Gecko) Chrome/150.0.0.0 Safari/537.36"
156.232.88.6 - - [01/Aug/2026:14:50:30 -0400] "POST /wp-cron.php?doing_wp_cron=1785610230.4327399730682373046875 HTTP/1.1" 200 0 "-" "WordPress/7.0.2; https://deconnect.com.ng"
173.209.48.90 - - [01/Aug/2026:14:50:27 -0400] "GET /wp-login.php HTTP/2" 200 2309 "-" "Mozilla/5.0 (Windows NT 10.0; Win64; x64) AppleWebKit/537.36 (KHTML, like Gecko) Chrome/150.0.0.0 Safari/537.36"
173.209.48.90 - - [01/Aug/2026:14:50:31 -0400] "GET /wp-login.php HTTP/2" 200 2274 "-" "Mozilla/5.0 (Windows NT 10.0; Win64; x64) AppleWebKit/537.36 (KHTML, like Gecko) Chrome/150.0.0.0 Safari/537.36"
173.209.48.90 - - [01/Aug/2026:14:50:35 -0400] "POST /wp-login.php HTTP/2" 200 2413 "https://deconnect.com.ng/wp-login.php" "Mozilla/5.0 (Windows NT 10.0; Win64; x64) AppleWebKit/537.36 (KHTML, like Gecko) Chrome/150.0.0.0 Safari/537.36"
37.140.223.213 - - [01/Aug/2026:15:04:25 -0400] "POST /wp-login.php HTTP/1.1" 200 2682 "-" "Mozilla/5.0 (Macintosh; Intel Mac OS X 10_15_7) AppleWebKit/605.1.15 Version/17.0 Safari/605.1.15"
156.232.88.6 - - [01/Aug/2026:15:04:29 -0400] "POST /wp-cron.php?doing_wp_cron=1785611069.4383950233459472656250 HTTP/1.1" 200 0 "-" "WordPress/7.0.2; https://deconnect.com.ng"
37.140.223.202 - - [01/Aug/2026:15:04:25 -0400] "POST /wp-login.php HTTP/1.1" 200 2667 "-" "Mozilla/5.0 (Windows NT 10.0; Win64; rv:143.0) Gecko/20100101 Firefox/143.0"
156.232.88.6 - - [01/Aug/2026:15:04:29 -0400] "POST /wp-cron.php?doing_wp_cron=1785611069.4382479190826416015625 HTTP/1.1" 200 0 "-" "WordPress/7.0.2; https://deconnect.com.ng"
156.232.88.6 - - [01/Aug/2026:15:11:49 -0400] "POST /wp-cron.php?doing_wp_cron=1785611509.6151139736175537109375 HTTP/1.1" 200 0 "-" "WordPress/7.0.2; https://deconnect.com.ng"
156.232.88.6 - - [01/Aug/2026:15:11:26 -0400] "POST /wp-cron.php?doing_wp_cron=1785611486.8065528869628906250000 HTTP/1.1" 200 0 "-" "WordPress/7.0.2; https://deconnect.com.ng"
192.250.229.40 - - [01/Aug/2026:15:11:23 -0400] "GET /wp-login.php HTTP/2" 200 2309 "-" "Mozilla/5.0 (Windows NT 10.0; Win64; x64) AppleWebKit/537.36 (KHTML, like Gecko) Chrome/150.0.0.0 Safari/537.36"
192.250.229.40 - - [01/Aug/2026:15:11:47 -0400] "GET /wp-login.php HTTP/2" 200 2274 "-" "Mozilla/5.0 (Windows NT 10.0; Win64; x64) AppleWebKit/537.36 (KHTML, like Gecko) Chrome/150.0.0.0 Safari/537.36"
192.250.229.40 - - [01/Aug/2026:15:11:49 -0400] "POST /wp-login.php HTTP/2" 200 2413 "https://deconnect.com.ng/wp-login.php" "Mozilla/5.0 (Windows NT 10.0; Win64; x64) AppleWebKit/537.36 (KHTML, like Gecko) Chrome/150.0.0.0 Safari/537.36"
156.232.88.6 - - [01/Aug/2026:15:24:54 -0400] "POST /wp-cron.php?doing_wp_cron=1785612293.5822200775146484375000 HTTP/1.1" 200 0 "-" "WordPress/7.0.2; https://deconnect.com.ng"
37.140.223.176 - - [01/Aug/2026:15:24:49 -0400] "POST /wp-login.php HTTP/1.1" 200 2667 "-" "Mozilla/5.0 (Windows NT 10.0; Win64; rv:143.0) Gecko/20100101 Firefox/143.0"
37.140.223.209 - - [01/Aug/2026:15:24:49 -0400] "POST /wp-login.php HTTP/1.1" 200 2682 "-" "Mozilla/5.0 (Windows NT 10.0; Win64; rv:143.0) Gecko/20100101 Firefox/143.0"
156.232.88.6 - - [01/Aug/2026:15:36:02 -0400] "POST /wp-cron.php?doing_wp_cron=1785612962.4609689712524414062500 HTTP/1.1" 200 0 "-" "WordPress/7.0.2; https://deconnect.com.ng"
144.16.144.93 - - [01/Aug/2026:15:35:59 -0400] "GET /wp-login.php HTTP/2" 200 2274 "-" "Mozilla/5.0 (Windows NT 10.0; Win64; x64) AppleWebKit/537.36 (KHTML, like Gecko) Chrome/150.0.0.0 Safari/537.36"
144.16.144.93 - - [01/Aug/2026:15:36:03 -0400] "POST /wp-login.php HTTP/2" 200 2435 "https://deconnect.com.ng/wp-login.php" "Mozilla/5.0 (Windows NT 10.0; Win64; x64) AppleWebKit/537.36 (KHTML, like Gecko) Chrome/150.0.0.0 Safari/537.36"
20.100.203.84 - - [01/Aug/2026:15:30:57 -0400] "GET /wp-content/plugins/hellopress/wp_filemanager.php HTTP/1.1" 401 36 "-" "-"
20.100.203.84 - - [01/Aug/2026:15:30:57 -0400] "GET /this_is_a_new_hello_world.php HTTP/1.1" 401 36 "-" "-"
20.100.203.84 - - [01/Aug/2026:15:30:57 -0400] "GET /err.php HTTP/1.1" 401 36 "-" "-"
