20.100.203.84 - - [01/Aug/2026:15:30:58 -0400] "GET /img.php HTTP/1.1" 401 36 "-" "-"
20.100.203.84 - - [01/Aug/2026:15:30:58 -0400] "GET /aa.php HTTP/1.1" 401 36 "-" "-"
20.100.203.84 - - [01/Aug/2026:15:30:58 -0400] "GET /av.php HTTP/1.1" 401 36 "-" "-"
20.100.203.84 - - [01/Aug/2026:15:30:59 -0400] "GET /xa.php HTTP/1.1" 401 36 "-" "-"
20.100.203.84 - - [01/Aug/2026:15:31:00 -0400] "GET /media.php HTTP/1.1" 401 36 "-" "-"
20.100.203.84 - - [01/Aug/2026:15:31:00 -0400] "GET /images.php HTTP/1.1" 401 36 "-" "-"
20.100.203.84 - - [01/Aug/2026:15:31:00 -0400] "GET /xp.php HTTP/1.1" 401 36 "-" "-"
20.100.203.84 - - [01/Aug/2026:15:31:00 -0400] "GET /admin.php HTTP/1.1" 401 36 "-" "-"
20.100.203.84 - - [01/Aug/2026:15:31:01 -0400] "GET /222.php HTTP/1.1" 401 36 "-" "-"
20.100.203.84 - - [01/Aug/2026:15:31:01 -0400] "GET /mac.php HTTP/1.1" 401 36 "-" "-"
20.100.203.84 - - [01/Aug/2026:15:31:02 -0400] "GET /ops.php HTTP/1.1" 401 36 "-" "-"
20.100.203.84 - - [01/Aug/2026:15:31:02 -0400] "GET /8.php HTTP/1.1" 401 36 "-" "-"
20.100.203.84 - - [01/Aug/2026:15:31:02 -0400] "GET /biufile.php HTTP/1.1" 401 36 "-" "-"
20.100.203.84 - - [01/Aug/2026:15:31:03 -0400] "GET /coffexium.php HTTP/1.1" 401 36 "-" "-"
20.100.203.84 - - [01/Aug/2026:15:31:03 -0400] "GET /dex.php HTTP/1.1" 401 36 "-" "-"
20.100.203.84 - - [01/Aug/2026:15:31:04 -0400] "GET /1.php HTTP/1.1" 401 36 "-" "-"
20.100.203.84 - - [01/Aug/2026:15:31:04 -0400] "GET /coffee.php HTTP/1.1" 401 36 "-" "-"
20.100.203.84 - - [01/Aug/2026:15:31:04 -0400] "GET /classwithtostring.php HTTP/1.1" 401 36 "-" "-"
20.100.203.84 - - [01/Aug/2026:15:31:05 -0400] "GET /wp-ws68.php HTTP/1.1" 401 36 "-" "-"
20.100.203.84 - - [01/Aug/2026:15:31:05 -0400] "GET /mgrr.php HTTP/1.1" 401 36 "-" "-"
20.100.203.84 - - [01/Aug/2026:15:31:05 -0400] "GET /55.php HTTP/1.1" 401 36 "-" "-"
20.100.203.84 - - [01/Aug/2026:15:31:06 -0400] "GET /ajax.php HTTP/1.1" 401 36 "-" "-"
20.100.203.84 - - [01/Aug/2026:15:31:06 -0400] "GET /yj09.php HTTP/1.1" 401 36 "-" "-"
20.100.203.84 - - [01/Aug/2026:15:31:07 -0400] "GET /ora.php HTTP/1.1" 401 36 "-" "-"
20.100.203.84 - - [01/Aug/2026:15:31:07 -0400] "GET /scxy.php HTTP/1.1" 401 36 "-" "-"
20.100.203.84 - - [01/Aug/2026:15:31:07 -0400] "GET /ws13.php HTTP/1.1" 401 36 "-" "-"
20.100.203.84 - - [01/Aug/2026:15:31:08 -0400] "GET /btx25.php HTTP/1.1" 401 36 "-" "-"
20.100.203.84 - - [01/Aug/2026:15:31:08 -0400] "GET /xpohywjo.php HTTP/1.1" 401 36 "-" "-"
20.100.203.84 - - [01/Aug/2026:15:31:09 -0400] "GET /ecvvhlei.php HTTP/1.1" 401 36 "-" "-"
20.100.203.84 - - [01/Aug/2026:15:31:09 -0400] "GET /SDsadqwrf.php HTTP/1.1" 401 36 "-" "-"
20.100.203.84 - - [01/Aug/2026:15:31:09 -0400] "GET /ssjpxze.php HTTP/1.1" 401 36 "-" "-"
20.100.203.84 - - [01/Aug/2026:15:31:10 -0400] "GET /ors32envu.php HTTP/1.1" 401 36 "-" "-"
20.100.203.84 - - [01/Aug/2026:15:31:10 -0400] "GET /3PJcpMFsD8B.php HTTP/1.1" 401 36 "-" "-"
20.100.203.84 - - [01/Aug/2026:15:31:11 -0400] "GET /BDKR28WP.php HTTP/1.1" 401 36 "-" "-"
190.92.174.30 - - [01/Aug/2026:16:01:34 -0400] "GET /wp-login.php HTTP/2" 200 2309 "-" "Mozilla/5.0 (Windows NT 10.0; Win64; x64) AppleWebKit/537.36 (KHTML, like Gecko) Chrome/150.0.0.0 Safari/537.36"
37.140.223.208 - - [01/Aug/2026:15:46:59 -0400] "POST /wp-login.php HTTP/1.1" 200 2682 "-" "Mozilla/5.0 (Macintosh; Intel Mac OS X 10_15_7) AppleWebKit/605.1.15 Version/17.0 Safari/605.1.15"
156.232.88.6 - - [01/Aug/2026:16:01:37 -0400] "POST /wp-cron.php?doing_wp_cron=1785614497.4081630706787109375000 HTTP/1.1" 200 0 "-" "WordPress/7.0.2; https://deconnect.com.ng"
156.232.88.6 - - [01/Aug/2026:16:02:00 -0400] "POST /wp-cron.php?doing_wp_cron=1785614520.1004459857940673828125 HTTP/1.1" 200 0 "-" "WordPress/7.0.2; https://deconnect.com.ng"
37.140.223.189 - - [01/Aug/2026:15:46:59 -0400] "POST /wp-login.php HTTP/1.1" 200 2667 "-" "Mozilla/5.0 (Macintosh; Intel Mac OS X 10_15_7) AppleWebKit/605.1.15 Version/17.0 Safari/605.1.15"
156.232.88.6 - - [01/Aug/2026:15:47:03 -0400] "POST /wp-cron.php?doing_wp_cron=1785613622.9126830101013183593750 HTTP/1.1" 200 0 "-" "WordPress/7.0.2; https://deconnect.com.ng"
190.92.174.30 - - [01/Aug/2026:16:01:57 -0400] "GET /wp-login.php HTTP/2" 200 2274 "-" "Mozilla/5.0 (Windows NT 10.0; Win64; x64) AppleWebKit/537.36 (KHTML, like Gecko) Chrome/150.0.0.0 Safari/537.36"
190.92.174.30 - - [01/Aug/2026:16:02:00 -0400] "POST /wp-login.php HTTP/2" 200 2413 "https://deconnect.com.ng/wp-login.php" "Mozilla/5.0 (Windows NT 10.0; Win64; x64) AppleWebKit/537.36 (KHTML, like Gecko) Chrome/150.0.0.0 Safari/537.36"
156.232.88.6 - - [01/Aug/2026:16:15:04 -0400] "POST /wp-cron.php?doing_wp_cron=1785615304.0820798873901367187500 HTTP/1.1" 200 0 "-" "WordPress/7.0.2; https://deconnect.com.ng"
156.232.88.6 - - [01/Aug/2026:16:14:41 -0400] "POST /wp-cron.php?doing_wp_cron=1785615281.0121710300445556640625 HTTP/1.1" 200 0 "-" "WordPress/7.0.2; https://deconnect.com.ng"
209.42.28.124 - - [01/Aug/2026:16:15:00 -0400] "GET /wp-login.php HTTP/2" 200 2274 "-" "Mozilla/5.0 (Windows NT 10.0; Win64; x64) AppleWebKit/537.36 (KHTML, like Gecko) Chrome/150.0.0.0 Safari/537.36"
209.42.28.124 - - [01/Aug/2026:16:15:04 -0400] "POST /wp-login.php HTTP/2" 200 2413 "https://deconnect.com.ng/wp-login.php" "Mozilla/5.0 (Windows NT 10.0; Win64; x64) AppleWebKit/537.36 (KHTML, like Gecko) Chrome/150.0.0.0 Safari/537.36"
209.42.28.124 - - [01/Aug/2026:16:14:37 -0400] "GET /wp-login.php HTTP/2" 200 2309 "-" "Mozilla/5.0 (Windows NT 10.0; Win64; x64) AppleWebKit/537.36 (KHTML, like Gecko) Chrome/150.0.0.0 Safari/537.36"
156.232.88.6 - - [01/Aug/2026:16:04:25 -0400] "POST /wp-cron.php?doing_wp_cron=1785614665.1319909095764160156250 HTTP/1.1" 200 0 "-" "WordPress/7.0.2; https://deconnect.com.ng"
72.63.14.112 - - [01/Aug/2026:16:04:22 -0400] "GET / HTTP/1.1" 200 180521 "-" "Mozilla/5.0 (X11; Linux i686; rv:109.0) Gecko/20100101 Firefox/120.0"
209.42.28.124 - - [01/Aug/2026:16:25:19 -0400] "GET /wp-login.php HTTP/2" 200 2309 "-" "Mozilla/5.0 (Windows NT 10.0; Win64; x64) AppleWebKit/537.36 (KHTML, like Gecko) Chrome/150.0.0.0 Safari/537.36"
156.232.88.6 - - [01/Aug/2026:16:25:22 -0400] "POST /wp-cron.php?doing_wp_cron=1785615922.1390891075134277343750 HTTP/1.1" 200 0 "-" "WordPress/7.0.2; https://deconnect.com.ng"
65.181.113.41 - - [01/Aug/2026:16:50:11 -0400] "GET /wp-login.php HTTP/2" 200 2274 "-" "Mozilla/5.0 (Windows NT 10.0; Win64; x64) AppleWebKit/537.36 (KHTML, like Gecko) Chrome/150.0.0.0 Safari/537.36"
65.181.113.41 - - [01/Aug/2026:16:50:14 -0400] "POST /wp-login.php HTTP/2" 200 2435 "https://deconnect.com.ng/wp-login.php" "Mozilla/5.0 (Windows NT 10.0; Win64; x64) AppleWebKit/537.36 (KHTML, like Gecko) Chrome/150.0.0.0 Safari/537.36"
156.232.88.6 - - [01/Aug/2026:16:50:14 -0400] "POST /wp-cron.php?doing_wp_cron=1785617414.4930729866027832031250 HTTP/1.1" 200 0 "-" "WordPress/7.0.2; https://deconnect.com.ng"
205.210.31.132 - - [01/Aug/2026:17:02:40 -0400] "GET / HTTP/1.1" 401 36 "-" "Hello from Palo Alto Networks, find out more about our scans in https://docs-cortex.paloaltonetworks.com/r/1/Cortex-Xpanse/Scanning-activity"
69.57.172.110 - - [01/Aug/2026:17:02:14 -0400] "GET /wp-login.php HTTP/2" 200 2274 "-" "Mozilla/5.0 (Windows NT 10.0; Win64; x64) AppleWebKit/537.36 (KHTML, like Gecko) Chrome/150.0.0.0 Safari/537.36"
69.57.172.110 - - [01/Aug/2026:17:02:17 -0400] "POST /wp-login.php HTTP/2" 200 2435 "https://deconnect.com.ng/wp-login.php" "Mozilla/5.0 (Windows NT 10.0; Win64; x64) AppleWebKit/537.36 (KHTML, like Gecko) Chrome/150.0.0.0 Safari/537.36"
156.232.88.6 - - [01/Aug/2026:17:02:17 -0400] "POST /wp-cron.php?doing_wp_cron=1785618137.4863240718841552734375 HTTP/1.1" 200 0 "-" "WordPress/7.0.2; https://deconnect.com.ng"
156.232.88.6 - - [01/Aug/2026:17:37:18 -0400] "POST /wp-cron.php?doing_wp_cron=1785620238.4087920188903808593750 HTTP/1.1" 200 0 "-" "WordPress/7.0.2; https://deconnect.com.ng"
156.232.88.6 - - [01/Aug/2026:17:45:48 -0400] "POST /wp-cron.php?doing_wp_cron=1785620745.7167301177978515625000 HTTP/1.1" 200 0 "-" "WordPress/7.0.2; https://deconnect.com.ng"
68.210.136.250 - - [01/Aug/2026:17:46:41 -0400] "GET /?rest_route=/wp/v2/users HTTP/1.1" 200 447 "-" "Mozilla/5.0 (Macintosh; Intel Mac OS X 10_15_7) AppleWebKit/605.1.15 Version/17.0 Safari/605.1.15"
68.210.136.250 - - [01/Aug/2026:17:45:49 -0400] "GET /?author=1 HTTP/1.1" 301 0 "-" "Mozilla/5.0 (Windows NT 10.0; Win64; x64) AppleWebKit/537.36 Chrome/129.0.0.0 Safari/537.36"
68.210.136.250 - - [01/Aug/2026:17:46:10 -0400] "GET /?rest_route=/wp/v2/users HTTP/1.1" 200 447 "-" "Mozilla/5.0 (Macintosh; Intel Mac OS X 10_15_7) AppleWebKit/605.1.15 Version/17.0 Safari/605.1.15"
68.210.136.250 - - [01/Aug/2026:17:46:25 -0400] "GET /?author=2 HTTP/1.1" 200 190505 "-" "Mozilla/5.0 (Windows NT 10.0; Win64; rv:143.0) Gecko/20100101 Firefox/143.0"
68.210.136.250 - - [01/Aug/2026:17:46:31 -0400] "GET /?rest_route=/wp/v2/users HTTP/1.1" 200 447 "-" "Mozilla/5.0 (Windows NT 10.0; Win64; rv:143.0) Gecko/20100101 Firefox/143.0"
68.210.136.250 - - [01/Aug/2026:17:46:35 -0400] "GET /?author=3 HTTP/1.1" 404 190164 "-" "Mozilla/5.0 (Windows NT 10.0; Win64; x64) AppleWebKit/537.36 Chrome/129.0.0.0 Safari/537.36"
84.75.220.158 - - [01/Aug/2026:17:37:05 -0400] "GET / HTTP/1.1" 200 137962 "-" "Mozilla/5.0 (Windows NT 10.0; Win64; x64) AppleWebKit/537.36 (KHTML, like Gecko) Chrome/120.0.0.0 Safari/537.36"
68.210.136.250 - - [01/Aug/2026:17:45:20 -0400] "GET /wp-login.php HTTP/1.1" 200 2528 "-" "Mozilla/5.0 (Macintosh; Intel Mac OS X 10_15_7) AppleWebKit/605.1.15 Version/17.0 Safari/605.1.15"
84.75.220.158 - - [01/Aug/2026:17:36:40 -0400] "GET / HTTP/1.1" 200 114612 "-" "Mozilla/5.0 (Windows NT 10.0; Win64; x64) AppleWebKit/537.36 (KHTML, like Gecko) Chrome/120.0.0.0 Safari/537.36"
156.232.88.6 - - [01/Aug/2026:17:55:08 -0400] "POST /wp-cron.php?doing_wp_cron=1785621308.3053510189056396484375 HTTP/1.1" 200 0 "-" "WordPress/7.0.2; https://deconnect.com.ng"
156.232.88.6 - - [01/Aug/2026:17:54:48 -0400] "POST /wp-cron.php?doing_wp_cron=1785621287.9321229457855224609375 HTTP/1.1" 200 0 "-" "WordPress/7.0.2; https://deconnect.com.ng"
152.53.111.131 - - [01/Aug/2026:17:54:44 -0400] "GET /wp-login.php HTTP/2" 200 2274 "-" "Mozilla/5.0 (Windows NT 10.0; Win64; x64) AppleWebKit/537.36 (KHTML, like Gecko) Chrome/150.0.0.0 Safari/537.36"
152.53.111.131 - - [01/Aug/2026:17:54:48 -0400] "POST /wp-login.php HTTP/2" 200 2435 "https://deconnect.com.ng/wp-login.php" "Mozilla/5.0 (Windows NT 10.0; Win64; x64) AppleWebKit/537.36 (KHTML, like Gecko) Chrome/150.0.0.0 Safari/537.36"
159.75.55.41 - - [01/Aug/2026:17:55:05 -0400] "GET /wp-login.php HTTP/2" 200 2309 "-" "Mozilla/5.0 (Windows NT 10.0; Win64; x64) AppleWebKit/537.36 (KHTML, like Gecko) Chrome/150.0.0.0 Safari/537.36"
5.182.209.54 - - [01/Aug/2026:18:41:17 -0400] "POST /wp-login.php HTTP/2" 200 2423 "https://mail.deconnect.com.ng/wp-login.php" "Mozilla/5.0 (Windows NT 10.0; Win64; x64) AppleWebKit/537.36 (KHTML, like Gecko) Chrome/150.0.0.0 Safari/537.36"
156.232.88.6 - - [01/Aug/2026:18:41:16 -0400] "POST /wp-cron.php?doing_wp_cron=1785624076.3834240436553955078125 HTTP/1.1" 200 0 "-" "WordPress/7.0.2; https://deconnect.com.ng"
5.182.209.54 - - [01/Aug/2026:18:41:13 -0400] "GET /wp-login.php HTTP/2" 200 2309 "-" "Mozilla/5.0 (Windows NT 10.0; Win64; x64) AppleWebKit/537.36 (KHTML, like Gecko) Chrome/150.0.0.0 Safari/537.36"
156.232.88.6 - - [01/Aug/2026:19:15:41 -0400] "POST /wp-cron.php?doing_wp_cron=1785626141.2230870723724365234375 HTTP/1.1" 200 0 "-" "WordPress/7.0.2; https://deconnect.com.ng"
156.232.88.6 - - [01/Aug/2026:19:15:45 -0400] "POST /wp-cron.php?doing_wp_cron=1785626145.4343609809875488281250 HTTP/1.1" 200 0 "-" "WordPress/7.0.2; https://deconnect.com.ng"
156.232.88.6 - - [01/Aug/2026:19:16:00 -0400] "POST /wp-cron.php?doing_wp_cron=1785626160.0420339107513427734375 HTTP/1.1" 200 0 "-" "WordPress/7.0.2; https://deconnect.com.ng"
45.131.195.37 - - [01/Aug/2026:19:15:38 -0400] "GET /wp-login.php HTTP/1.1" 200 2528 "-" "Mozilla/5.0 (Windows NT 10.0; Win64; rv:143.0) Gecko/20100101 Firefox/143.0"
45.131.195.37 - - [01/Aug/2026:19:15:41 -0400] "GET /?author=1 HTTP/1.1" 301 0 "-" "Mozilla/5.0 (Macintosh; Intel Mac OS X 10_15_7) AppleWebKit/605.1.15 Version/17.0 Safari/605.1.15"
45.131.195.37 - - [01/Aug/2026:19:15:46 -0400] "GET /?rest_route=/wp/v2/users HTTP/1.1" 200 447 "-" "Mozilla/5.0 (Windows NT 10.0; Win64; x64) AppleWebKit/537.36 Chrome/129.0.0.0 Safari/537.36"
45.131.195.37 - - [01/Aug/2026:19:15:49 -0400] "GET /?author=2 HTTP/1.1" 200 190520 "-" "Mozilla/5.0 (Macintosh; Intel Mac OS X 10_15_7) AppleWebKit/605.1.15 Version/17.0 Safari/605.1.15"
45.131.195.37 - - [01/Aug/2026:19:15:53 -0400] "GET /?rest_route=/wp/v2/users HTTP/1.1" 200 447 "-" "Mozilla/5.0 (Windows NT 10.0; Win64; x64) AppleWebKit/537.36 Chrome/129.0.0.0 Safari/537.36"
45.131.195.37 - - [01/Aug/2026:19:15:56 -0400] "GET /?author=3 HTTP/1.1" 404 190164 "-" "Mozilla/5.0 (Windows NT 10.0; Win64; x64) AppleWebKit/537.36 Chrome/129.0.0.0 Safari/537.36"
45.131.195.20 - - [01/Aug/2026:19:16:00 -0400] "GET /?rest_route=/wp/v2/users HTTP/1.1" 200 447 "-" "Mozilla/5.0 (Macintosh; Intel Mac OS X 10_15_7) AppleWebKit/605.1.15 Version/17.0 Safari/605.1.15"
156.232.88.6 - - [01/Aug/2026:20:20:57 -0400] "POST /wp-cron.php?doing_wp_cron=1785630057.2809500694274902343750 HTTP/1.1" 200 0 "-" "WordPress/7.0.2; https://deconnect.com.ng"
94.154.43.186 - - [01/Aug/2026:20:20:52 -0400] "GET / HTTP/1.1" 200 2279934 "-" "Mozilla/5.0 (Windows NT 10.0; Win64; x64) AppleWebKit/537.36 (KHTML, like Gecko) Chrome/147.0.0.0 Safari/537.36"
156.232.88.6 - - [01/Aug/2026:20:20:55 -0400] "POST /wp-cron.php?doing_wp_cron=1785630054.5539309978485107421875 HTTP/1.1" 200 0 "-" "WordPress/7.0.2; https://deconnect.com.ng"
156.232.88.6 - - [01/Aug/2026:20:42:53 -0400] "POST /wp-cron.php?doing_wp_cron=1785631373.1854228973388671875000 HTTP/1.1" 200 0 "-" "WordPress/7.0.2; https://deconnect.com.ng"
20.218.243.163 - - [01/Aug/2026:20:42:45 -0400] "GET /wp-content/plugins/hellopress/wp_filemanager.php HTTP/1.1" 401 36 "-" "-"
20.218.243.163 - - [01/Aug/2026:20:42:45 -0400] "GET /this_is_a_new_hello_world.php HTTP/1.1" 401 36 "-" "-"
20.218.243.163 - - [01/Aug/2026:20:42:45 -0400] "GET /IndoSec.php HTTP/1.1" 401 36 "-" "-"
20.218.243.163 - - [01/Aug/2026:20:42:46 -0400] "GET /1revo.php HTTP/1.1" 401 36 "-" "-"
20.218.243.163 - - [01/Aug/2026:20:42:46 -0400] "GET /loader.php HTTP/1.1" 401 36 "-" "-"
20.218.243.163 - - [01/Aug/2026:20:42:46 -0400] "GET /esp.php HTTP/1.1" 401 36 "-" "-"
20.218.243.163 - - [01/Aug/2026:20:42:47 -0400] "GET /dj.php HTTP/1.1" 401 36 "-" "-"
134.209.211.198 - - [01/Aug/2026:20:42:39 -0400] "GET /wp-login.php HTTP/1.1" 200 2527 "-" "Mozilla/5.0"
134.209.211.198 - - [01/Aug/2026:20:42:44 -0400] "GET /?author=1 HTTP/1.1" 301 0 "-" "Mozilla/5.0"
134.209.211.198 - - [01/Aug/2026:20:42:49 -0400] "GET /?author=2 HTTP/1.1" 200 190196 "-" "Mozilla/5.0"
134.209.211.198 - - [01/Aug/2026:20:42:53 -0400] "GET /?author=3 HTTP/1.1" 404 190164 "-" "Mozilla/5.0"
156.232.88.6 - - [01/Aug/2026:21:17:29 -0400] "POST /wp-cron.php?doing_wp_cron=1785633449.4844589233398437500000 HTTP/1.1" 200 0 "-" "WordPress/7.0.2; https://deconnect.com.ng"
156.232.88.6 - - [01/Aug/2026:21:11:05 -0400] "POST /wp-cron.php?doing_wp_cron=1785633065.2522540092468261718750 HTTP/1.1" 200 0 "-" "WordPress/7.0.2; https://deconnect.com.ng"
45.131.195.28 - - [01/Aug/2026:21:11:01 -0400] "POST /wp-login.php HTTP/1.1" 200 2682 "-" "Mozilla/5.0 (Windows NT 10.0; Win64; x64) AppleWebKit/537.36 Chrome/129.0.0.0 Safari/537.36"
45.131.195.25 - - [01/Aug/2026:21:17:26 -0400] "POST /wp-login.php HTTP/1.1" 200 2667 "-" "Mozilla/5.0 (Macintosh; Intel Mac OS X 10_15_7) AppleWebKit/605.1.15 Version/17.0 Safari/605.1.15"
45.131.195.2 - - [01/Aug/2026:21:23:59 -0400] "POST /wp-login.php HTTP/1.1" 200 2667 "-" "Mozilla/5.0 (Windows NT 10.0; Win64; x64) AppleWebKit/537.36 Chrome/129.0.0.0 Safari/537.36"
156.232.88.6 - - [01/Aug/2026:21:24:02 -0400] "POST /wp-cron.php?doing_wp_cron=1785633842.7333559989929199218750 HTTP/1.1" 200 0 "-" "WordPress/7.0.2; https://deconnect.com.ng"
45.131.195.35 - - [01/Aug/2026:21:11:01 -0400] "POST /wp-login.php HTTP/1.1" 200 2667 "-" "Mozilla/5.0 (Windows NT 10.0; Win64; x64) AppleWebKit/537.36 Chrome/129.0.0.0 Safari/537.36"
45.131.195.16 - - [01/Aug/2026:21:17:26 -0400] "POST /wp-login.php HTTP/1.1" 200 2682 "-" "Mozilla/5.0 (Windows NT 10.0; Win64; rv:143.0) Gecko/20100101 Firefox/143.0"
45.131.195.24 - - [01/Aug/2026:21:23:59 -0400] "POST /wp-login.php HTTP/1.1" 200 2682 "-" "Mozilla/5.0 (Windows NT 10.0; Win64; x64) AppleWebKit/537.36 Chrome/129.0.0.0 Safari/537.36"
45.131.195.246 - - [01/Aug/2026:21:36:51 -0400] "POST /wp-login.php HTTP/1.1" 200 2667 "-" "Mozilla/5.0 (Windows NT 10.0; Win64; x64) AppleWebKit/537.36 Chrome/129.0.0.0 Safari/537.36"
64.225.121.94 - - [01/Aug/2026:21:40:03 -0400] "GET /wp-login.php HTTP/2" 200 2310 "-" "Mozilla/5.0 (Windows NT 10.0; Win64; x64) AppleWebKit/537.36 (KHTML, like Gecko) Chrome/150.0.0.0 Safari/537.36"
65.181.116.253 - - [01/Aug/2026:21:28:37 -0400] "GET /wp-login.php HTTP/2" 200 2272 "-" "Mozilla/5.0 (Windows NT 10.0; Win64; x64) AppleWebKit/537.36 (KHTML, like Gecko) Chrome/150.0.0.0 Safari/537.36"
65.181.116.253 - - [01/Aug/2026:21:28:39 -0400] "POST /wp-login.php HTTP/2" 200 2435 "https://deconnect.com.ng/wp-login.php" "Mozilla/5.0 (Windows NT 10.0; Win64; x64) AppleWebKit/537.36 (KHTML, like Gecko) Chrome/150.0.0.0 Safari/537.36"
156.232.88.6 - - [01/Aug/2026:21:28:39 -0400] "POST /wp-cron.php?doing_wp_cron=1785634119.7568089962005615234375 HTTP/1.1" 200 0 "-" "WordPress/7.0.2; https://deconnect.com.ng"
17.241.75.222 - - [01/Aug/2026:21:37:14 -0400] "GET /robots.txt HTTP/2" 200 111 "-" "Mozilla/5.0 (Macintosh; Intel Mac OS X 10_15_7) AppleWebKit/605.1.15 (KHTML, like Gecko) Version/17.4 Safari/605.1.15 (Applebot/0.1; +http://www.apple.com/go/applebot)"
17.241.75.222 - - [01/Aug/2026:21:37:14 -0400] "GET /courses/email-marketing-strategies/lessons/analyze-content-develop-writing-strategies/ HTTP/2" 404 796 "-" "Mozilla/5.0 (Macintosh; Intel Mac OS X 10_15_7) AppleWebKit/605.1.15 (KHTML, like Gecko) Version/17.4 Safari/605.1.15 (Applebot/0.1; +http://www.apple.com/go/applebot)"
156.232.88.6 - - [01/Aug/2026:21:36:54 -0400] "POST /wp-cron.php?doing_wp_cron=1785634614.5601100921630859375000 HTTP/1.1" 200 0 "-" "WordPress/7.0.2; https://deconnect.com.ng"
45.131.195.17 - - [01/Aug/2026:21:36:51 -0400] "POST /wp-login.php HTTP/1.1" 200 2682 "-" "Mozilla/5.0 (Windows NT 10.0; Win64; x64) AppleWebKit/537.36 Chrome/129.0.0.0 Safari/537.36"
156.232.88.6 - - [01/Aug/2026:21:30:25 -0400] "POST /wp-cron.php?doing_wp_cron=1785634225.4672949314117431640625 HTTP/1.1" 200 0 "-" "WordPress/7.0.2; https://deconnect.com.ng"
156.232.88.6 - - [01/Aug/2026:21:40:06 -0400] "POST /wp-cron.php?doing_wp_cron=1785634806.5547389984130859375000 HTTP/1.1" 200 0 "-" "WordPress/7.0.2; https://deconnect.com.ng"
64.225.121.94 - - [01/Aug/2026:21:40:07 -0400] "POST /wp-login.php HTTP/2" 200 2423 "https://mail.deconnect.com.ng/wp-login.php" "Mozilla/5.0 (Windows NT 10.0; Win64; x64) AppleWebKit/537.36 (KHTML, like Gecko) Chrome/150.0.0.0 Safari/537.36"
45.131.195.38 - - [01/Aug/2026:21:30:22 -0400] "POST /wp-login.php HTTP/1.1" 200 2682 "-" "Mozilla/5.0 (Macintosh; Intel Mac OS X 10_15_7) AppleWebKit/605.1.15 Version/17.0 Safari/605.1.15"
45.131.195.10 - - [01/Aug/2026:21:30:22 -0400] "POST /wp-login.php HTTP/1.1" 200 2667 "-" "Mozilla/5.0 (Windows NT 10.0; Win64; x64) AppleWebKit/537.36 Chrome/129.0.0.0 Safari/537.36"
45.131.195.42 - - [01/Aug/2026:21:49:52 -0400] "POST /wp-login.php HTTP/1.1" 200 2682 "-" "Mozilla/5.0 (Windows NT 10.0; Win64; x64) AppleWebKit/537.36 Chrome/129.0.0.0 Safari/537.36"
45.131.195.31 - - [01/Aug/2026:21:56:23 -0400] "POST /wp-login.php HTTP/1.1" 200 2667 "-" "Mozilla/5.0 (Windows NT 10.0; Win64; rv:143.0) Gecko/20100101 Firefox/143.0"
45.131.195.32 - - [01/Aug/2026:21:56:23 -0400] "POST /wp-login.php HTTP/1.1" 200 2682 "-" "Mozilla/5.0 (Macintosh; Intel Mac OS X 10_15_7) AppleWebKit/605.1.15 Version/17.0 Safari/605.1.15"
45.131.195.17 - - [01/Aug/2026:21:43:26 -0400] "POST /wp-login.php HTTP/1.1" 200 2667 "-" "Mozilla/5.0 (Macintosh; Intel Mac OS X 10_15_7) AppleWebKit/605.1.15 Version/17.0 Safari/605.1.15"
156.232.88.6 - - [01/Aug/2026:21:56:26 -0400] "POST /wp-cron.php?doing_wp_cron=1785635786.0596289634704589843750 HTTP/1.1" 200 0 "-" "WordPress/7.0.2; https://deconnect.com.ng"
156.232.88.6 - - [01/Aug/2026:21:43:31 -0400] "POST /wp-cron.php?doing_wp_cron=1785635010.8588690757751464843750 HTTP/1.1" 200 0 "-" "WordPress/7.0.2; https://deconnect.com.ng"
156.232.88.6 - - [01/Aug/2026:21:49:55 -0400] "POST /wp-cron.php?doing_wp_cron=1785635395.2665150165557861328125 HTTP/1.1" 200 0 "-" "WordPress/7.0.2; https://deconnect.com.ng"
45.131.195.17 - - [01/Aug/2026:21:43:26 -0400] "POST /wp-login.php HTTP/1.1" 200 2682 "-" "Mozilla/5.0 (Macintosh; Intel Mac OS X 10_15_7) AppleWebKit/605.1.15 Version/17.0 Safari/605.1.15"
45.131.195.29 - - [01/Aug/2026:21:49:52 -0400] "POST /wp-login.php HTTP/1.1" 200 2667 "-" "Mozilla/5.0 (Windows NT 10.0; Win64; x64) AppleWebKit/537.36 Chrome/129.0.0.0 Safari/537.36"
156.232.88.6 - - [01/Aug/2026:22:09:27 -0400] "POST /wp-cron.php?doing_wp_cron=1785636567.5539081096649169921875 HTTP/1.1" 200 0 "-" "WordPress/7.0.2; https://deconnect.com.ng"
45.131.195.44 - - [01/Aug/2026:22:02:58 -0400] "POST /wp-login.php HTTP/1.1" 200 2667 "-" "Mozilla/5.0 (Windows NT 10.0; Win64; rv:143.0) Gecko/20100101 Firefox/143.0"
45.131.195.6 - - [01/Aug/2026:22:02:58 -0400] "POST /wp-login.php HTTP/1.1" 200 2682 "-" "Mozilla/5.0 (Windows NT 10.0; Win64; x64) AppleWebKit/537.36 Chrome/129.0.0.0 Safari/537.36"
216.73.216.30 - - [01/Aug/2026:22:11:31 -0400] "GET /robots.txt HTTP/2" 200 0 "-" "Mozilla/5.0 AppleWebKit/537.36 (KHTML, like Gecko; compatible; ClaudeBot/1.0; +claudebot@anthropic.com)"
45.131.195.35 - - [01/Aug/2026:22:09:25 -0400] "POST /wp-login.php HTTP/1.1" 200 2682 "-" "Mozilla/5.0 (Windows NT 10.0; Win64; rv:143.0) Gecko/20100101 Firefox/143.0"
156.232.88.6 - - [01/Aug/2026:22:03:02 -0400] "POST /wp-cron.php?doing_wp_cron=1785636182.0943760871887207031250 HTTP/1.1" 200 0 "-" "WordPress/7.0.2; https://deconnect.com.ng"
45.131.195.37 - - [01/Aug/2026:22:16:07 -0400] "POST /wp-login.php HTTP/1.1" 200 2682 "-" "Mozilla/5.0 (Windows NT 10.0; Win64; rv:143.0) Gecko/20100101 Firefox/143.0"
156.232.88.6 - - [01/Aug/2026:22:22:42 -0400] "POST /wp-cron.php?doing_wp_cron=1785637362.1161739826202392578125 HTTP/1.1" 200 0 "-" "WordPress/7.0.2; https://deconnect.com.ng"
156.232.88.6 - - [01/Aug/2026:22:15:33 -0400] "POST /wp-cron.php?doing_wp_cron=1785636933.5538389682769775390625 HTTP/1.1" 200 0 "-" "WordPress/7.0.2; https://deconnect.com.ng"
45.131.195.26 - - [01/Aug/2026:22:16:07 -0400] "POST /wp-login.php HTTP/1.1" 200 2667 "-" "Mozilla/5.0 (Windows NT 10.0; Win64; x64) AppleWebKit/537.36 Chrome/129.0.0.0 Safari/537.36"
45.131.195.21 - - [01/Aug/2026:22:22:39 -0400] "POST /wp-login.php HTTP/1.1" 200 2667 "-" "Mozilla/5.0 (Macintosh; Intel Mac OS X 10_15_7) AppleWebKit/605.1.15 Version/17.0 Safari/605.1.15"
45.131.195.246 - - [01/Aug/2026:22:29:06 -0400] "POST /wp-login.php HTTP/1.1" 200 2667 "-" "Mozilla/5.0 (Windows NT 10.0; Win64; x64) AppleWebKit/537.36 Chrome/129.0.0.0 Safari/537.36"
156.232.88.6 - - [01/Aug/2026:22:16:10 -0400] "POST /wp-cron.php?doing_wp_cron=1785636970.3096189498901367187500 HTTP/1.1" 200 0 "-" "WordPress/7.0.2; https://deconnect.com.ng"
45.131.195.23 - - [01/Aug/2026:22:22:39 -0400] "POST /wp-login.php HTTP/1.1" 200 2682 "-" "Mozilla/5.0 (Windows NT 10.0; Win64; rv:143.0) Gecko/20100101 Firefox/143.0"
198.38.94.67 - - [01/Aug/2026:22:15:30 -0400] "GET /wp-login.php HTTP/2" 200 2272 "-" "Mozilla/5.0 (Windows NT 10.0; Win64; x64) AppleWebKit/537.36 (KHTML, like Gecko) Chrome/150.0.0.0 Safari/537.36"
198.38.94.67 - - [01/Aug/2026:22:15:33 -0400] "POST /wp-login.php HTTP/2" 200 2435 "https://deconnect.com.ng/wp-login.php" "Mozilla/5.0 (Windows NT 10.0; Win64; x64) AppleWebKit/537.36 (KHTML, like Gecko) Chrome/150.0.0.0 Safari/537.36"
45.131.195.7 - - [01/Aug/2026:22:29:06 -0400] "POST /wp-login.php HTTP/1.1" 200 2682 "-" "Mozilla/5.0 (Windows NT 10.0; Win64; rv:143.0) Gecko/20100101 Firefox/143.0"
103.7.8.203 - - [01/Aug/2026:22:29:17 -0400] "GET /wp-login.php HTTP/2" 200 2310 "-" "Mozilla/5.0 (Windows NT 10.0; Win64; x64) AppleWebKit/537.36 (KHTML, like Gecko) Chrome/150.0.0.0 Safari/537.36"
156.232.88.6 - - [01/Aug/2026:22:29:10 -0400] "POST /wp-cron.php?doing_wp_cron=1785637750.2793569564819335937500 HTTP/1.1" 200 0 "-" "WordPress/7.0.2; https://deconnect.com.ng"
103.7.8.203 - - [01/Aug/2026:22:29:42 -0400] "GET /wp-login.php HTTP/2" 200 2272 "-" "Mozilla/5.0 (Windows NT 10.0; Win64; x64) AppleWebKit/537.36 (KHTML, like Gecko) Chrome/150.0.0.0 Safari/537.36"
103.7.8.203 - - [01/Aug/2026:22:29:45 -0400] "POST /wp-login.php HTTP/2" 200 0 "https://deconnect.com.ng/wp-login.php" "Mozilla/5.0 (Windows NT 10.0; Win64; x64) AppleWebKit/537.36 (KHTML, like Gecko) Chrome/150.0.0.0 Safari/537.36"
54.162.94.190 - - [01/Aug/2026:22:47:23 -0400] "GET / HTTP/1.1" 301 0 "-" "Mozilla/5.0 (Macintosh; Intel Mac OS X 10_15_7) AppleWebKit/537.36 (KHTML, like Gecko) Chrome/108.0.0.0 Safari/537.36"
45.131.195.51 - - [01/Aug/2026:22:35:39 -0400] "POST /wp-login.php HTTP/1.1" 200 2667 "-" "Mozilla/5.0 (Windows NT 10.0; Win64; x64) AppleWebKit/537.36 Chrome/129.0.0.0 Safari/537.36"
51.120.76.82 - - [01/Aug/2026:22:44:28 -0400] "GET /wp-content/plugins/hellopress/wp_filemanager.php HTTP/1.1" 401 36 "-" "-"
51.120.76.82 - - [01/Aug/2026:22:44:31 -0400] "GET /this_is_a_new_hello_world.php HTTP/1.1" 401 36 "-" "-"
51.120.76.82 - - [01/Aug/2026:22:44:31 -0400] "GET /err.php HTTP/1.1" 401 36 "-" "-"
51.120.76.82 - - [01/Aug/2026:22:44:31 -0400] "GET /img.php HTTP/1.1" 401 36 "-" "-"
51.120.76.82 - - [01/Aug/2026:22:44:31 -0400] "GET /aa.php HTTP/1.1" 401 36 "-" "-"
51.120.76.82 - - [01/Aug/2026:22:44:32 -0400] "GET /av.php HTTP/1.1" 401 36 "-" "-"
51.120.76.82 - - [01/Aug/2026:22:44:32 -0400] "GET /xa.php HTTP/1.1" 401 36 "-" "-"
51.120.76.82 - - [01/Aug/2026:22:44:32 -0400] "GET /media.php HTTP/1.1" 401 36 "-" "-"
51.120.76.82 - - [01/Aug/2026:22:44:33 -0400] "GET /images.php HTTP/1.1" 401 36 "-" "-"
51.120.76.82 - - [01/Aug/2026:22:44:33 -0400] "GET /xp.php HTTP/1.1" 401 36 "-" "-"
51.120.76.82 - - [01/Aug/2026:22:44:33 -0400] "GET /admin.php HTTP/1.1" 401 36 "-" "-"
51.120.76.82 - - [01/Aug/2026:22:44:34 -0400] "GET /222.php HTTP/1.1" 401 36 "-" "-"
51.120.76.82 - - [01/Aug/2026:22:44:34 -0400] "GET /mac.php HTTP/1.1" 401 36 "-" "-"
51.120.76.82 - - [01/Aug/2026:22:44:34 -0400] "GET /ops.php HTTP/1.1" 401 36 "-" "-"
51.120.76.82 - - [01/Aug/2026:22:44:35 -0400] "GET /8.php HTTP/1.1" 401 36 "-" "-"
51.120.76.82 - - [01/Aug/2026:22:44:35 -0400] "GET /biufile.php HTTP/1.1" 401 36 "-" "-"
51.120.76.82 - - [01/Aug/2026:22:44:35 -0400] "GET /coffexium.php HTTP/1.1" 401 36 "-" "-"
51.120.76.82 - - [01/Aug/2026:22:44:36 -0400] "GET /dex.php HTTP/1.1" 401 36 "-" "-"
51.120.76.82 - - [01/Aug/2026:22:44:36 -0400] "GET /1.php HTTP/1.1" 401 36 "-" "-"
51.120.76.82 - - [01/Aug/2026:22:44:36 -0400] "GET /coffee.php HTTP/1.1" 401 36 "-" "-"
51.120.76.82 - - [01/Aug/2026:22:44:37 -0400] "GET /classwithtostring.php HTTP/1.1" 401 36 "-" "-"
51.120.76.82 - - [01/Aug/2026:22:44:37 -0400] "GET /wp-ws68.php HTTP/1.1" 401 36 "-" "-"
51.120.76.82 - - [01/Aug/2026:22:44:37 -0400] "GET /mgrr.php HTTP/1.1" 401 36 "-" "-"
51.120.76.82 - - [01/Aug/2026:22:44:38 -0400] "GET /55.php HTTP/1.1" 401 36 "-" "-"
51.120.76.82 - - [01/Aug/2026:22:44:38 -0400] "GET /ajax.php HTTP/1.1" 401 36 "-" "-"
51.120.76.82 - - [01/Aug/2026:22:44:39 -0400] "GET /yj09.php HTTP/1.1" 401 36 "-" "-"
51.120.76.82 - - [01/Aug/2026:22:44:41 -0400] "GET /ora.php HTTP/1.1" 401 36 "-" "-"
51.120.76.82 - - [01/Aug/2026:22:44:42 -0400] "GET /scxy.php HTTP/1.1" 401 36 "-" "-"
51.120.76.82 - - [01/Aug/2026:22:44:43 -0400] "GET /ws13.php HTTP/1.1" 401 36 "-" "-"
51.120.76.82 - - [01/Aug/2026:22:44:43 -0400] "GET /btx25.php HTTP/1.1" 401 36 "-" "-"
51.120.76.82 - - [01/Aug/2026:22:44:43 -0400] "GET /xpohywjo.php HTTP/1.1" 401 36 "-" "-"
51.120.76.82 - - [01/Aug/2026:22:44:45 -0400] "GET /ecvvhlei.php HTTP/1.1" 401 36 "-" "-"
51.120.76.82 - - [01/Aug/2026:22:44:47 -0400] "GET /SDsadqwrf.php HTTP/1.1" 401 36 "-" "-"
51.120.76.82 - - [01/Aug/2026:22:44:47 -0400] "GET /ssjpxze.php HTTP/1.1" 401 36 "-" "-"
51.120.76.82 - - [01/Aug/2026:22:44:48 -0400] "GET /ors32envu.php HTTP/1.1" 401 36 "-" "-"
51.120.76.82 - - [01/Aug/2026:22:44:48 -0400] "GET /3PJcpMFsD8B.php HTTP/1.1" 401 36 "-" "-"
51.120.76.82 - - [01/Aug/2026:22:44:48 -0400] "GET /BDKR28WP.php HTTP/1.1" 401 36 "-" "-"
192.250.235.172 - - [01/Aug/2026:22:42:05 -0400] "GET /wp-login.php HTTP/2" 200 2272 "-" "Mozilla/5.0 (Windows NT 10.0; Win64; x64) AppleWebKit/537.36 (KHTML, like Gecko) Chrome/150.0.0.0 Safari/537.36"
45.131.195.8 - - [01/Aug/2026:22:42:06 -0400] "POST /wp-login.php HTTP/1.1" 200 2667 "-" "Mozilla/5.0 (Windows NT 10.0; Win64; x64) AppleWebKit/537.36 Chrome/129.0.0.0 Safari/537.36"
192.250.235.172 - - [01/Aug/2026:22:42:10 -0400] "POST /wp-login.php HTTP/2" 200 2435 "https://deconnect.com.ng/wp-login.php" "Mozilla/5.0 (Windows NT 10.0; Win64; x64) AppleWebKit/537.36 (KHTML, like Gecko) Chrome/150.0.0.0 Safari/537.36"
156.232.88.6 - - [01/Aug/2026:22:47:25 -0400] "POST /wp-cron.php?doing_wp_cron=1785638845.9393320083618164062500 HTTP/1.1" 200 0 "-" "WordPress/7.0.2; https://deconnect.com.ng"
156.232.88.6 - - [01/Aug/2026:22:35:43 -0400] "POST /wp-cron.php?doing_wp_cron=1785638142.9697539806365966796875 HTTP/1.1" 200 0 "-" "WordPress/7.0.2; https://deconnect.com.ng"
45.131.195.35 - - [01/Aug/2026:22:35:40 -0400] "POST /wp-login.php HTTP/1.1" 200 2682 "-" "Mozilla/5.0 (Macintosh; Intel Mac OS X 10_15_7) AppleWebKit/605.1.15 Version/17.0 Safari/605.1.15"
156.232.88.6 - - [01/Aug/2026:22:42:10 -0400] "POST /wp-cron.php?doing_wp_cron=1785638529.9991209506988525390625 HTTP/1.1" 200 0 "-" "WordPress/7.0.2; https://deconnect.com.ng"
198.177.120.86 - - [01/Aug/2026:22:43:34 -0400] "GET /wp-login.php HTTP/2" 200 2272 "-" "Mozilla/5.0 (Windows NT 10.0; Win64; x64) AppleWebKit/537.36 (KHTML, like Gecko) Chrome/150.0.0.0 Safari/537.36"
198.177.120.86 - - [01/Aug/2026:22:43:38 -0400] "POST /wp-login.php HTTP/2" 200 2435 "https://deconnect.com.ng/wp-login.php" "Mozilla/5.0 (Windows NT 10.0; Win64; x64) AppleWebKit/537.36 (KHTML, like Gecko) Chrome/150.0.0.0 Safari/537.36"
54.162.94.190 - - [01/Aug/2026:22:47:26 -0400] "GET / HTTP/1.1" 200 211523 "-" "Mozilla/5.0 (Macintosh; Intel Mac OS X 10_15_7) AppleWebKit/537.36 (KHTML, like Gecko) Chrome/108.0.0.0 Safari/537.36"
45.131.195.31 - - [01/Aug/2026:22:42:06 -0400] "POST /wp-login.php HTTP/1.1" 200 2682 "-" "Mozilla/5.0 (Windows NT 10.0; Win64; x64) AppleWebKit/537.36 Chrome/129.0.0.0 Safari/537.36"
156.232.88.6 - - [01/Aug/2026:22:47:26 -0400] "POST /wp-cron.php?doing_wp_cron=1785638846.5424358844757080078125 HTTP/1.1" 200 0 "-" "WordPress/7.0.2; https://deconnect.com.ng"
45.131.195.38 - - [01/Aug/2026:22:48:35 -0400] "POST /wp-login.php HTTP/1.1" 200 2667 "-" "Mozilla/5.0 (Windows NT 10.0; Win64; x64) AppleWebKit/537.36 Chrome/129.0.0.0 Safari/537.36"
45.131.195.45 - - [01/Aug/2026:22:48:35 -0400] "POST /wp-login.php HTTP/1.1" 200 2682 "-" "Mozilla/5.0 (Windows NT 10.0; Win64; x64) AppleWebKit/537.36 Chrome/129.0.0.0 Safari/537.36"
45.131.195.24 - - [01/Aug/2026:22:55:07 -0400] "POST /wp-login.php HTTP/1.1" 200 2667 "-" "Mozilla/5.0 (Macintosh; Intel Mac OS X 10_15_7) AppleWebKit/605.1.15 Version/17.0 Safari/605.1.15"
45.131.195.19 - - [01/Aug/2026:22:55:07 -0400] "POST /wp-login.php HTTP/1.1" 200 2682 "-" "Mozilla/5.0 (Windows NT 10.0; Win64; x64) AppleWebKit/537.36 Chrome/129.0.0.0 Safari/537.36"
156.232.88.6 - - [01/Aug/2026:22:48:39 -0400] "POST /wp-cron.php?doing_wp_cron=1785638919.4771680831909179687500 HTTP/1.1" 200 0 "-" "WordPress/7.0.2; https://deconnect.com.ng"
156.232.88.6 - - [01/Aug/2026:22:55:09 -0400] "POST /wp-cron.php?doing_wp_cron=1785639309.9151079654693603515625 HTTP/1.1" 200 0 "-" "WordPress/7.0.2; https://deconnect.com.ng"
156.232.88.6 - - [01/Aug/2026:23:01:38 -0400] "POST /wp-cron.php?doing_wp_cron=1785639698.6773390769958496093750 HTTP/1.1" 200 0 "-" "WordPress/7.0.2; https://deconnect.com.ng"
45.131.195.48 - - [01/Aug/2026:23:01:35 -0400] "POST /wp-login.php HTTP/1.1" 200 2667 "-" "Mozilla/5.0 (Windows NT 10.0; Win64; rv:143.0) Gecko/20100101 Firefox/143.0"
45.131.195.13 - - [01/Aug/2026:23:01:35 -0400] "POST /wp-login.php HTTP/1.1" 200 2682 "-" "Mozilla/5.0 (Macintosh; Intel Mac OS X 10_15_7) AppleWebKit/605.1.15 Version/17.0 Safari/605.1.15"
156.232.88.6 - - [01/Aug/2026:23:01:39 -0400] "POST /wp-cron.php?doing_wp_cron=1785639698.8500509262084960937500 HTTP/1.1" 200 0 "-" "WordPress/7.0.2; https://deconnect.com.ng"
45.131.195.245 - - [01/Aug/2026:23:08:07 -0400] "POST /wp-login.php HTTP/1.1" 200 2682 "-" "Mozilla/5.0 (Windows NT 10.0; Win64; rv:143.0) Gecko/20100101 Firefox/143.0"
45.131.195.44 - - [01/Aug/2026:23:08:07 -0400] "POST /wp-login.php HTTP/1.1" 200 2667 "-" "Mozilla/5.0 (Macintosh; Intel Mac OS X 10_15_7) AppleWebKit/605.1.15 Version/17.0 Safari/605.1.15"
156.232.88.6 - - [01/Aug/2026:23:08:10 -0400] "POST /wp-cron.php?doing_wp_cron=1785640090.4427969455718994140625 HTTP/1.1" 200 0 "-" "WordPress/7.0.2; https://deconnect.com.ng"
45.131.195.42 - - [01/Aug/2026:23:27:39 -0400] "POST /wp-login.php HTTP/1.1" 200 2682 "-" "Mozilla/5.0 (Macintosh; Intel Mac OS X 10_15_7) AppleWebKit/605.1.15 Version/17.0 Safari/605.1.15"
156.232.88.6 - - [01/Aug/2026:23:14:46 -0400] "POST /wp-cron.php?doing_wp_cron=1785640486.2876119613647460937500 HTTP/1.1" 200 0 "-" "WordPress/7.0.2; https://deconnect.com.ng"
45.131.195.38 - - [01/Aug/2026:23:14:43 -0400] "POST /wp-login.php HTTP/1.1" 200 2682 "-" "Mozilla/5.0 (Windows NT 10.0; Win64; x64) AppleWebKit/537.36 Chrome/129.0.0.0 Safari/537.36"
45.131.195.14 - - [01/Aug/2026:23:14:43 -0400] "POST /wp-login.php HTTP/1.1" 200 2667 "-" "Mozilla/5.0 (Windows NT 10.0; Win64; rv:143.0) Gecko/20100101 Firefox/143.0"
45.131.195.41 - - [01/Aug/2026:23:21:11 -0400] "POST /wp-login.php HTTP/1.1" 200 2682 "-" "Mozilla/5.0 (Macintosh; Intel Mac OS X 10_15_7) AppleWebKit/605.1.15 Version/17.0 Safari/605.1.15"
156.232.88.6 - - [01/Aug/2026:23:27:43 -0400] "POST /wp-cron.php?doing_wp_cron=1785641263.6975600719451904296875 HTTP/1.1" 200 0 "-" "WordPress/7.0.2; https://deconnect.com.ng"
45.131.195.46 - - [01/Aug/2026:23:27:39 -0400] "POST /wp-login.php HTTP/1.1" 200 2667 "-" "Mozilla/5.0 (Macintosh; Intel Mac OS X 10_15_7) AppleWebKit/605.1.15 Version/17.0 Safari/605.1.15"
156.232.88.6 - - [01/Aug/2026:23:21:15 -0400] "POST /wp-cron.php?doing_wp_cron=1785640874.9488840103149414062500 HTTP/1.1" 200 0 "-" "WordPress/7.0.2; https://deconnect.com.ng"
45.131.195.23 - - [01/Aug/2026:23:21:11 -0400] "POST /wp-login.php HTTP/1.1" 200 2667 "-" "Mozilla/5.0 (Windows NT 10.0; Win64; x64) AppleWebKit/537.36 Chrome/129.0.0.0 Safari/537.36"
45.131.195.7 - - [01/Aug/2026:23:34:14 -0400] "POST /wp-login.php HTTP/1.1" 200 2667 "-" "Mozilla/5.0 (Macintosh; Intel Mac OS X 10_15_7) AppleWebKit/605.1.15 Version/17.0 Safari/605.1.15"
156.232.88.6 - - [01/Aug/2026:23:34:17 -0400] "POST /wp-cron.php?doing_wp_cron=1785641657.2243540287017822265625 HTTP/1.1" 200 0 "-" "WordPress/7.0.2; https://deconnect.com.ng"
45.131.195.13 - - [01/Aug/2026:23:40:40 -0400] "POST /wp-login.php HTTP/1.1" 200 2682 "-" "Mozilla/5.0 (Windows NT 10.0; Win64; x64) AppleWebKit/537.36 Chrome/129.0.0.0 Safari/537.36"
45.131.195.19 - - [01/Aug/2026:23:34:14 -0400] "POST /wp-login.php HTTP/1.1" 200 2682 "-" "Mozilla/5.0 (Windows NT 10.0; Win64; x64) AppleWebKit/537.36 Chrome/129.0.0.0 Safari/537.36"
156.232.88.6 - - [01/Aug/2026:23:40:43 -0400] "POST /wp-cron.php?doing_wp_cron=1785642043.9437758922576904296875 HTTP/1.1" 200 0 "-" "WordPress/7.0.2; https://deconnect.com.ng"
45.131.195.23 - - [01/Aug/2026:23:40:40 -0400] "POST /wp-login.php HTTP/1.1" 200 2667 "-" "Mozilla/5.0 (Windows NT 10.0; Win64; x64) AppleWebKit/537.36 Chrome/129.0.0.0 Safari/537.36"
69.57.172.212 - - [01/Aug/2026:23:56:22 -0400] "GET /wp-login.php HTTP/2" 200 2272 "-" "Mozilla/5.0 (Windows NT 10.0; Win64; x64) AppleWebKit/537.36 (KHTML, like Gecko) Chrome/150.0.0.0 Safari/537.36"
69.57.172.212 - - [01/Aug/2026:23:56:24 -0400] "POST /wp-login.php HTTP/2" 200 2435 "https://deconnect.com.ng/wp-login.php" "Mozilla/5.0 (Windows NT 10.0; Win64; x64) AppleWebKit/537.36 (KHTML, like Gecko) Chrome/150.0.0.0 Safari/537.36"
156.232.88.6 - - [01/Aug/2026:23:47:15 -0400] "POST /wp-cron.php?doing_wp_cron=1785642434.9743459224700927734375 HTTP/1.1" 200 0 "-" "WordPress/7.0.2; https://deconnect.com.ng"
45.131.195.45 - - [02/Aug/2026:00:00:18 -0400] "POST /wp-login.php HTTP/1.1" 200 2667 "-" "Mozilla/5.0 (Macintosh; Intel Mac OS X 10_15_7) AppleWebKit/605.1.15 Version/17.0 Safari/605.1.15"
45.131.195.6 - - [01/Aug/2026:23:47:11 -0400] "POST /wp-login.php HTTP/1.1" 200 2682 "-" "Mozilla/5.0 (Windows NT 10.0; Win64; x64) AppleWebKit/537.36 Chrome/129.0.0.0 Safari/537.36"
156.232.88.6 - - [01/Aug/2026:23:53:52 -0400] "POST /wp-cron.php?doing_wp_cron=1785642832.3540930747985839843750 HTTP/1.1" 200 0 "-" "WordPress/7.0.2; https://deconnect.com.ng"
156.232.88.6 - - [01/Aug/2026:23:55:17 -0400] "POST /wp-cron.php?doing_wp_cron=1785642917.0348660945892333984375 HTTP/1.1" 200 0 "-" "WordPress/7.0.2; https://deconnect.com.ng"
156.232.88.6 - - [02/Aug/2026:00:00:21 -0400] "POST /wp-cron.php?doing_wp_cron=1785643221.5661439895629882812500 HTTP/1.1" 200 0 "-" "WordPress/7.0.2; https://deconnect.com.ng"
156.232.88.6 - - [01/Aug/2026:23:47:15 -0400] "POST /wp-cron.php?doing_wp_cron=1785642434.9745268821716308593750 HTTP/1.1" 200 0 "-" "WordPress/7.0.2; https://deconnect.com.ng"
45.131.195.41 - - [01/Aug/2026:23:53:48 -0400] "POST /wp-login.php HTTP/1.1" 200 2667 "-" "Mozilla/5.0 (Macintosh; Intel Mac OS X 10_15_7) AppleWebKit/605.1.15 Version/17.0 Safari/605.1.15"
156.232.88.6 - - [01/Aug/2026:23:56:24 -0400] "POST /wp-cron.php?doing_wp_cron=1785642984.2394618988037109375000 HTTP/1.1" 200 0 "-" "WordPress/7.0.2; https://deconnect.com.ng"
47.86.33.52 - - [01/Aug/2026:23:55:14 -0400] "GET /wp-login.php HTTP/2" 200 2272 "-" "Mozilla/5.0 (Windows NT 10.0; Win64; x64) AppleWebKit/537.36 (KHTML, like Gecko) Chrome/150.0.0.0 Safari/537.36"
47.86.33.52 - - [01/Aug/2026:23:55:17 -0400] "POST /wp-login.php HTTP/2" 200 2435 "https://deconnect.com.ng/wp-login.php" "Mozilla/5.0 (Windows NT 10.0; Win64; x64) AppleWebKit/537.36 (KHTML, like Gecko) Chrome/150.0.0.0 Safari/537.36"
45.131.195.22 - - [01/Aug/2026:23:47:11 -0400] "POST /wp-login.php HTTP/1.1" 200 2667 "-" "Mozilla/5.0 (Windows NT 10.0; Win64; x64) AppleWebKit/537.36 Chrome/129.0.0.0 Safari/537.36"
45.131.195.37 - - [01/Aug/2026:23:53:48 -0400] "POST /wp-login.php HTTP/1.1" 200 2682 "-" "Mozilla/5.0 (Windows NT 10.0; Win64; x64) AppleWebKit/537.36 Chrome/129.0.0.0 Safari/537.36"
45.131.195.246 - - [02/Aug/2026:00:00:18 -0400] "POST /wp-login.php HTTP/1.1" 200 2682 "-" "Mozilla/5.0 (Windows NT 10.0; Win64; rv:143.0) Gecko/20100101 Firefox/143.0"
45.131.195.39 - - [02/Aug/2026:00:07:18 -0400] "POST /wp-login.php HTTP/1.1" 200 2682 "-" "Mozilla/5.0 (Windows NT 10.0; Win64; rv:143.0) Gecko/20100101 Firefox/143.0"
45.131.195.16 - - [02/Aug/2026:00:07:18 -0400] "POST /wp-login.php HTTP/1.1" 200 2667 "-" "Mozilla/5.0 (Macintosh; Intel Mac OS X 10_15_7) AppleWebKit/605.1.15 Version/17.0 Safari/605.1.15"
17.246.23.53 - - [02/Aug/2026:00:12:03 -0400] "GET /robots.txt HTTP/2" 200 111 "-" "Mozilla/5.0 (Macintosh; Intel Mac OS X 10_15_7) AppleWebKit/605.1.15 (KHTML, like Gecko) Version/17.4 Safari/605.1.15 (Applebot/0.1; +http://www.apple.com/go/applebot)"
17.246.23.53 - - [02/Aug/2026:00:12:03 -0400] "GET /courses/social-media-marketing/lessons/deliverability-of-your-emails/ HTTP/2" 404 796 "-" "Mozilla/5.0 (Macintosh; Intel Mac OS X 10_15_7) AppleWebKit/605.1.15 (KHTML, like Gecko) Version/17.4 Safari/605.1.15 (Applebot/0.1; +http://www.apple.com/go/applebot)"
45.131.195.23 - - [02/Aug/2026:00:13:48 -0400] "POST /wp-login.php HTTP/1.1" 200 2682 "-" "Mozilla/5.0 (Macintosh; Intel Mac OS X 10_15_7) AppleWebKit/605.1.15 Version/17.0 Safari/605.1.15"
209.42.28.133 - - [02/Aug/2026:00:15:37 -0400] "GET /wp-login.php HTTP/2" 200 2272 "-" "Mozilla/5.0 (Windows NT 10.0; Win64; x64) AppleWebKit/537.36 (KHTML, like Gecko) Chrome/150.0.0.0 Safari/537.36"
209.42.28.133 - - [02/Aug/2026:00:15:40 -0400] "POST /wp-login.php HTTP/2" 200 2435 "https://deconnect.com.ng/wp-login.php" "Mozilla/5.0 (Windows NT 10.0; Win64; x64) AppleWebKit/537.36 (KHTML, like Gecko) Chrome/150.0.0.0 Safari/537.36"
156.232.88.6 - - [02/Aug/2026:00:15:39 -0400] "POST /wp-cron.php?doing_wp_cron=1785644139.9290630817413330078125 HTTP/1.1" 200 0 "-" "WordPress/7.0.2; https://deconnect.com.ng"
156.232.88.6 - - [02/Aug/2026:00:07:21 -0400] "POST /wp-cron.php?doing_wp_cron=1785643641.6320829391479492187500 HTTP/1.1" 200 0 "-" "WordPress/7.0.2; https://deconnect.com.ng"
45.131.195.34 - - [02/Aug/2026:00:13:47 -0400] "POST /wp-login.php HTTP/1.1" 200 2667 "-" "Mozilla/5.0 (Windows NT 10.0; Win64; x64) AppleWebKit/537.36 Chrome/129.0.0.0 Safari/537.36"
156.232.88.6 - - [02/Aug/2026:00:13:50 -0400] "POST /wp-cron.php?doing_wp_cron=1785644030.0248351097106933593750 HTTP/1.1" 200 0 "-" "WordPress/7.0.2; https://deconnect.com.ng"
45.131.195.18 - - [02/Aug/2026:00:28:02 -0400] "POST /wp-login.php HTTP/1.1" 200 2682 "-" "Mozilla/5.0 (Macintosh; Intel Mac OS X 10_15_7) AppleWebKit/605.1.15 Version/17.0 Safari/605.1.15"
69.57.172.96 - - [02/Aug/2026:00:30:51 -0400] "GET /wp-login.php HTTP/2" 200 2272 "-" "Mozilla/5.0 (Windows NT 10.0; Win64; x64) AppleWebKit/537.36 (KHTML, like Gecko) Chrome/150.0.0.0 Safari/537.36"
69.57.172.96 - - [02/Aug/2026:00:30:54 -0400] "POST /wp-login.php HTTP/2" 200 2435 "https://deconnect.com.ng/wp-login.php" "Mozilla/5.0 (Windows NT 10.0; Win64; x64) AppleWebKit/537.36 (KHTML, like Gecko) Chrome/150.0.0.0 Safari/537.36"
156.232.88.6 - - [02/Aug/2026:00:28:05 -0400] "POST /wp-cron.php?doing_wp_cron=1785644885.5633049011230468750000 HTTP/1.1" 200 0 "-" "WordPress/7.0.2; https://deconnect.com.ng"
45.131.195.18 - - [02/Aug/2026:00:28:02 -0400] "POST /wp-login.php HTTP/1.1" 200 2667 "-" "Mozilla/5.0 (Windows NT 10.0; Win64; x64) AppleWebKit/537.36 Chrome/129.0.0.0 Safari/537.36"
205.210.31.97 - - [02/Aug/2026:00:24:12 -0400] "GET /.well-known/security.txt HTTP/1.1" 404 5749 "-" "Hello from Palo Alto Networks, find out more about our scans in https://docs-cortex.paloaltonetworks.com/r/1/Cortex-Xpanse/Scanning-activity"
4.185.41.66 - - [02/Aug/2026:00:28:33 -0400] "GET /wp-content/plugins/hellopress/wp_filemanager.php HTTP/1.1" 401 36 "-" "-"
4.185.41.66 - - [02/Aug/2026:00:28:33 -0400] "GET /this_is_a_new_hello_world.php HTTP/1.1" 401 36 "-" "-"
4.185.41.66 - - [02/Aug/2026:00:28:34 -0400] "GET /err.php HTTP/1.1" 401 36 "-" "-"
4.185.41.66 - - [02/Aug/2026:00:28:34 -0400] "GET /img.php HTTP/1.1" 401 36 "-" "-"
4.185.41.66 - - [02/Aug/2026:00:28:34 -0400] "GET /aa.php HTTP/1.1" 401 36 "-" "-"
4.185.41.66 - - [02/Aug/2026:00:28:35 -0400] "GET /av.php HTTP/1.1" 401 36 "-" "-"
4.185.41.66 - - [02/Aug/2026:00:28:35 -0400] "GET /xa.php HTTP/1.1" 401 36 "-" "-"
4.185.41.66 - - [02/Aug/2026:00:28:35 -0400] "GET /media.php HTTP/1.1" 401 36 "-" "-"
4.185.41.66 - - [02/Aug/2026:00:28:36 -0400] "GET /images.php HTTP/1.1" 401 36 "-" "-"
4.185.41.66 - - [02/Aug/2026:00:28:36 -0400] "GET /xp.php HTTP/1.1" 401 36 "-" "-"
4.185.41.66 - - [02/Aug/2026:00:28:36 -0400] "GET /admin.php HTTP/1.1" 401 36 "-" "-"
4.185.41.66 - - [02/Aug/2026:00:28:37 -0400] "GET /222.php HTTP/1.1" 401 36 "-" "-"
4.185.41.66 - - [02/Aug/2026:00:28:37 -0400] "GET /mac.php HTTP/1.1" 401 36 "-" "-"
4.185.41.66 - - [02/Aug/2026:00:28:37 -0400] "GET /ops.php HTTP/1.1" 401 36 "-" "-"
4.185.41.66 - - [02/Aug/2026:00:28:38 -0400] "GET /8.php HTTP/1.1" 401 36 "-" "-"
4.185.41.66 - - [02/Aug/2026:00:28:38 -0400] "GET /biufile.php HTTP/1.1" 401 36 "-" "-"
4.185.41.66 - - [02/Aug/2026:00:28:38 -0400] "GET /coffexium.php HTTP/1.1" 401 36 "-" "-"
4.185.41.66 - - [02/Aug/2026:00:28:39 -0400] "GET /dex.php HTTP/1.1" 401 36 "-" "-"
4.185.41.66 - - [02/Aug/2026:00:28:39 -0400] "GET /1.php HTTP/1.1" 401 36 "-" "-"
4.185.41.66 - - [02/Aug/2026:00:28:39 -0400] "GET /coffee.php HTTP/1.1" 401 36 "-" "-"
4.185.41.66 - - [02/Aug/2026:00:28:39 -0400] "GET /classwithtostring.php HTTP/1.1" 401 36 "-" "-"
4.185.41.66 - - [02/Aug/2026:00:28:40 -0400] "GET /wp-ws68.php HTTP/1.1" 401 36 "-" "-"
4.185.41.66 - - [02/Aug/2026:00:28:40 -0400] "GET /mgrr.php HTTP/1.1" 401 36 "-" "-"
4.185.41.66 - - [02/Aug/2026:00:28:40 -0400] "GET /55.php HTTP/1.1" 401 36 "-" "-"
4.185.41.66 - - [02/Aug/2026:00:28:41 -0400] "GET /ajax.php HTTP/1.1" 401 36 "-" "-"
4.185.41.66 - - [02/Aug/2026:00:28:41 -0400] "GET /yj09.php HTTP/1.1" 401 36 "-" "-"
4.185.41.66 - - [02/Aug/2026:00:28:41 -0400] "GET /ora.php HTTP/1.1" 401 36 "-" "-"
4.185.41.66 - - [02/Aug/2026:00:28:42 -0400] "GET /scxy.php HTTP/1.1" 401 36 "-" "-"
4.185.41.66 - - [02/Aug/2026:00:28:42 -0400] "GET /ws13.php HTTP/1.1" 401 36 "-" "-"
4.185.41.66 - - [02/Aug/2026:00:28:42 -0400] "GET /btx25.php HTTP/1.1" 401 36 "-" "-"
4.185.41.66 - - [02/Aug/2026:00:28:43 -0400] "GET /xpohywjo.php HTTP/1.1" 401 36 "-" "-"
4.185.41.66 - - [02/Aug/2026:00:28:43 -0400] "GET /ecvvhlei.php HTTP/1.1" 401 36 "-" "-"
4.185.41.66 - - [02/Aug/2026:00:28:43 -0400] "GET /SDsadqwrf.php HTTP/1.1" 401 36 "-" "-"
4.185.41.66 - - [02/Aug/2026:00:28:43 -0400] "GET /ssjpxze.php HTTP/1.1" 401 36 "-" "-"
4.185.41.66 - - [02/Aug/2026:00:28:44 -0400] "GET /ors32envu.php HTTP/1.1" 401 36 "-" "-"
4.185.41.66 - - [02/Aug/2026:00:28:44 -0400] "GET /3PJcpMFsD8B.php HTTP/1.1" 401 36 "-" "-"
4.185.41.66 - - [02/Aug/2026:00:28:44 -0400] "GET /BDKR28WP.php HTTP/1.1" 401 36 "-" "-"
17.241.75.80 - - [02/Aug/2026:00:21:08 -0400] "GET /courses/content-marketing/lessons/deliverability-of-your-emails/ HTTP/2" 404 796 "-" "Mozilla/5.0 (Macintosh; Intel Mac OS X 10_15_7) AppleWebKit/605.1.15 (KHTML, like Gecko) Version/17.4 Safari/605.1.15 (Applebot/0.1; +http://www.apple.com/go/applebot)"
156.232.88.6 - - [02/Aug/2026:00:30:54 -0400] "POST /wp-cron.php?doing_wp_cron=1785645054.3073410987854003906250 HTTP/1.1" 200 0 "-" "WordPress/7.0.2; https://deconnect.com.ng"
156.232.88.6 - - [02/Aug/2026:00:41:12 -0400] "POST /wp-cron.php?doing_wp_cron=1785645672.1069350242614746093750 HTTP/1.1" 200 0 "-" "WordPress/7.0.2; https://deconnect.com.ng"
45.131.195.51 - - [02/Aug/2026:00:47:43 -0400] "POST /wp-login.php HTTP/1.1" 200 2682 "-" "Mozilla/5.0 (Macintosh; Intel Mac OS X 10_15_7) AppleWebKit/605.1.15 Version/17.0 Safari/605.1.15"
45.131.195.28 - - [02/Aug/2026:00:34:34 -0400] "POST /wp-login.php HTTP/1.1" 200 2667 "-" "Mozilla/5.0 (Macintosh; Intel Mac OS X 10_15_7) AppleWebKit/605.1.15 Version/17.0 Safari/605.1.15"
156.232.88.6 - - [02/Aug/2026:00:47:15 -0400] "POST /wp-cron.php?doing_wp_cron=1785646035.2015669345855712890625 HTTP/1.1" 200 0 "-" "WordPress/7.0.2; https://deconnect.com.ng"
45.131.195.8 - - [02/Aug/2026:00:41:08 -0400] "POST /wp-login.php HTTP/1.1" 200 2682 "-" "Mozilla/5.0 (Macintosh; Intel Mac OS X 10_15_7) AppleWebKit/605.1.15 Version/17.0 Safari/605.1.15"
5.182.209.54 - - [02/Aug/2026:00:47:12 -0400] "GET /wp-login.php HTTP/2" 200 2310 "-" "Mozilla/5.0 (Windows NT 10.0; Win64; x64) AppleWebKit/537.36 (KHTML, like Gecko) Chrome/150.0.0.0 Safari/537.36"
5.182.209.54 - - [02/Aug/2026:00:47:16 -0400] "POST /wp-login.php HTTP/2" 200 2423 "https://mail.deconnect.com.ng/wp-login.php" "Mozilla/5.0 (Windows NT 10.0; Win64; x64) AppleWebKit/537.36 (KHTML, like Gecko) Chrome/150.0.0.0 Safari/537.36"
45.131.195.51 - - [02/Aug/2026:00:34:34 -0400] "POST /wp-login.php HTTP/1.1" 200 2682 "-" "Mozilla/5.0 (Macintosh; Intel Mac OS X 10_15_7) AppleWebKit/605.1.15 Version/17.0 Safari/605.1.15"
45.131.195.10 - - [02/Aug/2026:00:47:43 -0400] "POST /wp-login.php HTTP/1.1" 200 2667 "-" "Mozilla/5.0 (Windows NT 10.0; Win64; x64) AppleWebKit/537.36 Chrome/129.0.0.0 Safari/537.36"
45.131.195.8 - - [02/Aug/2026:00:41:07 -0400] "POST /wp-login.php HTTP/1.1" 200 2667 "-" "Mozilla/5.0 (Windows NT 10.0; Win64; x64) AppleWebKit/537.36 Chrome/129.0.0.0 Safari/537.36"
156.232.88.6 - - [02/Aug/2026:00:34:40 -0400] "POST /wp-cron.php?doing_wp_cron=1785645280.3182969093322753906250 HTTP/1.1" 200 0 "-" "WordPress/7.0.2; https://deconnect.com.ng"
159.69.72.167 - - [02/Aug/2026:01:24:05 -0400] "GET /robots.txt HTTP/2" 200 111 "-" "Mozilla/5.0 (compatible; Databot)"
216.73.216.30 - - [02/Aug/2026:01:35:33 -0400] "GET /robots.txt HTTP/2" 200 0 "-" "Mozilla/5.0 AppleWebKit/537.36 (KHTML, like Gecko; compatible; ClaudeBot/1.0; +claudebot@anthropic.com)"
156.232.88.6 - - [02/Aug/2026:01:35:36 -0400] "POST /wp-cron.php?doing_wp_cron=1785648935.8124239444732666015625 HTTP/1.1" 200 0 "-" "WordPress/7.0.2; https://deconnect.com.ng"
112.78.134.58 - - [02/Aug/2026:01:35:31 -0400] "GET /wp-login.php HTTP/2" 200 2272 "-" "Mozilla/5.0 (Windows NT 10.0; Win64; x64) AppleWebKit/537.36 (KHTML, like Gecko) Chrome/150.0.0.0 Safari/537.36"
112.78.134.58 - - [02/Aug/2026:01:35:40 -0400] "POST /wp-login.php HTTP/2" 200 2435 "https://deconnect.com.ng/wp-login.php" "Mozilla/5.0 (Windows NT 10.0; Win64; x64) AppleWebKit/537.36 (KHTML, like Gecko) Chrome/150.0.0.0 Safari/537.36"
💾 Save Changes
❌ Cancel