65.21.113.204 - - [02/Aug/2026:13:01:45 -0400] "GET /online-casino-gambling-free/ HTTP/1.1" 200 36386 "-" "Mozilla/5.0 (compatible; AwarioBot/1.0; +https://awario.com/bots.html)"
65.21.113.204 - - [02/Aug/2026:13:01:51 -0400] "GET /online-casinos-that-accept-mastercard-a-comprehensive-overview/ HTTP/1.1" 200 37239 "-" "Mozilla/5.0 (compatible; AwarioBot/1.0; +https://awario.com/bots.html)"
65.21.113.204 - - [02/Aug/2026:13:01:58 -0400] "GET /online-cent-slots-the-ultimate-overview-to-winning-large-on-a-budget-plan/ HTTP/1.1" 200 37853 "-" "Mozilla/5.0 (compatible; AwarioBot/1.0; +https://awario.com/bots.html)"
65.21.113.204 - - [02/Aug/2026:13:02:03 -0400] "GET /online-gambling-enterprises-that-approve-paypal-deposits/ HTTP/1.1" 200 36701 "-" "Mozilla/5.0 (compatible; AwarioBot/1.0; +https://awario.com/bots.html)"
65.21.113.204 - - [02/Aug/2026:13:02:10 -0400] "GET /online-gambling-establishments-that-utilize-neteller-a-comprehensive-guide/ HTTP/1.1" 200 37526 "-" "Mozilla/5.0 (compatible; AwarioBot/1.0; +https://awario.com/bots.html)"
65.21.113.204 - - [02/Aug/2026:13:02:16 -0400] "GET /online-kasinot-ja-vastuullinen-pelaaminen-missa-sijaitsee-parhaiten-turvallinen-ja-viihdyttava-kokemus/ HTTP/1.1" 200 39337 "-" "Mozilla/5.0 (compatible; AwarioBot/1.0; +https://awario.com/bots.html)"
65.21.113.204 - - [02/Aug/2026:13:02:22 -0400] "GET /pin-up-casino-az-rbaycanda-onlayn-kazino-pin-up/ HTTP/1.1" 200 36111 "-" "Mozilla/5.0 (compatible; AwarioBot/1.0; +https://awario.com/bots.html)"
65.21.113.204 - - [02/Aug/2026:13:02:27 -0400] "GET /pinco-online-kazino-2026-pulsuz-dovriyy-l-r-v-promolar/ HTTP/1.1" 200 35930 "-" "Mozilla/5.0 (compatible; AwarioBot/1.0; +https://awario.com/bots.html)"
65.21.113.204 - - [02/Aug/2026:13:02:35 -0400] "GET /play-live-roulette-canada-vip-a-comprehensive-guide/ HTTP/1.1" 200 36123 "-" "Mozilla/5.0 (compatible; AwarioBot/1.0; +https://awario.com/bots.html)"
65.21.113.204 - - [02/Aug/2026:13:02:40 -0400] "GET /plinko-%d0%bc%d0%bd%d0%b5%d0%bd%d0%b8%d1%8f-%d1%87%d1%82%d0%be-%d0%b3%d0%be%d0%b2%d0%be%d1%80%d1%8f%d1%82-%d0%ba%d0%b0%d0%b7%d0%b0%d1%85%d1%81%d1%82%d0%b0%d0%bd%d1%81%d0%ba%d0%b8%d0%b5-%d0%b8%d0%b3/ HTTP/1.1" 200 43452 "-" "Mozilla/5.0 (compatible; AwarioBot/1.0; +https://awario.com/bots.html)"
65.21.113.204 - - [02/Aug/2026:13:02:46 -0400] "GET /pochemu-aviator-ot-pin-ap-zavisit-ot-sertifitsirovannogo-generatora-sluchainykh-chisel/ HTTP/1.1" 200 40573 "-" "Mozilla/5.0 (compatible; AwarioBot/1.0; +https://awario.com/bots.html)"
65.21.113.204 - - [02/Aug/2026:13:02:52 -0400] "GET /pochemu-stoit-vybirat-mostbet-kak-nadezhnuiu-bukmekerskuiu-kompaniiu/ HTTP/1.1" 200 37984 "-" "Mozilla/5.0 (compatible; AwarioBot/1.0; +https://awario.com/bots.html)"
65.21.113.204 - - [02/Aug/2026:13:02:59 -0400] "GET /protect-online-gambling-establishments-ensuring-safety-and-security-in-the-digital-gaming-globe/ HTTP/1.1" 200 37606 "-" "Mozilla/5.0 (compatible; AwarioBot/1.0; +https://awario.com/bots.html)"
65.21.113.204 - - [02/Aug/2026:13:03:04 -0400] "GET /prozkoumani-ziveho-sazeni-v-aplikaci-mostbet/ HTTP/1.1" 200 36780 "-" "Mozilla/5.0 (compatible; AwarioBot/1.0; +https://awario.com/bots.html)"
65.21.113.204 - - [02/Aug/2026:13:03:10 -0400] "GET /redefining-player-engagement-in-online-slots-the-power-of-free-spins-demonstrations/ HTTP/1.1" 200 39498 "-" "Mozilla/5.0 (compatible; AwarioBot/1.0; +https://awario.com/bots.html)"
65.21.113.204 - - [02/Aug/2026:13:03:15 -0400] "GET /reimagining-digital-fishing-how-immersive-online-games-engage-modern-anglers/ HTTP/1.1" 200 39010 "-" "Mozilla/5.0 (compatible; AwarioBot/1.0; +https://awario.com/bots.html)"
65.21.113.204 - - [02/Aug/2026:13:03:20 -0400] "GET /remarkable-tactics-surrounding-crashcasino-190022/ HTTP/1.1" 200 43558 "-" "Mozilla/5.0 (compatible; AwarioBot/1.0; +https://awario.com/bots.html)"
65.21.113.204 - - [02/Aug/2026:13:03:25 -0400] "GET /reservation-management/ HTTP/1.1" 200 36525 "-" "Mozilla/5.0 (compatible; AwarioBot/1.0; +https://awario.com/bots.html)"
65.21.113.204 - - [02/Aug/2026:13:03:30 -0400] "GET /revitalising-traditional-slot-experiences-in-the-digital-age/ HTTP/1.1" 200 38929 "-" "Mozilla/5.0 (compatible; AwarioBot/1.0; +https://awario.com/bots.html)"
91.86.16.6 - - [02/Aug/2026:12:59:01 -0400] "GET /wp-login.php HTTP/2" 200 9148 "-" "Mozilla/5.0 (Windows NT 10.0; Win64; x64) AppleWebKit/537.36 (KHTML, like Gecko) Chrome/150.0.0.0 Safari/537.36"
150.109.119.38 - - [02/Aug/2026:13:00:43 -0400] "GET /comments/feed/ HTTP/1.1" 200 435 "-" "Mozilla/5.0 (iPhone; CPU iPhone OS 13_2_3 like Mac OS X) AppleWebKit/605.1.15 (KHTML, like Gecko) Version/13.0.3 Mobile/15E148 Safari/604.1"
156.232.88.6 - - [02/Aug/2026:13:08:03 -0400] "POST /wp-cron.php?doing_wp_cron=1785690483.5178020000457763671875 HTTP/1.1" 200 0 "-" "WordPress/7.0.2; https://sonogahotels.com"
156.232.88.6 - - [02/Aug/2026:13:04:12 -0400] "POST /wp-cron.php?doing_wp_cron=1785690252.7902889251708984375000 HTTP/1.1" 200 0 "-" "WordPress/7.0.2; https://sonogahotels.com"
156.232.88.6 - - [02/Aug/2026:13:00:13 -0400] "POST /wp-cron.php?doing_wp_cron=1785690013.6451339721679687500000 HTTP/1.1" 200 0 "-" "WordPress/7.0.2; https://sonogahotels.com"
157.55.39.6 - - [02/Aug/2026:13:00:29 -0400] "GET /products/580115234399 HTTP/2" 301 0 "-" "Mozilla/5.0 AppleWebKit/537.36 (KHTML, like Gecko; compatible; bingbot/2.0; +http://www.bing.com/bingbot.htm) Chrome/116.0.1938.76 Safari/537.36"
65.21.113.204 - - [02/Aug/2026:13:03:36 -0400] "GET /revolution-dans-la-gestion-de-la-logistique-une-analyse-approfondie-des-solutions-innovantes-pour-l-industrie-moderne-2/ HTTP/1.1" 200 39087 "-" "Mozilla/5.0 (compatible; AwarioBot/1.0; +https://awario.com/bots.html)"
65.21.113.204 - - [02/Aug/2026:13:03:42 -0400] "GET /revolution-dans-la-gestion-de-la-logistique-une-analyse-approfondie-des-solutions-innovantes-pour-l-industrie-moderne-3/ HTTP/1.1" 200 39089 "-" "Mozilla/5.0 (compatible; AwarioBot/1.0; +https://awario.com/bots.html)"
65.21.113.204 - - [02/Aug/2026:13:03:48 -0400] "GET /revolution-dans-la-gestion-de-la-logistique-une-analyse-approfondie-des-solutions-innovantes-pour-l-industrie-moderne-4/ HTTP/1.1" 200 39177 "-" "Mozilla/5.0 (compatible; AwarioBot/1.0; +https://awario.com/bots.html)"
65.21.113.204 - - [02/Aug/2026:13:03:53 -0400] "GET /revolution-dans-la-gestion-de-la-logistique-une-analyse-approfondie-des-solutions-innovantes-pour-l-industrie-moderne/ HTTP/1.1" 200 39194 "-" "Mozilla/5.0 (compatible; AwarioBot/1.0; +https://awario.com/bots.html)"
65.21.113.204 - - [02/Aug/2026:13:03:58 -0400] "GET /revolutionising-tower-defense-the-rise-of-humour-and-strategy/ HTTP/1.1" 200 38906 "-" "Mozilla/5.0 (compatible; AwarioBot/1.0; +https://awario.com/bots.html)"
65.21.113.204 - - [02/Aug/2026:13:04:03 -0400] "GET /roleta-com-cashback-giros-gratis-tudo-o-que-voce-precisa-saber/ HTTP/1.1" 200 36210 "-" "Mozilla/5.0 (compatible; AwarioBot/1.0; +https://awario.com/bots.html)"
65.21.113.204 - - [02/Aug/2026:13:04:10 -0400] "GET /roulette-online-australia-low-volatility-a-complete-guide-for-players/ HTTP/1.1" 200 36845 "-" "Mozilla/5.0 (compatible; AwarioBot/1.0; +https://awario.com/bots.html)"
65.21.113.204 - - [02/Aug/2026:13:04:15 -0400] "GET /roulette-real-money-usa-with-verification-a-comprehensive-guide/ HTTP/1.1" 200 36579 "-" "Mozilla/5.0 (compatible; AwarioBot/1.0; +https://awario.com/bots.html)"
65.21.113.204 - - [02/Aug/2026:13:04:21 -0400] "GET /roulette-sites-canada-legal-everything-you-need-to-know/ HTTP/1.1" 200 36102 "-" "Mozilla/5.0 (compatible; AwarioBot/1.0; +https://awario.com/bots.html)"
65.21.113.204 - - [02/Aug/2026:13:04:26 -0400] "GET /roulette-with-free-spins-australia-no-registration-an-expert-guide/ HTTP/1.1" 200 36017 "-" "Mozilla/5.0 (compatible; AwarioBot/1.0; +https://awario.com/bots.html)"
65.21.113.204 - - [02/Aug/2026:13:04:32 -0400] "GET /ruleta-europeana-online-cu-rtp-ridicat-ghid-complet-si-recomandari/ HTTP/1.1" 200 36184 "-" "Mozilla/5.0 (compatible; AwarioBot/1.0; +https://awario.com/bots.html)"
65.21.113.204 - - [02/Aug/2026:13:04:37 -0400] "GET /ruleta-s-vysokymi-sazkami-s-jackpoty-informovany-pruvodce-pro-hrace/ HTTP/1.1" 200 36061 "-" "Mozilla/5.0 (compatible; AwarioBot/1.0; +https://awario.com/bots.html)"
65.21.113.204 - - [02/Aug/2026:13:04:42 -0400] "GET /search-results/ HTTP/1.1" 200 34498 "-" "Mozilla/5.0 (compatible; AwarioBot/1.0; +https://awario.com/bots.html)"
65.21.113.204 - - [02/Aug/2026:13:04:48 -0400] "GET /strategie-e-innovazione-nel-mercato-dei-casino-online-italiani-l-evoluzione-dei-giochi-di-slot-e-le-opportunita-di-engagement/ HTTP/1.1" 200 39261 "-" "Mozilla/5.0 (compatible; AwarioBot/1.0; +https://awario.com/bots.html)"
65.21.113.204 - - [02/Aug/2026:13:04:53 -0400] "GET /strategie-e-innovazioni-nel-mercato-dei-casino-online-focus-sulleslot-con-bonus-elevati/ HTTP/1.1" 200 39139 "-" "Mozilla/5.0 (compatible; AwarioBot/1.0; +https://awario.com/bots.html)"
65.21.113.204 - - [02/Aug/2026:13:04:58 -0400] "GET /strategie-innovative-per-la-competizione-verticale-il-caso-deltower-rushin-italia/ HTTP/1.1" 200 39103 "-" "Mozilla/5.0 (compatible; AwarioBot/1.0; +https://awario.com/bots.html)"
65.21.113.204 - - [02/Aug/2026:13:05:04 -0400] "GET /strategien-fur-die-bewertung-und-nutzung-von-themes-im-modernen-online-glucksspiel/ HTTP/1.1" 200 38991 "-" "Mozilla/5.0 (compatible; AwarioBot/1.0; +https://awario.com/bots.html)"
43.165.2.110 - - [02/Aug/2026:13:07:59 -0400] "GET /?s= HTTP/1.1" 200 39080 "-" "Mozilla/5.0 (iPhone; CPU iPhone OS 13_2_3 like Mac OS X) AppleWebKit/605.1.15 (KHTML, like Gecko) Version/13.0.3 Mobile/15E148 Safari/604.1"
65.21.113.204 - - [02/Aug/2026:13:02:35 -0400] "GET /robots.txt HTTP/1.1" 200 70 "-" "Mozilla/5.0 (compatible; AwarioBot/1.0; +https://awario.com/bots.html)"
156.232.88.6 - - [02/Aug/2026:13:03:12 -0400] "POST /wp-cron.php?doing_wp_cron=1785690192.2748138904571533203125 HTTP/1.1" 200 0 "-" "WordPress/7.0.2; https://sonogahotels.com"
156.232.88.6 - - [02/Aug/2026:12:57:11 -0400] "POST /wp-cron.php?doing_wp_cron=1785689831.2388319969177246093750 HTTP/1.1" 200 0 "-" "WordPress/7.0.2; https://sonogahotels.com"
65.21.113.204 - - [02/Aug/2026:12:58:30 -0400] "GET /robots.txt HTTP/1.1" 200 70 "-" "Mozilla/5.0 (compatible; AwarioBot/1.0; +https://awario.com/bots.html)"
40.77.167.57 - - [02/Aug/2026:13:01:01 -0400] "GET /products/1951153881 HTTP/2" 301 0 "-" "Mozilla/5.0 AppleWebKit/537.36 (KHTML, like Gecko; compatible; bingbot/2.0; +http://www.bing.com/bingbot.htm) Chrome/116.0.1938.76 Safari/537.36"
65.21.113.204 - - [02/Aug/2026:13:04:37 -0400] "GET /robots.txt HTTP/1.1" 200 70 "-" "Mozilla/5.0 (compatible; AwarioBot/1.0; +https://awario.com/bots.html)"
156.232.88.6 - - [02/Aug/2026:13:06:31 -0400] "POST /wp-cron.php?doing_wp_cron=1785690391.3257470130920410156250 HTTP/1.1" 200 0 "-" "WordPress/7.0.2; https://sonogahotels.com"
65.21.113.204 - - [02/Aug/2026:13:00:34 -0400] "GET /robots.txt HTTP/1.1" 200 70 "-" "Mozilla/5.0 (compatible; AwarioBot/1.0; +https://awario.com/bots.html)"
156.232.88.6 - - [02/Aug/2026:13:01:11 -0400] "POST /wp-cron.php?doing_wp_cron=1785690071.0886371135711669921875 HTTP/1.1" 200 0 "-" "WordPress/7.0.2; https://sonogahotels.com"
40.77.167.57 - - [02/Aug/2026:13:01:24 -0400] "GET /products/765115310275 HTTP/2" 301 0 "-" "Mozilla/5.0 AppleWebKit/537.36 (KHTML, like Gecko; compatible; bingbot/2.0; +http://www.bing.com/bingbot.htm) Chrome/116.0.1938.76 Safari/537.36"
156.232.88.6 - - [02/Aug/2026:13:02:13 -0400] "POST /wp-cron.php?doing_wp_cron=1785690132.8027501106262207031250 HTTP/1.1" 200 0 "-" "WordPress/7.0.2; https://sonogahotels.com"
216.73.216.237 - - [02/Aug/2026:13:05:45 -0400] "GET /robots.txt HTTP/2" 200 70 "-" "Mozilla/5.0 AppleWebKit/537.36 (KHTML, like Gecko; compatible; ClaudeBot/1.0; +claudebot@anthropic.com)"
216.73.216.237 - - [02/Aug/2026:13:05:51 -0400] "GET /sitemap.xml HTTP/2" 301 0 "-" "Mozilla/5.0 AppleWebKit/537.36 (KHTML, like Gecko; compatible; ClaudeBot/1.0; +claudebot@anthropic.com)"
216.73.216.237 - - [02/Aug/2026:13:05:53 -0400] "GET /wp-sitemap.xml HTTP/2" 302 0 "https://sonogahotels.com/sitemap.xml" "Mozilla/5.0 AppleWebKit/537.36 (KHTML, like Gecko; compatible; ClaudeBot/1.0; +claudebot@anthropic.com)"
216.73.216.237 - - [02/Aug/2026:13:05:55 -0400] "GET /sitemap_index.xml HTTP/2" 200 305 "https://sonogahotels.com/wp-sitemap.xml" "Mozilla/5.0 AppleWebKit/537.36 (KHTML, like Gecko; compatible; ClaudeBot/1.0; +claudebot@anthropic.com)"
54.39.136.28 - - [02/Aug/2026:13:06:29 -0400] "GET /gl-cksmomente-erleben-und-mit-https-slotsdj-197163/feed/ HTTP/2" 200 506 "-" "Mozilla/5.0 (compatible; AhrefsBot/7.0; +http://ahrefs.com/robot/)"
156.232.88.6 - - [02/Aug/2026:13:18:48 -0400] "POST /wp-cron.php?doing_wp_cron=1785691128.1689209938049316406250 HTTP/1.1" 200 0 "-" "WordPress/7.0.2; https://sonogahotels.com"
188.64.176.109 - - [02/Aug/2026:13:20:31 -0400] "GET /wp-includes/css/dashicons.min.css?ver=7.0.2 HTTP/1.1" 200 35101 "https://sonogahotels.com/wp-login.php?action=register" "Mozilla/5.0 (Windows NT 10.0; Win64; x64) AppleWebKit/537.36 (KHTML, like Gecko) Chrome/149.0.0.0 Safari/537.36"
207.46.13.64 - - [02/Aug/2026:13:25:22 -0400] "GET /products/855115427663 HTTP/2" 301 0 "-" "Mozilla/5.0 AppleWebKit/537.36 (KHTML, like Gecko; compatible; bingbot/2.0; +http://www.bing.com/bingbot.htm) Chrome/116.0.1938.76 Safari/537.36"
156.232.88.6 - - [02/Aug/2026:13:20:21 -0400] "POST /wp-cron.php?doing_wp_cron=1785691221.5328929424285888671875 HTTP/1.1" 200 0 "-" "WordPress/7.0.2; https://sonogahotels.com"
188.64.176.109 - - [02/Aug/2026:13:20:29 -0400] "GET /wp-login.php?action=register HTTP/1.1" 200 8370 "https://sonogahotels.com/wp-login.php?action=register" "Mozilla/5.0 (Windows NT 6.3; Win64; x64) AppleWebKit/537.36 (KHTML, like Gecko) Chrome/103.0.0.0 Safari/537.36"
188.64.176.109 - - [02/Aug/2026:13:20:32 -0400] "GET /wp-includes/css/buttons.min.css?ver=7.0.2 HTTP/1.1" 200 1457 "https://sonogahotels.com/wp-login.php?action=register" "Mozilla/5.0 (Windows NT 10.0; Win64; x64) AppleWebKit/537.36 (KHTML, like Gecko) Chrome/149.0.0.0 Safari/537.36"
89.167.59.5 - - [02/Aug/2026:13:27:17 -0400] "POST /xmlrpc.php HTTP/1.1" 200 189 "-" "Mozilla/5.0 (Windows NT 10.0; Win64; x64) AppleWebKit/537.36 (KHTML, like Gecko) Chrome/108.0.0.0 Safari/537.36"
49.51.38.193 - - [02/Aug/2026:13:28:29 -0400] "GET /search-availability/ HTTP/1.1" 200 35138 "https://sonogahotels.com/search/" "Mozilla/5.0 (iPhone; CPU iPhone OS 13_2_3 like Mac OS X) AppleWebKit/605.1.15 (KHTML, like Gecko) Version/13.0.3 Mobile/15E148 Safari/604.1"
188.64.176.109 - - [02/Aug/2026:13:20:33 -0400] "GET /wp-admin/css/l10n.min.css?ver=7.0.2 HTTP/1.1" 200 675 "https://sonogahotels.com/wp-login.php?action=register" "Mozilla/5.0 (Windows NT 10.0; Win64; x64) AppleWebKit/537.36 (KHTML, like Gecko) Chrome/149.0.0.0 Safari/537.36"
40.77.167.151 - - [02/Aug/2026:13:25:26 -0400] "GET /products/389115436616 HTTP/2" 301 0 "-" "Mozilla/5.0 AppleWebKit/537.36 (KHTML, like Gecko; compatible; bingbot/2.0; +http://www.bing.com/bingbot.htm) Chrome/116.0.1938.76 Safari/537.36"
156.232.88.6 - - [02/Aug/2026:13:28:15 -0400] "POST /wp-cron.php?doing_wp_cron=1785691695.0209259986877441406250 HTTP/1.1" 200 0 "-" "WordPress/7.0.2; https://sonogahotels.com"
40.77.167.224 - - [02/Aug/2026:13:28:12 -0400] "GET /products/1731158113 HTTP/2" 301 0 "-" "Mozilla/5.0 AppleWebKit/537.36 (KHTML, like Gecko; compatible; bingbot/2.0; +http://www.bing.com/bingbot.htm) Chrome/116.0.1938.76 Safari/537.36"
49.51.38.193 - - [02/Aug/2026:13:28:24 -0400] "GET /search/ HTTP/1.1" 301 0 "-" "Mozilla/5.0 (iPhone; CPU iPhone OS 13_2_3 like Mac OS X) AppleWebKit/605.1.15 (KHTML, like Gecko) Version/13.0.3 Mobile/15E148 Safari/604.1"
150.109.119.38 - - [02/Aug/2026:13:18:45 -0400] "GET /embed/ HTTP/1.1" 301 0 "-" "Mozilla/5.0 (iPhone; CPU iPhone OS 13_2_3 like Mac OS X) AppleWebKit/605.1.15 (KHTML, like Gecko) Version/13.0.3 Mobile/15E148 Safari/604.1"
188.64.176.109 - - [02/Aug/2026:13:20:33 -0400] "GET /wp-admin/css/forms.min.css?ver=7.0.2 HTTP/1.1" 200 6522 "https://sonogahotels.com/wp-login.php?action=register" "Mozilla/5.0 (Windows NT 10.0; Win64; x64) AppleWebKit/537.36 (KHTML, like Gecko) Chrome/149.0.0.0 Safari/537.36"
188.64.176.109 - - [02/Aug/2026:13:20:44 -0400] "POST /wp-login.php?action=register HTTP/1.1" 302 0 "https://sonogahotels.com/wp-login.php?action=register" "Mozilla/5.0 (Windows NT 6.3; Win64; x64) AppleWebKit/537.36 (KHTML, like Gecko) Chrome/103.0.0.0 Safari/537.36"
156.232.88.6 - - [02/Aug/2026:13:22:44 -0400] "POST /wp-cron.php?doing_wp_cron=1785691364.2695550918579101562500 HTTP/1.1" 200 0 "-" "WordPress/7.0.2; https://sonogahotels.com"
150.109.119.38 - - [02/Aug/2026:13:18:54 -0400] "GET / HTTP/1.1" 200 54730 "https://sonogahotels.com/embed/" "Mozilla/5.0 (iPhone; CPU iPhone OS 13_2_3 like Mac OS X) AppleWebKit/605.1.15 (KHTML, like Gecko) Version/13.0.3 Mobile/15E148 Safari/604.1"
188.64.176.109 - - [02/Aug/2026:13:20:18 -0400] "GET /code-promo-1xbet-pour-un-pari-gratuit-1xmove777-bonus-gratuit/ HTTP/1.1" 200 32710 "https://sonogahotels.com/" "Mozilla/5.0 (Macintosh; Intel Mac OS X 10_15_7) AppleWebKit/537.36 (KHTML, like Gecko) Chrome/135.0.0.0 Safari/537.36"
188.64.176.109 - - [02/Aug/2026:13:20:34 -0400] "GET /wp-includes/css/dist/base-styles/admin-schemes.min.css?ver=7.0.2 HTTP/1.1" 200 725 "https://sonogahotels.com/wp-login.php?action=register" "Mozilla/5.0 (Windows NT 10.0; Win64; x64) AppleWebKit/537.36 (KHTML, like Gecko) Chrome/149.0.0.0 Safari/537.36"
188.64.176.109 - - [02/Aug/2026:13:20:35 -0400] "GET /wp-admin/css/login.min.css?ver=7.0.2 HTTP/1.1" 200 2019 "https://sonogahotels.com/wp-login.php?action=register" "Mozilla/5.0 (Windows NT 10.0; Win64; x64) AppleWebKit/537.36 (KHTML, like Gecko) Chrome/149.0.0.0 Safari/537.36"
188.64.176.109 - - [02/Aug/2026:13:20:55 -0400] "GET /wp-login.php?checkemail=registered HTTP/1.1" 200 8035 "https://sonogahotels.com/wp-login.php?action=register" "Mozilla/5.0 (Windows NT 6.3; Win64; x64) AppleWebKit/537.36 (KHTML, like Gecko) Chrome/103.0.0.0 Safari/537.36"
52.167.144.169 - - [02/Aug/2026:13:22:42 -0400] "GET /products/1951154620 HTTP/2" 301 0 "-" "Mozilla/5.0 AppleWebKit/537.36 (KHTML, like Gecko; compatible; bingbot/2.0; +http://www.bing.com/bingbot.htm) Chrome/116.0.1938.76 Safari/537.36"
156.232.88.6 - - [02/Aug/2026:13:25:24 -0400] "POST /wp-cron.php?doing_wp_cron=1785691524.5111670494079589843750 HTTP/1.1" 200 0 "-" "WordPress/7.0.2; https://sonogahotels.com"
188.64.176.109 - - [02/Aug/2026:13:20:27 -0400] "GET /wp-login.php?action=register HTTP/1.1" 200 8370 "https://sonogahotels.com/code-promo-1xbet-pour-un-pari-gratuit-1xmove777-bonus-gratuit/" "Mozilla/5.0 (Windows NT 6.3; Win64; x64) AppleWebKit/537.36 (KHTML, like Gecko) Chrome/103.0.0.0 Safari/537.36"
156.232.88.6 - - [02/Aug/2026:13:27:20 -0400] "POST /wp-cron.php?doing_wp_cron=1785691639.9688830375671386718750 HTTP/1.1" 200 0 "-" "WordPress/7.0.2; https://sonogahotels.com"
148.113.128.77 - - [02/Aug/2026:13:34:18 -0400] "GET /ruleta-sin-deposito-para-profesionales-todo-lo-que-necesitas-saber/ HTTP/2" 404 28887 "-" "Mozilla/5.0 (compatible; AhrefsBot/7.0; +http://ahrefs.com/robot/)"
156.232.88.6 - - [02/Aug/2026:13:37:16 -0400] "POST /wp-cron.php?doing_wp_cron=1785692236.1279149055480957031250 HTTP/1.1" 200 0 "-" "WordPress/7.0.2; https://sonogahotels.com"
156.232.88.6 - - [02/Aug/2026:13:30:49 -0400] "POST /wp-cron.php?doing_wp_cron=1785691848.5839860439300537109375 HTTP/1.1" 200 0 "-" "WordPress/7.0.2; https://sonogahotels.com"
43.165.195.234 - - [02/Aug/2026:13:38:05 -0400] "GET /wp-content/uploads/ HTTP/1.1" 200 1328 "https://sonogahotels.com/wp-content/uploads" "Mozilla/5.0 (iPhone; CPU iPhone OS 13_2_3 like Mac OS X) AppleWebKit/605.1.15 (KHTML, like Gecko) Version/13.0.3 Mobile/15E148 Safari/604.1"
207.46.13.64 - - [02/Aug/2026:13:30:46 -0400] "GET /products/210115238472 HTTP/2" 301 0 "-" "Mozilla/5.0 AppleWebKit/537.36 (KHTML, like Gecko; compatible; bingbot/2.0; +http://www.bing.com/bingbot.htm) Chrome/116.0.1938.76 Safari/537.36"
52.167.144.233 - - [02/Aug/2026:13:30:47 -0400] "GET /products/688115497921 HTTP/2" 301 0 "-" "Mozilla/5.0 AppleWebKit/537.36 (KHTML, like Gecko; compatible; bingbot/2.0; +http://www.bing.com/bingbot.htm) Chrome/116.0.1938.76 Safari/537.36"
207.46.13.64 - - [02/Aug/2026:13:30:53 -0400] "GET /products/210115168107 HTTP/2" 301 0 "-" "Mozilla/5.0 AppleWebKit/537.36 (KHTML, like Gecko; compatible; bingbot/2.0; +http://www.bing.com/bingbot.htm) Chrome/116.0.1938.76 Safari/537.36"
156.232.88.6 - - [02/Aug/2026:13:34:22 -0400] "POST /wp-cron.php?doing_wp_cron=1785692062.0816490650177001953125 HTTP/1.1" 200 0 "-" "WordPress/7.0.2; https://sonogahotels.com"
40.77.167.235 - - [02/Aug/2026:13:37:12 -0400] "GET /products/83411545727 HTTP/2" 301 0 "-" "Mozilla/5.0 AppleWebKit/537.36 (KHTML, like Gecko; compatible; bingbot/2.0; +http://www.bing.com/bingbot.htm) Chrome/116.0.1938.76 Safari/537.36"
43.165.195.234 - - [02/Aug/2026:13:38:01 -0400] "GET /wp-content/uploads HTTP/1.1" 301 795 "-" "Mozilla/5.0 (iPhone; CPU iPhone OS 13_2_3 like Mac OS X) AppleWebKit/605.1.15 (KHTML, like Gecko) Version/13.0.3 Mobile/15E148 Safari/604.1"
156.232.88.6 - - [02/Aug/2026:13:44:25 -0400] "POST /wp-cron.php?doing_wp_cron=1785692665.7948470115661621093750 HTTP/1.1" 200 0 "-" "WordPress/7.0.2; https://sonogahotels.com"
40.77.167.235 - - [02/Aug/2026:13:45:24 -0400] "GET /products/558115283155 HTTP/2" 301 0 "-" "Mozilla/5.0 AppleWebKit/537.36 (KHTML, like Gecko; compatible; bingbot/2.0; +http://www.bing.com/bingbot.htm) Chrome/116.0.1938.76 Safari/537.36"
47.86.33.52 - - [02/Aug/2026:13:43:40 -0400] "GET /wp-login.php HTTP/2" 200 9148 "-" "Mozilla/5.0 (Windows NT 10.0; Win64; x64) AppleWebKit/537.36 (KHTML, like Gecko) Chrome/150.0.0.0 Safari/537.36"
207.46.13.141 - - [02/Aug/2026:13:43:44 -0400] "GET /products/945115268914 HTTP/2" 301 0 "-" "Mozilla/5.0 AppleWebKit/537.36 (KHTML, like Gecko; compatible; bingbot/2.0; +http://www.bing.com/bingbot.htm) Chrome/116.0.1938.76 Safari/537.36"
156.232.88.6 - - [02/Aug/2026:13:46:19 -0400] "POST /wp-cron.php?doing_wp_cron=1785692779.8172230720520019531250 HTTP/1.1" 200 0 "-" "WordPress/7.0.2; https://sonogahotels.com"
43.157.175.122 - - [02/Aug/2026:13:46:17 -0400] "GET /search/feed/rss2/ HTTP/1.1" 200 45693 "-" "Mozilla/5.0 (iPhone; CPU iPhone OS 13_2_3 like Mac OS X) AppleWebKit/605.1.15 (KHTML, like Gecko) Version/13.0.3 Mobile/15E148 Safari/604.1"
40.77.167.235 - - [02/Aug/2026:13:43:48 -0400] "GET /products/859115180194 HTTP/2" 301 0 "-" "Mozilla/5.0 AppleWebKit/537.36 (KHTML, like Gecko; compatible; bingbot/2.0; +http://www.bing.com/bingbot.htm) Chrome/116.0.1938.76 Safari/537.36"
44.194.134.53 - - [02/Aug/2026:13:44:23 -0400] "GET /jatek-online-rulett-nagy-nyeremennyel-minden-amit-tudni-kell/ HTTP/1.1" 200 36187 "-" "Mozilla/5.0 AppleWebKit/537.36 (KHTML, like Gecko; compatible; Amazonbot/0.1; +https://developer.amazon.com/support/amazonbot) Chrome/119.0.6045.214 Safari/537.36"
156.232.88.6 - - [02/Aug/2026:13:43:42 -0400] "POST /wp-cron.php?doing_wp_cron=1785692622.1995460987091064453125 HTTP/1.1" 200 0 "-" "WordPress/7.0.2; https://sonogahotels.com"
156.232.88.6 - - [02/Aug/2026:13:45:26 -0400] "POST /wp-cron.php?doing_wp_cron=1785692726.2761969566345214843750 HTTP/1.1" 200 0 "-" "WordPress/7.0.2; https://sonogahotels.com"
213.165.88.159 - - [02/Aug/2026:13:53:34 -0400] "POST /wp-login.php HTTP/2" 200 9288 "https://sonogahotels.com.deconnect.com.ng/wp-login.php" "Mozilla/5.0 (Windows NT 10.0; Win64; x64) AppleWebKit/537.36 (KHTML, like Gecko) Chrome/150.0.0.0 Safari/537.36"
156.232.88.6 - - [02/Aug/2026:13:54:23 -0400] "POST /wp-cron.php?doing_wp_cron=1785693263.8062589168548583984375 HTTP/1.1" 200 0 "-" "WordPress/7.0.2; https://sonogahotels.com"
213.209.159.254 - - [02/Aug/2026:13:54:20 -0400] "GET / HTTP/2" 200 54729 "-" "Mozilla/5.0 (Macintosh; Intel Mac OS X 10_15_7) AppleWebKit/605.1.15 (KHTML, like Gecko) Version/15.5 Safari/605.1.15"
91.132.197.192 - - [02/Aug/2026:13:55:41 -0400] "GET /wp-login.php HTTP/2" 200 9148 "https://sonogahotels.com.deconnect.com.ng/" "Mozilla/5.0 (Windows NT 10.0; Win64; x64) AppleWebKit/537.36 (KHTML, like Gecko) Chrome/149.0.0.0 Safari/537.36"
91.132.197.192 - - [02/Aug/2026:13:55:44 -0400] "GET /wp-admin/css/l10n.min.css?ver=7.0.2 HTTP/2" 200 675 "https://sonogahotels.com.deconnect.com.ng/" "Mozilla/5.0 (Windows NT 10.0; Win64; x64) AppleWebKit/537.36 (KHTML, like Gecko) Chrome/149.0.0.0 Safari/537.36"
91.132.197.192 - - [02/Aug/2026:13:55:44 -0400] "GET /wp-includes/css/dashicons.min.css?ver=7.0.2 HTTP/2" 200 35101 "https://sonogahotels.com.deconnect.com.ng/" "Mozilla/5.0 (Windows NT 10.0; Win64; x64) AppleWebKit/537.36 (KHTML, like Gecko) Chrome/149.0.0.0 Safari/537.36"
91.132.197.192 - - [02/Aug/2026:13:55:44 -0400] "GET /wp-admin/css/forms.min.css?ver=7.0.2 HTTP/2" 200 6522 "https://sonogahotels.com.deconnect.com.ng/" "Mozilla/5.0 (Windows NT 10.0; Win64; x64) AppleWebKit/537.36 (KHTML, like Gecko) Chrome/149.0.0.0 Safari/537.36"
91.132.197.192 - - [02/Aug/2026:13:55:44 -0400] "GET /wp-includes/css/dist/base-styles/admin-schemes.min.css?ver=7.0.2 HTTP/2" 200 725 "https://sonogahotels.com.deconnect.com.ng/" "Mozilla/5.0 (Windows NT 10.0; Win64; x64) AppleWebKit/537.36 (KHTML, like Gecko) Chrome/149.0.0.0 Safari/537.36"
91.132.197.192 - - [02/Aug/2026:13:55:44 -0400] "GET /wp-admin/css/login.min.css?ver=7.0.2 HTTP/2" 200 2019 "https://sonogahotels.com.deconnect.com.ng/" "Mozilla/5.0 (Windows NT 10.0; Win64; x64) AppleWebKit/537.36 (KHTML, like Gecko) Chrome/149.0.0.0 Safari/537.36"
91.132.197.192 - - [02/Aug/2026:13:55:44 -0400] "GET /wp-includes/css/buttons.min.css?ver=7.0.2 HTTP/2" 200 1457 "https://sonogahotels.com.deconnect.com.ng/" "Mozilla/5.0 (Windows NT 10.0; Win64; x64) AppleWebKit/537.36 (KHTML, like Gecko) Chrome/149.0.0.0 Safari/537.36"
91.132.197.192 - - [02/Aug/2026:13:55:44 -0400] "GET /wp-includes/js/dist/a11y.min.js?ver=af934e5259bc51b8718e HTTP/2" 200 935 "https://sonogahotels.com.deconnect.com.ng/" "Mozilla/5.0 (Windows NT 10.0; Win64; x64) AppleWebKit/537.36 (KHTML, like Gecko) Chrome/149.0.0.0 Safari/537.36"
91.132.197.192 - - [02/Aug/2026:13:55:44 -0400] "GET /wp-includes/js/clipboard.min.js?ver=2.0.11 HTTP/2" 200 2989 "https://sonogahotels.com.deconnect.com.ng/" "Mozilla/5.0 (Windows NT 10.0; Win64; x64) AppleWebKit/537.36 (KHTML, like Gecko) Chrome/149.0.0.0 Safari/537.36"
91.132.197.192 - - [02/Aug/2026:13:55:44 -0400] "GET /wp-includes/js/zxcvbn-async.min.js?ver=1.0 HTTP/2" 200 187 "https://sonogahotels.com.deconnect.com.ng/" "Mozilla/5.0 (Windows NT 10.0; Win64; x64) AppleWebKit/537.36 (KHTML, like Gecko) Chrome/149.0.0.0 Safari/537.36"
91.132.197.192 - - [02/Aug/2026:13:55:44 -0400] "GET /wp-includes/js/underscore.min.js?ver=1.13.8 HTTP/2" 200 7228 "https://sonogahotels.com.deconnect.com.ng/" "Mozilla/5.0 (Windows NT 10.0; Win64; x64) AppleWebKit/537.36 (KHTML, like Gecko) Chrome/149.0.0.0 Safari/537.36"
91.132.197.192 - - [02/Aug/2026:13:55:44 -0400] "GET /wp-includes/js/dist/i18n.min.js?ver=781d11515ad3d91786ec HTTP/2" 200 2354 "https://sonogahotels.com.deconnect.com.ng/" "Mozilla/5.0 (Windows NT 10.0; Win64; x64) AppleWebKit/537.36 (KHTML, like Gecko) Chrome/149.0.0.0 Safari/537.36"
91.132.197.192 - - [02/Aug/2026:13:55:44 -0400] "GET /wp-includes/js/jquery/jquery-migrate.min.js?ver=3.4.1 HTTP/2" 200 4678 "https://sonogahotels.com.deconnect.com.ng/" "Mozilla/5.0 (Windows NT 10.0; Win64; x64) AppleWebKit/537.36 (KHTML, like Gecko) Chrome/149.0.0.0 Safari/537.36"
91.132.197.192 - - [02/Aug/2026:13:55:44 -0400] "GET /wp-includes/js/dist/dom-ready.min.js?ver=a06281ae5cf5500e9317 HTTP/2" 200 420 "https://sonogahotels.com.deconnect.com.ng/" "Mozilla/5.0 (Windows NT 10.0; Win64; x64) AppleWebKit/537.36 (KHTML, like Gecko) Chrome/149.0.0.0 Safari/537.36"
91.132.197.192 - - [02/Aug/2026:13:55:44 -0400] "GET /wp-admin/js/user-profile.min.js?ver=7.0.2 HTTP/2" 200 2889 "https://sonogahotels.com.deconnect.com.ng/" "Mozilla/5.0 (Windows NT 10.0; Win64; x64) AppleWebKit/537.36 (KHTML, like Gecko) Chrome/149.0.0.0 Safari/537.36"
91.132.197.192 - - [02/Aug/2026:13:55:44 -0400] "GET /wp-includes/js/dist/hooks.min.js?ver=7496969728ca0f95732d HTTP/2" 200 1734 "https://sonogahotels.com.deconnect.com.ng/" "Mozilla/5.0 (Windows NT 10.0; Win64; x64) AppleWebKit/537.36 (KHTML, like Gecko) Chrome/149.0.0.0 Safari/537.36"
91.132.197.192 - - [02/Aug/2026:13:55:44 -0400] "GET /wp-includes/js/wp-util.min.js?ver=7.0.2 HTTP/2" 200 693 "https://sonogahotels.com.deconnect.com.ng/" "Mozilla/5.0 (Windows NT 10.0; Win64; x64) AppleWebKit/537.36 (KHTML, like Gecko) Chrome/149.0.0.0 Safari/537.36"
91.132.197.192 - - [02/Aug/2026:13:55:44 -0400] "GET /wp-admin/js/password-strength-meter.min.js?ver=7.0.2 HTTP/2" 200 558 "https://sonogahotels.com.deconnect.com.ng/" "Mozilla/5.0 (Windows NT 10.0; Win64; x64) AppleWebKit/537.36 (KHTML, like Gecko) Chrome/149.0.0.0 Safari/537.36"
91.132.197.192 - - [02/Aug/2026:13:55:44 -0400] "GET /wp-includes/js/jquery/jquery.min.js?ver=3.7.1 HTTP/2" 200 29744 "https://sonogahotels.com.deconnect.com.ng/" "Mozilla/5.0 (Windows NT 10.0; Win64; x64) AppleWebKit/537.36 (KHTML, like Gecko) Chrome/149.0.0.0 Safari/537.36"
91.132.197.192 - - [02/Aug/2026:13:55:45 -0400] "GET /wp-content/plugins/loginpress/img/minimalist.jpg HTTP/2" 200 21803 "https://sonogahotels.com.deconnect.com.ng/" "Mozilla/5.0 (Windows NT 10.0; Win64; x64) AppleWebKit/537.36 (KHTML, like Gecko) Chrome/149.0.0.0 Safari/537.36"
91.132.197.192 - - [02/Aug/2026:13:55:45 -0400] "GET /wp-content/uploads/2026/05/ChatGPT-Image-May-29-2026-02_03_32-PM-1.png HTTP/2" 200 1791529 "https://sonogahotels.com.deconnect.com.ng/" "Mozilla/5.0 (Windows NT 10.0; Win64; x64) AppleWebKit/537.36 (KHTML, like Gecko) Chrome/149.0.0.0 Safari/537.36"
91.132.197.192 - - [02/Aug/2026:13:55:46 -0400] "GET /wp-content/uploads/2026/05/cropped-ChatGPT-Image-May-29-2026-02_03_32-PM-1-192x192.png HTTP/2" 200 46135 "https://sonogahotels.com.deconnect.com.ng/" "Mozilla/5.0 (Windows NT 10.0; Win64; x64) AppleWebKit/537.36 (KHTML, like Gecko) Chrome/149.0.0.0 Safari/537.36"
91.132.197.192 - - [02/Aug/2026:13:55:46 -0400] "GET /wp-includes/js/zxcvbn.min.js HTTP/2" 200 389493 "https://sonogahotels.com.deconnect.com.ng/" "Mozilla/5.0 (Windows NT 10.0; Win64; x64) AppleWebKit/537.36 (KHTML, like Gecko) Chrome/149.0.0.0 Safari/537.36"
91.132.197.192 - - [02/Aug/2026:13:55:47 -0400] "POST /wp-login.php HTTP/2" 200 9283 "https://sonogahotels.com.deconnect.com.ng/" "Mozilla/5.0 (Windows NT 10.0; Win64; x64) AppleWebKit/537.36 (KHTML, like Gecko) Chrome/149.0.0.0 Safari/537.36"
91.132.197.192 - - [02/Aug/2026:13:55:51 -0400] "GET /wp-includes/css/dashicons.min.css?ver=7.0.2 HTTP/2" 200 35101 "https://sonogahotels.com/wp-login.php" "Mozilla/5.0 (Windows NT 10.0; Win64; x64) AppleWebKit/537.36 (KHTML, like Gecko) Chrome/149.0.0.0 Safari/537.36"
91.132.197.192 - - [02/Aug/2026:13:55:51 -0400] "GET /wp-includes/css/buttons.min.css?ver=7.0.2 HTTP/2" 200 1457 "https://sonogahotels.com/wp-login.php" "Mozilla/5.0 (Windows NT 10.0; Win64; x64) AppleWebKit/537.36 (KHTML, like Gecko) Chrome/149.0.0.0 Safari/537.36"
91.132.197.192 - - [02/Aug/2026:13:55:51 -0400] "GET /wp-admin/css/forms.min.css?ver=7.0.2 HTTP/2" 200 6522 "https://sonogahotels.com/wp-login.php" "Mozilla/5.0 (Windows NT 10.0; Win64; x64) AppleWebKit/537.36 (KHTML, like Gecko) Chrome/149.0.0.0 Safari/537.36"
91.132.197.192 - - [02/Aug/2026:13:55:51 -0400] "GET /wp-admin/css/l10n.min.css?ver=7.0.2 HTTP/2" 200 675 "https://sonogahotels.com/wp-login.php" "Mozilla/5.0 (Windows NT 10.0; Win64; x64) AppleWebKit/537.36 (KHTML, like Gecko) Chrome/149.0.0.0 Safari/537.36"
91.132.197.192 - - [02/Aug/2026:13:55:51 -0400] "GET /wp-includes/css/dist/base-styles/admin-schemes.min.css?ver=7.0.2 HTTP/2" 200 725 "https://sonogahotels.com/wp-login.php" "Mozilla/5.0 (Windows NT 10.0; Win64; x64) AppleWebKit/537.36 (KHTML, like Gecko) Chrome/149.0.0.0 Safari/537.36"
91.132.197.192 - - [02/Aug/2026:13:55:51 -0400] "GET /wp-admin/css/login.min.css?ver=7.0.2 HTTP/2" 200 2019 "https://sonogahotels.com/wp-login.php" "Mozilla/5.0 (Windows NT 10.0; Win64; x64) AppleWebKit/537.36 (KHTML, like Gecko) Chrome/149.0.0.0 Safari/537.36"
91.132.197.192 - - [02/Aug/2026:13:55:51 -0400] "GET /wp-includes/js/clipboard.min.js?ver=2.0.11 HTTP/2" 200 2989 "https://sonogahotels.com/wp-login.php" "Mozilla/5.0 (Windows NT 10.0; Win64; x64) AppleWebKit/537.36 (KHTML, like Gecko) Chrome/149.0.0.0 Safari/537.36"
91.132.197.192 - - [02/Aug/2026:13:55:51 -0400] "GET /wp-includes/js/jquery/jquery.min.js?ver=3.7.1 HTTP/2" 200 29744 "https://sonogahotels.com/wp-login.php" "Mozilla/5.0 (Windows NT 10.0; Win64; x64) AppleWebKit/537.36 (KHTML, like Gecko) Chrome/149.0.0.0 Safari/537.36"
91.132.197.192 - - [02/Aug/2026:13:55:51 -0400] "GET /wp-includes/js/jquery/jquery-migrate.min.js?ver=3.4.1 HTTP/2" 200 4678 "https://sonogahotels.com/wp-login.php" "Mozilla/5.0 (Windows NT 10.0; Win64; x64) AppleWebKit/537.36 (KHTML, like Gecko) Chrome/149.0.0.0 Safari/537.36"
91.132.197.192 - - [02/Aug/2026:13:55:51 -0400] "GET /wp-includes/js/zxcvbn-async.min.js?ver=1.0 HTTP/2" 200 187 "https://sonogahotels.com/wp-login.php" "Mozilla/5.0 (Windows NT 10.0; Win64; x64) AppleWebKit/537.36 (KHTML, like Gecko) Chrome/149.0.0.0 Safari/537.36"
91.132.197.192 - - [02/Aug/2026:13:55:51 -0400] "GET /wp-includes/js/dist/hooks.min.js?ver=7496969728ca0f95732d HTTP/2" 200 1734 "https://sonogahotels.com/wp-login.php" "Mozilla/5.0 (Windows NT 10.0; Win64; x64) AppleWebKit/537.36 (KHTML, like Gecko) Chrome/149.0.0.0 Safari/537.36"
91.132.197.192 - - [02/Aug/2026:13:55:51 -0400] "GET /wp-includes/js/dist/i18n.min.js?ver=781d11515ad3d91786ec HTTP/2" 200 2354 "https://sonogahotels.com/wp-login.php" "Mozilla/5.0 (Windows NT 10.0; Win64; x64) AppleWebKit/537.36 (KHTML, like Gecko) Chrome/149.0.0.0 Safari/537.36"
91.132.197.192 - - [02/Aug/2026:13:55:51 -0400] "GET /wp-admin/js/password-strength-meter.min.js?ver=7.0.2 HTTP/2" 200 558 "https://sonogahotels.com/wp-login.php" "Mozilla/5.0 (Windows NT 10.0; Win64; x64) AppleWebKit/537.36 (KHTML, like Gecko) Chrome/149.0.0.0 Safari/537.36"
91.132.197.192 - - [02/Aug/2026:13:55:51 -0400] "GET /wp-includes/js/underscore.min.js?ver=1.13.8 HTTP/2" 200 7228 "https://sonogahotels.com/wp-login.php" "Mozilla/5.0 (Windows NT 10.0; Win64; x64) AppleWebKit/537.36 (KHTML, like Gecko) Chrome/149.0.0.0 Safari/537.36"
91.132.197.192 - - [02/Aug/2026:13:55:51 -0400] "GET /wp-includes/js/wp-util.min.js?ver=7.0.2 HTTP/2" 200 693 "https://sonogahotels.com/wp-login.php" "Mozilla/5.0 (Windows NT 10.0; Win64; x64) AppleWebKit/537.36 (KHTML, like Gecko) Chrome/149.0.0.0 Safari/537.36"
91.132.197.192 - - [02/Aug/2026:13:55:51 -0400] "GET /wp-includes/js/dist/dom-ready.min.js?ver=a06281ae5cf5500e9317 HTTP/2" 200 420 "https://sonogahotels.com/wp-login.php" "Mozilla/5.0 (Windows NT 10.0; Win64; x64) AppleWebKit/537.36 (KHTML, like Gecko) Chrome/149.0.0.0 Safari/537.36"
156.232.88.6 - - [02/Aug/2026:13:54:22 -0400] "POST /wp-cron.php?doing_wp_cron=1785693262.0392420291900634765625 HTTP/1.1" 200 0 "-" "WordPress/7.0.2; https://sonogahotels.com"
156.232.88.6 - - [02/Aug/2026:13:56:08 -0400] "POST /wp-cron.php?doing_wp_cron=1785693368.4066910743713378906250 HTTP/1.1" 200 0 "-" "WordPress/7.0.2; https://sonogahotels.com"
156.232.88.6 - - [02/Aug/2026:13:56:44 -0400] "POST /wp-cron.php?doing_wp_cron=1785693404.2661879062652587890625 HTTP/1.1" 200 0 "-" "WordPress/7.0.2; https://sonogahotels.com"
51.161.37.59 - - [02/Aug/2026:14:01:56 -0400] "GET /post-type-post-sitemap-1.xml HTTP/2" 200 7347 "-" "Mozilla/5.0 (compatible; AhrefsBot/7.0; +http://ahrefs.com/robot/)"
54.39.136.1 - - [02/Aug/2026:14:02:15 -0400] "GET /taxonomy-type-category-sitemap-1.xml HTTP/2" 200 300 "-" "Mozilla/5.0 (compatible; AhrefsBot/7.0; +http://ahrefs.com/robot/)"
91.132.197.192 - - [02/Aug/2026:13:55:51 -0400] "GET /wp-includes/js/dist/a11y.min.js?ver=af934e5259bc51b8718e HTTP/2" 200 935 "https://sonogahotels.com/wp-login.php" "Mozilla/5.0 (Windows NT 10.0; Win64; x64) AppleWebKit/537.36 (KHTML, like Gecko) Chrome/149.0.0.0 Safari/537.36"
91.132.197.192 - - [02/Aug/2026:13:55:51 -0400] "GET /wp-admin/js/user-profile.min.js?ver=7.0.2 HTTP/2" 200 2889 "https://sonogahotels.com/wp-login.php" "Mozilla/5.0 (Windows NT 10.0; Win64; x64) AppleWebKit/537.36 (KHTML, like Gecko) Chrome/149.0.0.0 Safari/537.36"
91.132.197.192 - - [02/Aug/2026:13:55:53 -0400] "GET /wp-content/plugins/loginpress/img/minimalist.jpg HTTP/2" 200 21803 "https://sonogahotels.com/wp-login.php" "Mozilla/5.0 (Windows NT 10.0; Win64; x64) AppleWebKit/537.36 (KHTML, like Gecko) Chrome/149.0.0.0 Safari/537.36"
91.132.197.192 - - [02/Aug/2026:13:55:53 -0400] "GET /wp-content/uploads/2026/05/ChatGPT-Image-May-29-2026-02_03_32-PM-1.png HTTP/2" 200 1791529 "https://sonogahotels.com/wp-login.php" "Mozilla/5.0 (Windows NT 10.0; Win64; x64) AppleWebKit/537.36 (KHTML, like Gecko) Chrome/149.0.0.0 Safari/537.36"
91.132.197.192 - - [02/Aug/2026:13:56:03 -0400] "GET /wp-content/uploads/2026/05/cropped-ChatGPT-Image-May-29-2026-02_03_32-PM-1-192x192.png HTTP/2" 200 46135 "https://sonogahotels.com/wp-login.php" "Mozilla/5.0 (Windows NT 10.0; Win64; x64) AppleWebKit/537.36 (KHTML, like Gecko) Chrome/149.0.0.0 Safari/537.36"
91.132.197.192 - - [02/Aug/2026:13:56:03 -0400] "GET /wp-includes/js/zxcvbn.min.js HTTP/2" 200 389493 "https://sonogahotels.com/wp-login.php" "Mozilla/5.0 (Windows NT 10.0; Win64; x64) AppleWebKit/537.36 (KHTML, like Gecko) Chrome/149.0.0.0 Safari/537.36"
136.243.228.194 - - [02/Aug/2026:13:56:41 -0400] "GET /discovering-the-best-online-casino-experience-for-australian-players/%24url HTTP/1.1" 404 28828 "-" "Mozilla/5.0 (compatible; DataForSeoBot/1.0; +https://dataforseo.com/dataforseo-bot)"
156.232.88.6 - - [02/Aug/2026:13:57:27 -0400] "POST /wp-cron.php?doing_wp_cron=1785693447.2968420982360839843750 HTTP/1.1" 200 0 "-" "WordPress/7.0.2; https://sonogahotels.com"
91.132.197.192 - - [02/Aug/2026:13:55:59 -0400] "POST /xmlrpc.php HTTP/1.1" 200 272 "-" "Mozilla/5.0 (Windows NT 10.0; Win64; x64) AppleWebKit/537.36 (KHTML, like Gecko) Chrome/149.0.0.0 Safari/537.36"
91.132.197.192 - - [02/Aug/2026:13:56:02 -0400] "POST /xmlrpc.php HTTP/1.1" 200 139 "-" "Mozilla/5.0 (Windows NT 10.0; Win64; x64) AppleWebKit/537.36 (KHTML, like Gecko) Chrome/149.0.0.0 Safari/537.36"
91.132.197.192 - - [02/Aug/2026:13:56:09 -0400] "POST /xmlrpc.php HTTP/1.1" 403 139 "-" "Mozilla/5.0 (Windows NT 10.0; Win64; x64) AppleWebKit/537.36 (KHTML, like Gecko) Chrome/149.0.0.0 Safari/537.36"
156.232.88.6 - - [02/Aug/2026:13:58:31 -0400] "POST /wp-cron.php?doing_wp_cron=1785693511.4444179534912109375000 HTTP/1.1" 200 0 "-" "WordPress/7.0.2; https://sonogahotels.com"
156.232.88.6 - - [02/Aug/2026:13:59:36 -0400] "POST /wp-cron.php?doing_wp_cron=1785693576.8250339031219482421875 HTTP/1.1" 200 0 "-" "WordPress/7.0.2; https://sonogahotels.com"
167.114.139.77 - - [02/Aug/2026:14:01:30 -0400] "GET /sitemap_index.xml HTTP/2" 200 295 "-" "Mozilla/5.0 (compatible; AhrefsBot/7.0; +http://ahrefs.com/robot/)"
142.44.225.197 - - [02/Aug/2026:14:01:37 -0400] "GET /post-type-elementor_library-sitemap-1.xml HTTP/2" 200 326 "-" "Mozilla/5.0 (compatible; AhrefsBot/7.0; +http://ahrefs.com/robot/)"
124.156.204.51 - - [02/Aug/2026:13:57:42 -0400] "GET /xmlrpc.php?rsd HTTP/1.1" 200 311 "-" "Mozilla/5.0 (iPhone; CPU iPhone OS 13_2_3 like Mac OS X) AppleWebKit/605.1.15 (KHTML, like Gecko) Version/13.0.3 Mobile/15E148 Safari/604.1"
167.114.139.77 - - [02/Aug/2026:14:01:26 -0400] "GET /sitemap.xml HTTP/2" 301 0 "-" "Mozilla/5.0 (compatible; AhrefsBot/7.0; +http://ahrefs.com/robot/)"
54.39.210.149 - - [02/Aug/2026:14:01:45 -0400] "GET /post-type-mphb_room_type-sitemap-1.xml HTTP/2" 200 386 "-" "Mozilla/5.0 (compatible; AhrefsBot/7.0; +http://ahrefs.com/robot/)"
148.113.130.107 - - [02/Aug/2026:14:01:50 -0400] "GET /post-type-mphb_template-sitemap-1.xml HTTP/2" 200 293 "-" "Mozilla/5.0 (compatible; AhrefsBot/7.0; +http://ahrefs.com/robot/)"
51.161.37.148 - - [02/Aug/2026:14:01:53 -0400] "GET /post-type-page-sitemap-1.xml HTTP/2" 200 894 "-" "Mozilla/5.0 (compatible; AhrefsBot/7.0; +http://ahrefs.com/robot/)"
136.243.228.194 - - [02/Aug/2026:13:57:56 -0400] "GET /how-to-find-a-secure-australian-online-casino-3/%24url HTTP/1.1" 404 28814 "-" "Mozilla/5.0 (compatible; DataForSeoBot/1.0; +https://dataforseo.com/dataforseo-bot)"
136.243.228.194 - - [02/Aug/2026:13:59:01 -0400] "GET /how-to-find-a-secure-australian-online-casino-2/%24url HTTP/1.1" 404 28814 "-" "Mozilla/5.0 (compatible; DataForSeoBot/1.0; +https://dataforseo.com/dataforseo-bot)"
136.243.228.194 - - [02/Aug/2026:13:59:34 -0400] "GET /australian-online-casinos-with-low-wagering-play-smarter/%24url HTTP/1.1" 404 28889 "-" "Mozilla/5.0 (compatible; DataForSeoBot/1.0; +https://dataforseo.com/dataforseo-bot)"
156.232.88.6 - - [02/Aug/2026:14:01:28 -0400] "POST /wp-cron.php?doing_wp_cron=1785693687.8985800743103027343750 HTTP/1.1" 200 0 "-" "WordPress/7.0.2; https://sonogahotels.com"
142.44.225.23 - - [02/Aug/2026:14:01:41 -0400] "GET /post-type-mphb_room_service-sitemap-1.xml HTTP/2" 200 419 "-" "Mozilla/5.0 (compatible; AhrefsBot/7.0; +http://ahrefs.com/robot/)"
51.222.168.177 - - [02/Aug/2026:14:02:00 -0400] "GET /post-type-post-sitemap-2.xml HTTP/2" 200 4323 "-" "Mozilla/5.0 (compatible; AhrefsBot/7.0; +http://ahrefs.com/robot/)"
213.165.88.159 - - [02/Aug/2026:13:53:32 -0400] "GET /wp-login.php HTTP/2" 200 9148 "-" "Mozilla/5.0 (Windows NT 10.0; Win64; x64) AppleWebKit/537.36 (KHTML, like Gecko) Chrome/150.0.0.0 Safari/537.36"
216.73.216.237 - - [02/Aug/2026:13:54:58 -0400] "GET /sitemap.xml HTTP/2" 301 0 "-" "Mozilla/5.0 AppleWebKit/537.36 (KHTML, like Gecko; compatible; ClaudeBot/1.0; +claudebot@anthropic.com)"
216.73.216.237 - - [02/Aug/2026:13:55:00 -0400] "GET /wp-sitemap.xml HTTP/2" 302 0 "https://sonogahotels.com/sitemap.xml" "Mozilla/5.0 AppleWebKit/537.36 (KHTML, like Gecko; compatible; ClaudeBot/1.0; +claudebot@anthropic.com)"
216.73.216.237 - - [02/Aug/2026:13:55:02 -0400] "GET /sitemap_index.xml HTTP/2" 200 305 "https://sonogahotels.com/wp-sitemap.xml" "Mozilla/5.0 AppleWebKit/537.36 (KHTML, like Gecko; compatible; ClaudeBot/1.0; +claudebot@anthropic.com)"
167.114.139.77 - - [02/Aug/2026:14:01:28 -0400] "GET /wp-sitemap.xml HTTP/2" 302 0 "-" "Mozilla/5.0 (compatible; AhrefsBot/7.0; +http://ahrefs.com/robot/)"
142.44.228.28 - - [02/Aug/2026:14:02:12 -0400] "GET /post-type-sureforms_form-sitemap-1.xml HTTP/2" 200 293 "-" "Mozilla/5.0 (compatible; AhrefsBot/7.0; +http://ahrefs.com/robot/)"
136.243.228.194 - - [02/Aug/2026:13:58:29 -0400] "GET /how-to-find-a-secure-australian-online-casino/%24url HTTP/1.1" 404 28823 "-" "Mozilla/5.0 (compatible; DataForSeoBot/1.0; +https://dataforseo.com/dataforseo-bot)"
156.232.88.6 - - [02/Aug/2026:13:53:34 -0400] "POST /wp-cron.php?doing_wp_cron=1785693214.0360589027404785156250 HTTP/1.1" 200 0 "-" "WordPress/7.0.2; https://sonogahotels.com"
136.243.228.194 - - [02/Aug/2026:13:54:54 -0400] "GET /wp-login.php?action=lostpassword&redirect_to=https%3A%2F%2Fsonogahotels.com%2Fmy-account%2F HTTP/1.1" 200 8358 "-" "Mozilla/5.0 (compatible; DataForSeoBot/1.0; +https://dataforseo.com/dataforseo-bot)"
156.232.88.6 - - [02/Aug/2026:13:55:30 -0400] "POST /wp-cron.php?doing_wp_cron=1785693330.5416080951690673828125 HTTP/1.1" 200 0 "-" "WordPress/7.0.2; https://sonogahotels.com"
136.243.228.194 - - [02/Aug/2026:13:55:27 -0400] "GET /den-strategiska-rollem-for-hogvinstautomater-i-sveriges-online-casino/ HTTP/1.1" 200 33808 "-" "Mozilla/5.0 (compatible; DataForSeoBot/1.0; +https://dataforseo.com/dataforseo-bot)"
136.243.228.194 - - [02/Aug/2026:13:56:02 -0400] "GET /finding-the-top-rated-aussie-casino-online/%24url HTTP/1.1" 404 28790 "-" "Mozilla/5.0 (compatible; DataForSeoBot/1.0; +https://dataforseo.com/dataforseo-bot)"
136.243.228.194 - - [02/Aug/2026:13:57:25 -0400] "GET /how-to-find-a-secure-australian-online-casino-5/%24url HTTP/1.1" 404 28814 "-" "Mozilla/5.0 (compatible; DataForSeoBot/1.0; +https://dataforseo.com/dataforseo-bot)"
136.243.228.194 - - [02/Aug/2026:14:00:07 -0400] "GET /how-to-find-a-secure-australian-online-casino-4/%24url HTTP/1.1" 404 28814 "-" "Mozilla/5.0 (compatible; DataForSeoBot/1.0; +https://dataforseo.com/dataforseo-bot)"
51.68.247.197 - - [02/Aug/2026:14:01:24 -0400] "GET /robots.txt HTTP/2" 200 70 "-" "Mozilla/5.0 (compatible; AhrefsBot/7.0; +http://ahrefs.com/robot/)"
142.44.220.239 - - [02/Aug/2026:14:01:34 -0400] "GET /archives-sitemap-1.xml HTTP/2" 200 316 "-" "Mozilla/5.0 (compatible; AhrefsBot/7.0; +http://ahrefs.com/robot/)"
156.232.88.6 - - [02/Aug/2026:14:02:14 -0400] "POST /wp-cron.php?doing_wp_cron=1785693733.9412009716033935546875 HTTP/1.1" 200 0 "-" "WordPress/7.0.2; https://sonogahotels.com"
156.232.88.6 - - [02/Aug/2026:14:19:56 -0400] "POST /wp-cron.php?doing_wp_cron=1785694796.1600639820098876953125 HTTP/1.1" 200 0 "-" "WordPress/7.0.2; https://sonogahotels.com"
119.28.177.175 - - [02/Aug/2026:14:19:59 -0400] "GET /search-availability/ HTTP/1.1" 200 35139 "https://sonogahotels.com/search-availability" "Mozilla/5.0 (iPhone; CPU iPhone OS 13_2_3 like Mac OS X) AppleWebKit/605.1.15 (KHTML, like Gecko) Version/13.0.3 Mobile/15E148 Safari/604.1"
156.232.88.6 - - [02/Aug/2026:14:05:36 -0400] "POST /wp-cron.php?doing_wp_cron=1785693936.1640319824218750000000 HTTP/1.1" 200 0 "-" "WordPress/7.0.2; https://sonogahotels.com"
51.161.37.112 - - [02/Aug/2026:14:05:33 -0400] "GET /services/transport-services/ HTTP/2" 200 31487 "-" "Mozilla/5.0 (compatible; AhrefsBot/7.0; +http://ahrefs.com/robot/)"
49.51.38.193 - - [02/Aug/2026:14:09:09 -0400] "GET /wp-json/ HTTP/1.1" 200 73556 "-" "Mozilla/5.0 (iPhone; CPU iPhone OS 13_2_3 like Mac OS X) AppleWebKit/605.1.15 (KHTML, like Gecko) Version/13.0.3 Mobile/15E148 Safari/604.1"
40.77.167.151 - - [02/Aug/2026:14:06:35 -0400] "GET /products/488115346726 HTTP/2" 301 0 "-" "Mozilla/5.0 AppleWebKit/537.36 (KHTML, like Gecko; compatible; bingbot/2.0; +http://www.bing.com/bingbot.htm) Chrome/116.0.1938.76 Safari/537.36"
40.77.167.151 - - [02/Aug/2026:14:06:37 -0400] "GET /products/54411588699 HTTP/2" 301 0 "-" "Mozilla/5.0 AppleWebKit/537.36 (KHTML, like Gecko; compatible; bingbot/2.0; +http://www.bing.com/bingbot.htm) Chrome/116.0.1938.76 Safari/537.36"
213.209.159.254 - - [02/Aug/2026:14:09:40 -0400] "GET / HTTP/2" 200 54730 "-" "Mozilla/5.0 (Macintosh; Intel Mac OS X 10_15_7) AppleWebKit/537.36 (KHTML, like Gecko) Chrome/120.0.0.0 Safari/537.36"
156.232.88.6 - - [02/Aug/2026:14:06:37 -0400] "POST /wp-cron.php?doing_wp_cron=1785693996.9996221065521240234375 HTTP/1.1" 200 0 "-" "WordPress/7.0.2; https://sonogahotels.com"
156.232.88.6 - - [02/Aug/2026:14:09:17 -0400] "POST /wp-cron.php?doing_wp_cron=1785694157.4181849956512451171875 HTTP/1.1" 200 0 "-" "WordPress/7.0.2; https://sonogahotels.com"
119.28.177.175 - - [02/Aug/2026:14:19:54 -0400] "GET /search-availability HTTP/1.1" 301 0 "-" "Mozilla/5.0 (iPhone; CPU iPhone OS 13_2_3 like Mac OS X) AppleWebKit/605.1.15 (KHTML, like Gecko) Version/13.0.3 Mobile/15E148 Safari/604.1"
40.77.167.22 - - [02/Aug/2026:14:20:48 -0400] "GET /products/690115111756 HTTP/2" 301 0 "-" "Mozilla/5.0 AppleWebKit/537.36 (KHTML, like Gecko; compatible; bingbot/2.0; +http://www.bing.com/bingbot.htm) Chrome/116.0.1938.76 Safari/537.36"
156.232.88.6 - - [02/Aug/2026:14:24:17 -0400] "POST /wp-cron.php?doing_wp_cron=1785695057.3154299259185791015625 HTTP/1.1" 200 0 "-" "WordPress/7.0.2; https://sonogahotels.com"
18.205.91.101 - - [02/Aug/2026:14:24:14 -0400] "GET /bonusy-w-grze-ruletka-w-kasynach-online/ HTTP/1.1" 200 36126 "-" "Mozilla/5.0 AppleWebKit/537.36 (KHTML, like Gecko; compatible; Amazonbot/0.1; +https://developer.amazon.com/support/amazonbot) Chrome/119.0.6045.214 Safari/537.36"
52.167.144.180 - - [02/Aug/2026:14:24:58 -0400] "GET /products/53611575297 HTTP/2" 301 0 "-" "Mozilla/5.0 AppleWebKit/537.36 (KHTML, like Gecko; compatible; bingbot/2.0; +http://www.bing.com/bingbot.htm) Chrome/116.0.1938.76 Safari/537.36"
156.232.88.6 - - [02/Aug/2026:14:20:49 -0400] "POST /wp-cron.php?doing_wp_cron=1785694849.6096799373626708984375 HTTP/1.1" 200 0 "-" "WordPress/7.0.2; https://sonogahotels.com"
66.249.66.1 - - [02/Aug/2026:14:34:40 -0400] "GET /wp-content/plugins/elementor/assets/lib/eicons/css/elementor-icons.min.css?ver=5.34.0 HTTP/1.1" 200 4174 "https://sonogahotels.com/%D1%81%D0%BF%D0%BE%D1%80%D1%82%D0%B8%D0%B2%D0%BD%D1%8B%D0%B5-%D1%81%D1%82%D0%B0%D0%B2%D0%BA%D0%B8-%D0%B2-%D0%BA%D0%B0%D0%B7%D0%B0%D1%85%D1%81%D1%82%D0%B0%D0%BD%D0%B5-%D0%BA%D0%B0%D0%BA-spinbetter/" "Mozilla/5.0 (Linux; Android 6.0.1; Nexus 5X Build/MMB29P) AppleWebKit/537.36 (KHTML, like Gecko) Chrome/150.0.7871.186 Mobile Safari/537.36 (compatible; Googlebot/2.1; +http://www.google.com/bot.html)"
66.249.66.1 - - [02/Aug/2026:14:34:41 -0400] "GET /wp-includes/js/dist/vendor/moment.min.js?ver=2.30.1 HTTP/1.1" 200 18384 "https://sonogahotels.com/%D1%81%D0%BF%D0%BE%D1%80%D1%82%D0%B8%D0%B2%D0%BD%D1%8B%D0%B5-%D1%81%D1%82%D0%B0%D0%B2%D0%BA%D0%B8-%D0%B2-%D0%BA%D0%B0%D0%B7%D0%B0%D1%85%D1%81%D1%82%D0%B0%D0%BD%D0%B5-%D0%BA%D0%B0%D0%BA-spinbetter/" "Mozilla/5.0 (Linux; Android 6.0.1; Nexus 5X Build/MMB29P) AppleWebKit/537.36 (KHTML, like Gecko) Chrome/150.0.7871.186 Mobile Safari/537.36 (compatible; Googlebot/2.1; +http://www.google.com/bot.html)"
66.249.66.192 - - [02/Aug/2026:14:37:40 -0400] "GET /mostbet-szansa-na-wygrane-dzieki-unikalnym-bonusom-bez-depozytu/ HTTP/1.1" 200 29953 "-" "Mozilla/5.0 (Linux; Android 6.0.1; Nexus 5X Build/MMB29P) AppleWebKit/537.36 (KHTML, like Gecko) Chrome/150.0.7871.186 Mobile Safari/537.36 (compatible; Googlebot/2.1; +http://www.google.com/bot.html)"
35.229.103.236 - - [02/Aug/2026:14:41:28 -0400] "GET /.env.prod HTTP/1.1" 404 65536 "-" "crusader-worker/1.0"
35.229.103.236 - - [02/Aug/2026:14:41:28 -0400] "GET /crusader-404-probe HTTP/1.1" 404 65536 "-" "crusader-worker/1.0"
