197.211.63.57 - - [02/Aug/2026:16:12:05 -0400] "GET /wp-includes/js/dist/api-fetch.min.js?ver=d7efe4dc1468d36c39b8 HTTP/2" 200 2692 "https://sonogahotels.com/" "Mozilla/5.0 (Linux; Android 10; K) AppleWebKit/537.36 (KHTML, like Gecko) Chrome/150.0.0.0 Mobile Safari/537.36"
197.211.63.57 - - [02/Aug/2026:16:12:05 -0400] "GET /wp-content/plugins/sureforms/assets/build/formSubmit.js?ver=2.12.2 HTTP/2" 200 13763 "https://sonogahotels.com/" "Mozilla/5.0 (Linux; Android 10; K) AppleWebKit/537.36 (KHTML, like Gecko) Chrome/150.0.0.0 Mobile Safari/537.36"
197.211.63.57 - - [02/Aug/2026:16:12:05 -0400] "GET /wp-content/plugins/sureforms/assets/js/minified/frontend.min.js?ver=2.12.2 HTTP/2" 200 2044 "https://sonogahotels.com/" "Mozilla/5.0 (Linux; Android 10; K) AppleWebKit/537.36 (KHTML, like Gecko) Chrome/150.0.0.0 Mobile Safari/537.36"
197.211.63.57 - - [02/Aug/2026:16:12:05 -0400] "GET /wp-content/plugins/sureforms/assets/js/minified/blocks/input.min.js?ver=2.12.2 HTTP/2" 200 353 "https://sonogahotels.com/" "Mozilla/5.0 (Linux; Android 10; K) AppleWebKit/537.36 (KHTML, like Gecko) Chrome/150.0.0.0 Mobile Safari/537.36"
197.211.63.57 - - [02/Aug/2026:16:12:05 -0400] "GET /wp-content/plugins/elementor-pro/assets/js/webpack-pro.runtime.min.js?ver=4.0.4 HTTP/2" 200 2611 "https://sonogahotels.com/" "Mozilla/5.0 (Linux; Android 10; K) AppleWebKit/537.36 (KHTML, like Gecko) Chrome/150.0.0.0 Mobile Safari/537.36"
197.211.63.57 - - [02/Aug/2026:16:12:05 -0400] "GET /wp-content/plugins/elementor-pro/assets/js/frontend.min.js?ver=4.0.4 HTTP/2" 200 6191 "https://sonogahotels.com/" "Mozilla/5.0 (Linux; Android 10; K) AppleWebKit/537.36 (KHTML, like Gecko) Chrome/150.0.0.0 Mobile Safari/537.36"
197.211.63.57 - - [02/Aug/2026:16:12:05 -0400] "GET /wp-content/plugins/elementor-pro/assets/js/elements-handlers.min.js?ver=4.0.4 HTTP/2" 200 10079 "https://sonogahotels.com/" "Mozilla/5.0 (Linux; Android 10; K) AppleWebKit/537.36 (KHTML, like Gecko) Chrome/150.0.0.0 Mobile Safari/537.36"
197.211.63.57 - - [02/Aug/2026:16:12:05 -0400] "GET /wp-content/plugins/creame-whatsapp-me/public/css/joinchat.min.css?ver=6.3.2 HTTP/2" 200 5203 "https://sonogahotels.com/" "Mozilla/5.0 (Linux; Android 10; K) AppleWebKit/537.36 (KHTML, like Gecko) Chrome/150.0.0.0 Mobile Safari/537.36"
197.211.63.57 - - [02/Aug/2026:16:12:05 -0400] "GET /wp-content/uploads/2025/12/512-768x512.jpg HTTP/2" 200 67783 "https://sonogahotels.com/" "Mozilla/5.0 (Linux; Android 10; K) AppleWebKit/537.36 (KHTML, like Gecko) Chrome/150.0.0.0 Mobile Safari/537.36"
197.211.63.57 - - [02/Aug/2026:16:12:05 -0400] "GET /wp-content/plugins/creame-whatsapp-me/public/js/joinchat.min.js?ver=6.3.2 HTTP/2" 200 3707 "https://sonogahotels.com/" "Mozilla/5.0 (Linux; Android 10; K) AppleWebKit/537.36 (KHTML, like Gecko) Chrome/150.0.0.0 Mobile Safari/537.36"
197.211.63.57 - - [02/Aug/2026:16:12:05 -0400] "GET /wp-content/plugins/elementor/assets/lib/font-awesome/webfonts/fa-solid-900.woff2 HTTP/2" 200 78196 "https://sonogahotels.com/wp-content/plugins/elementor/assets/lib/font-awesome/css/all.min.css?ver=4.2.1" "Mozilla/5.0 (Linux; Android 10; K) AppleWebKit/537.36 (KHTML, like Gecko) Chrome/150.0.0.0 Mobile Safari/537.36"
197.211.63.57 - - [02/Aug/2026:16:12:04 -0400] "GET /wp-content/plugins/motopress-hotel-booking/vendors/canjs/can.custom.min.js?ver=6.0.1 HTTP/2" 200 8377 "https://sonogahotels.com/" "Mozilla/5.0 (Linux; Android 10; K) AppleWebKit/537.36 (KHTML, like Gecko) Chrome/150.0.0.0 Mobile Safari/537.36"
197.211.63.57 - - [02/Aug/2026:16:12:04 -0400] "GET /wp-content/plugins/motopress-hotel-booking/assets/js/public/mphb.min.js?ver=6.0.1 HTTP/2" 200 17840 "https://sonogahotels.com/" "Mozilla/5.0 (Linux; Android 10; K) AppleWebKit/537.36 (KHTML, like Gecko) Chrome/150.0.0.0 Mobile Safari/537.36"
197.211.63.57 - - [02/Aug/2026:16:12:06 -0400] "GET /wp-content/plugins/motopress-hotel-booking/assets/css/fonts/flexslider-icon.woff HTTP/2" 200 1268 "https://sonogahotels.com/wp-content/plugins/motopress-hotel-booking/assets/css/flexslider-fixed.css?ver=6.0.1" "Mozilla/5.0 (Linux; Android 10; K) AppleWebKit/537.36 (KHTML, like Gecko) Chrome/150.0.0.0 Mobile Safari/537.36"
197.211.63.57 - - [02/Aug/2026:16:12:07 -0400] "GET /wp-content/plugins/elementor/assets/js/shared-frontend-handlers.03caa53373b56d3bab67.bundle.min.js HTTP/2" 200 2511 "https://sonogahotels.com/" "Mozilla/5.0 (Linux; Android 10; K) AppleWebKit/537.36 (KHTML, like Gecko) Chrome/150.0.0.0 Mobile Safari/537.36"
197.211.63.57 - - [02/Aug/2026:16:12:07 -0400] "GET /wp-content/plugins/elementor/assets/js/text-editor.45609661e409413f1cef.bundle.min.js HTTP/2" 200 592 "https://sonogahotels.com/" "Mozilla/5.0 (Linux; Android 10; K) AppleWebKit/537.36 (KHTML, like Gecko) Chrome/150.0.0.0 Mobile Safari/537.36"
197.211.63.57 - - [02/Aug/2026:16:12:07 -0400] "GET /wp-content/uploads/2026/05/cropped-ChatGPT-Image-May-29-2026-02_03_32-PM-1-192x192.png HTTP/2" 200 46135 "https://sonogahotels.com/" "Mozilla/5.0 (Linux; Android 10; K) AppleWebKit/537.36 (KHTML, like Gecko) Chrome/150.0.0.0 Mobile Safari/537.36"
197.211.63.57 - - [02/Aug/2026:16:12:07 -0400] "GET /wp-content/uploads/2026/05/cropped-ChatGPT-Image-May-29-2026-02_03_32-PM-1-180x180.png HTTP/2" 200 41151 "https://sonogahotels.com/" "Mozilla/5.0 (Linux; Android 10; K) AppleWebKit/537.36 (KHTML, like Gecko) Chrome/150.0.0.0 Mobile Safari/537.36"
197.211.63.57 - - [02/Aug/2026:16:12:07 -0400] "GET /wp-includes/js/wp-emoji-release.min.js?ver=7.0.2 HTTP/2" 200 4974 "https://sonogahotels.com/" "Mozilla/5.0 (Linux; Android 10; K) AppleWebKit/537.36 (KHTML, like Gecko) Chrome/150.0.0.0 Mobile Safari/537.36"
156.232.88.6 - - [02/Aug/2026:16:12:49 -0400] "POST /wp-cron.php?doing_wp_cron=1785701569.2652540206909179687500 HTTP/1.1" 200 0 "-" "WordPress/7.0.2; https://sonogahotels.com"
197.211.63.57 - - [02/Aug/2026:16:12:47 -0400] "GET /about HTTP/2" 301 0 "https://sonogahotels.com/" "Mozilla/5.0 (Linux; Android 10; K) AppleWebKit/537.36 (KHTML, like Gecko) Chrome/150.0.0.0 Mobile Safari/537.36"
156.232.88.6 - - [02/Aug/2026:16:12:02 -0400] "POST /wp-cron.php?doing_wp_cron=1785701522.2065429687500000000000 HTTP/1.1" 200 0 "-" "WordPress/7.0.2; https://sonogahotels.com"
197.211.63.57 - - [02/Aug/2026:16:11:59 -0400] "GET / HTTP/2" 200 47913 "-" "Mozilla/5.0 (Linux; Android 10; K) AppleWebKit/537.36 (KHTML, like Gecko) Chrome/150.0.0.0 Mobile Safari/537.36"
52.167.144.25 - - [02/Aug/2026:16:13:38 -0400] "GET /products/240115489127 HTTP/2" 301 0 "-" "Mozilla/5.0 AppleWebKit/537.36 (KHTML, like Gecko; compatible; bingbot/2.0; +http://www.bing.com/bingbot.htm) Chrome/116.0.1938.76 Safari/537.36"
184.168.126.180 - - [02/Aug/2026:16:13:54 -0400] "GET /wp-login.php HTTP/2" 200 9148 "-" "Mozilla/5.0 (Windows NT 10.0; Win64; x64) AppleWebKit/537.36 (KHTML, like Gecko) Chrome/150.0.0.0 Safari/537.36"
212.80.9.235 - - [02/Aug/2026:16:14:57 -0400] "GET /wp-login.php HTTP/2" 200 9148 "-" "Mozilla/5.0 (Windows NT 10.0; Win64; x64) AppleWebKit/537.36 (KHTML, like Gecko) Chrome/150.0.0.0 Safari/537.36"
212.80.9.235 - - [02/Aug/2026:16:14:59 -0400] "POST /wp-login.php HTTP/2" 200 9249 "https://sonogahotels.com/wp-login.php" "Mozilla/5.0 (Windows NT 10.0; Win64; x64) AppleWebKit/537.36 (KHTML, like Gecko) Chrome/150.0.0.0 Safari/537.36"
65.109.114.175 - - [02/Aug/2026:16:18:35 -0400] "GET /crazy-time-%d0%bf%d1%80%d0%b0%d0%b2%d0%b8%d0%bb%d0%b0-%d0%ba%d0%b0%d0%ba-%d1%83%d1%81%d1%82%d1%80%d0%be%d0%b5%d0%bd%d0%b0-%d1%81%d0%b0%d0%bc%d0%b0%d1%8f-%d1%8f%d1%80%d0%ba%d0%b0%d1%8f-%d0%b8%d0%b3/ HTTP/1.1" 200 175674 "-" "-"
65.21.110.111 - - [02/Aug/2026:16:12:47 -0400] "POST /xmlrpc.php HTTP/1.1" 200 189 "-" "Mozilla/5.0 (Windows NT 10.0; Win64; x64) AppleWebKit/537.36 (KHTML, like Gecko) Chrome/108.0.0.0 Safari/537.36"
184.168.126.180 - - [02/Aug/2026:16:13:57 -0400] "POST /wp-login.php HTTP/2" 200 9288 "https://sonogahotels.com.deconnect.com.ng/wp-login.php" "Mozilla/5.0 (Windows NT 10.0; Win64; x64) AppleWebKit/537.36 (KHTML, like Gecko) Chrome/150.0.0.0 Safari/537.36"
156.232.88.6 - - [02/Aug/2026:16:17:11 -0400] "POST /wp-cron.php?doing_wp_cron=1785701831.4564700126647949218750 HTTP/1.1" 200 0 "-" "WordPress/7.0.2; https://sonogahotels.com"
65.109.114.175 - - [02/Aug/2026:16:19:07 -0400] "GET /crazy-time-%d0%bf%d1%80%d0%b0%d0%b2%d0%b8%d0%bb%d0%b0-%d0%ba%d0%b0%d0%ba-%d1%83%d1%81%d1%82%d1%80%d0%be%d0%b5%d0%bd%d0%b0-%d1%81%d0%b0%d0%bc%d0%b0%d1%8f-%d1%8f%d1%80%d0%ba%d0%b0%d1%8f-%d0%b8%d0%b3/ HTTP/1.1" 200 175674 "-" "-"
43.134.3.111 - - [02/Aug/2026:16:24:06 -0400] "GET /wp-content/uploads/2026/05/ HTTP/1.1" 200 2045 "-" "Mozilla/5.0 (iPhone; CPU iPhone OS 13_2_3 like Mac OS X) AppleWebKit/605.1.15 (KHTML, like Gecko) Version/13.0.3 Mobile/15E148 Safari/604.1"
40.77.167.4 - - [02/Aug/2026:16:16:40 -0400] "GET /products/488115395425 HTTP/2" 301 0 "-" "Mozilla/5.0 AppleWebKit/537.36 (KHTML, like Gecko; compatible; bingbot/2.0; +http://www.bing.com/bingbot.htm) Chrome/116.0.1938.76 Safari/537.36"
40.77.167.4 - - [02/Aug/2026:16:16:43 -0400] "GET /products/801115100129 HTTP/2" 301 0 "-" "Mozilla/5.0 AppleWebKit/537.36 (KHTML, like Gecko; compatible; bingbot/2.0; +http://www.bing.com/bingbot.htm) Chrome/116.0.1938.76 Safari/537.36"
156.232.88.6 - - [02/Aug/2026:16:18:34 -0400] "POST /wp-cron.php?doing_wp_cron=1785701914.5947339534759521484375 HTTP/1.1" 200 0 "-" "WordPress/7.0.2; https://sonogahotels.com"
156.232.88.6 - - [02/Aug/2026:16:13:40 -0400] "POST /wp-cron.php?doing_wp_cron=1785701620.1345379352569580078125 HTTP/1.1" 200 0 "-" "WordPress/7.0.2; https://sonogahotels.com"
156.232.88.6 - - [02/Aug/2026:16:16:42 -0400] "POST /wp-cron.php?doing_wp_cron=1785701802.3595559597015380859375 HTTP/1.1" 200 0 "-" "WordPress/7.0.2; https://sonogahotels.com"
65.109.114.175 - - [02/Aug/2026:16:18:32 -0400] "GET /crazy-time-%d0%bf%d1%80%d0%b0%d0%b2%d0%b8%d0%bb%d0%b0-%d0%ba%d0%b0%d0%ba-%d1%83%d1%81%d1%82%d1%80%d0%be%d0%b5%d0%bd%d0%b0-%d1%81%d0%b0%d0%bc%d0%b0%d1%8f-%d1%8f%d1%80%d0%ba%d0%b0%d1%8f-%d0%b8%d0%b3/ HTTP/2" 200 44099 "-" "Mozilla/5.0 (Macintosh; Intel Mac OS X 10_15_7) AppleWebKit/537.36 (KHTML, like Gecko) Chrome/140.0.0.0 Safari/537.36"
207.46.13.157 - - [02/Aug/2026:16:18:38 -0400] "GET /products/54411588664 HTTP/2" 301 0 "-" "Mozilla/5.0 AppleWebKit/537.36 (KHTML, like Gecko; compatible; bingbot/2.0; +http://www.bing.com/bingbot.htm) Chrome/116.0.1938.76 Safari/537.36"
156.232.88.6 - - [02/Aug/2026:16:10:41 -0400] "POST /wp-cron.php?doing_wp_cron=1785701441.1618239879608154296875 HTTP/1.1" 200 0 "-" "WordPress/7.0.2; https://sonogahotels.com"
40.77.167.4 - - [02/Aug/2026:16:13:45 -0400] "GET /products/885115395844 HTTP/2" 301 0 "-" "Mozilla/5.0 AppleWebKit/537.36 (KHTML, like Gecko; compatible; bingbot/2.0; +http://www.bing.com/bingbot.htm) Chrome/116.0.1938.76 Safari/537.36"
156.232.88.6 - - [02/Aug/2026:16:14:47 -0400] "POST /wp-cron.php?doing_wp_cron=1785701687.8622159957885742187500 HTTP/1.1" 200 0 "-" "WordPress/7.0.2; https://sonogahotels.com"
136.144.43.15 - - [02/Aug/2026:16:14:46 -0400] "GET /wp-login.php HTTP/1.1" 200 10367 "-" "Mozilla/5.0 (Macintosh; Intel Mac OS X 10_15_7) AppleWebKit/605.1.15 Version/17.0 Safari/605.1.15"
136.144.43.15 - - [02/Aug/2026:16:14:48 -0400] "GET /?author=1 HTTP/1.1" 301 0 "-" "Mozilla/5.0 (Macintosh; Intel Mac OS X 10_15_7) AppleWebKit/605.1.15 Version/17.0 Safari/605.1.15"
136.144.43.15 - - [02/Aug/2026:16:14:50 -0400] "GET /?rest_route=/wp/v2/users HTTP/1.1" 200 385 "-" "Mozilla/5.0 (Windows NT 10.0; Win64; rv:143.0) Gecko/20100101 Firefox/143.0"
40.77.167.4 - - [02/Aug/2026:16:10:39 -0400] "GET /products/74211587842 HTTP/2" 301 0 "-" "Mozilla/5.0 AppleWebKit/537.36 (KHTML, like Gecko; compatible; bingbot/2.0; +http://www.bing.com/bingbot.htm) Chrome/116.0.1938.76 Safari/537.36"
65.109.114.175 - - [02/Aug/2026:16:17:06 -0400] "GET /crazy-time-%d0%bf%d1%80%d0%b0%d0%b2%d0%b8%d0%bb%d0%b0-%d0%ba%d0%b0%d0%ba-%d1%83%d1%81%d1%82%d1%80%d0%be%d0%b5%d0%bd%d0%b0-%d1%81%d0%b0%d0%bc%d0%b0%d1%8f-%d1%8f%d1%80%d0%ba%d0%b0%d1%8f-%d0%b8%d0%b3/ HTTP/2" 200 44099 "-" "Mozilla/5.0 (Macintosh; Intel Mac OS X 10_15_7) AppleWebKit/537.36 (KHTML, like Gecko) Chrome/140.0.0.0 Safari/537.36"
65.109.114.175 - - [02/Aug/2026:16:17:25 -0400] "GET /crazy-time-%d0%bf%d1%80%d0%b0%d0%b2%d0%b8%d0%bb%d0%b0-%d0%ba%d0%b0%d0%ba-%d1%83%d1%81%d1%82%d1%80%d0%be%d0%b5%d0%bd%d0%b0-%d1%81%d0%b0%d0%bc%d0%b0%d1%8f-%d1%8f%d1%80%d0%ba%d0%b0%d1%8f-%d0%b8%d0%b3/ HTTP/2" 200 44099 "-" "Mozilla/5.0 (Macintosh; Intel Mac OS X 10_15_7) AppleWebKit/537.36 (KHTML, like Gecko) Chrome/140.0.0.0 Safari/537.36"
65.109.114.175 - - [02/Aug/2026:16:17:27 -0400] "GET /crazy-time-%d0%bf%d1%80%d0%b0%d0%b2%d0%b8%d0%bb%d0%b0-%d0%ba%d0%b0%d0%ba-%d1%83%d1%81%d1%82%d1%80%d0%be%d0%b5%d0%bd%d0%b0-%d1%81%d0%b0%d0%bc%d0%b0%d1%8f-%d1%8f%d1%80%d0%ba%d0%b0%d1%8f-%d0%b8%d0%b3/ HTTP/1.1" 200 175674 "-" "-"
65.109.114.175 - - [02/Aug/2026:16:19:04 -0400] "GET /crazy-time-%d0%bf%d1%80%d0%b0%d0%b2%d0%b8%d0%bb%d0%b0-%d0%ba%d0%b0%d0%ba-%d1%83%d1%81%d1%82%d1%80%d0%be%d0%b5%d0%bd%d0%b0-%d1%81%d0%b0%d0%bc%d0%b0%d1%8f-%d1%8f%d1%80%d0%ba%d0%b0%d1%8f-%d0%b8%d0%b3/ HTTP/2" 200 44099 "-" "Mozilla/5.0 (Macintosh; Intel Mac OS X 10_15_7) AppleWebKit/537.36 (KHTML, like Gecko) Chrome/140.0.0.0 Safari/537.36"
65.109.114.175 - - [02/Aug/2026:16:17:09 -0400] "GET /crazy-time-%d0%bf%d1%80%d0%b0%d0%b2%d0%b8%d0%bb%d0%b0-%d0%ba%d0%b0%d0%ba-%d1%83%d1%81%d1%82%d1%80%d0%be%d0%b5%d0%bd%d0%b0-%d1%81%d0%b0%d0%bc%d0%b0%d1%8f-%d1%8f%d1%80%d0%ba%d0%b0%d1%8f-%d0%b8%d0%b3/ HTTP/1.1" 200 175674 "-" "-"
197.211.63.57 - - [02/Aug/2026:16:12:49 -0400] "GET /about-us/ HTTP/2" 200 35879 "https://sonogahotels.com/" "Mozilla/5.0 (Linux; Android 10; K) AppleWebKit/537.36 (KHTML, like Gecko) Chrome/150.0.0.0 Mobile Safari/537.36"
197.211.63.57 - - [02/Aug/2026:16:12:52 -0400] "GET /wp-content/uploads/elementor/css/post-1609.css?ver=1785564852 HTTP/2" 200 123 "https://sonogahotels.com/about-us/" "Mozilla/5.0 (Linux; Android 10; K) AppleWebKit/537.36 (KHTML, like Gecko) Chrome/150.0.0.0 Mobile Safari/537.36"
197.211.63.57 - - [02/Aug/2026:16:12:54 -0400] "GET /wp-content/plugins/elementor/assets/js/section-frontend-handlers.d85ab872da118940910d.bundle.min.js HTTP/2" 200 229 "https://sonogahotels.com/about-us/" "Mozilla/5.0 (Linux; Android 10; K) AppleWebKit/537.36 (KHTML, like Gecko) Chrome/150.0.0.0 Mobile Safari/537.36"
23.254.224.173 - - [02/Aug/2026:16:29:42 -0400] "GET / HTTP/1.1" 200 25880 "http://sonogahotels.com/" "Mozilla/5.0 (Windows NT 10.0; Win64; x64) AppleWebKit/537.36 (KHTML, like Gecko) Chrome/125.0.0.0 Safari/537.36"
54.39.210.1 - - [02/Aug/2026:16:32:37 -0400] "GET /post-type-mphb_room_type-sitemap-1.xml HTTP/2" 200 386 "-" "Mozilla/5.0 (compatible; AhrefsBot/7.0; +http://ahrefs.com/robot/)"
156.232.88.6 - - [02/Aug/2026:16:32:14 -0400] "POST /wp-cron.php?doing_wp_cron=1785702734.5935969352722167968750 HTTP/1.1" 200 0 "-" "WordPress/7.0.2; https://sonogahotels.com"
3.221.222.168 - - [02/Aug/2026:16:32:10 -0400] "GET /the-new-era-of-australian-online-casinos/ HTTP/1.1" 200 39467 "-" "Mozilla/5.0 AppleWebKit/537.36 (KHTML, like Gecko; compatible; Amazonbot/0.1; +https://developer.amazon.com/support/amazonbot) Chrome/119.0.6045.214 Safari/537.36"
148.113.128.154 - - [02/Aug/2026:16:32:47 -0400] "GET /post-type-post-sitemap-1.xml HTTP/2" 200 7347 "-" "Mozilla/5.0 (compatible; AhrefsBot/7.0; +http://ahrefs.com/robot/)"
207.46.13.157 - - [02/Aug/2026:16:29:09 -0400] "GET /products/99311557424 HTTP/2" 301 0 "-" "Mozilla/5.0 AppleWebKit/537.36 (KHTML, like Gecko; compatible; bingbot/2.0; +http://www.bing.com/bingbot.htm) Chrome/116.0.1938.76 Safari/537.36"
142.44.225.96 - - [02/Aug/2026:16:32:23 -0400] "GET /sitemap_index.xml HTTP/2" 200 307 "-" "Mozilla/5.0 (compatible; AhrefsBot/7.0; +http://ahrefs.com/robot/)"
51.222.168.87 - - [02/Aug/2026:16:32:54 -0400] "GET /post-type-sureforms_form-sitemap-1.xml HTTP/2" 200 293 "-" "Mozilla/5.0 (compatible; AhrefsBot/7.0; +http://ahrefs.com/robot/)"
54.39.210.29 - - [02/Aug/2026:16:32:57 -0400] "GET /taxonomy-type-category-sitemap-1.xml HTTP/2" 200 300 "-" "Mozilla/5.0 (compatible; AhrefsBot/7.0; +http://ahrefs.com/robot/)"
156.232.88.6 - - [02/Aug/2026:16:29:11 -0400] "POST /wp-cron.php?doing_wp_cron=1785702551.8560690879821777343750 HTTP/1.1" 200 0 "-" "WordPress/7.0.2; https://sonogahotels.com"
40.77.167.44 - - [02/Aug/2026:16:29:09 -0400] "GET /products/558115283217 HTTP/2" 301 0 "-" "Mozilla/5.0 AppleWebKit/537.36 (KHTML, like Gecko; compatible; bingbot/2.0; +http://www.bing.com/bingbot.htm) Chrome/116.0.1938.76 Safari/537.36"
142.44.225.96 - - [02/Aug/2026:16:32:21 -0400] "GET /wp-sitemap.xml HTTP/2" 302 0 "-" "Mozilla/5.0 (compatible; AhrefsBot/7.0; +http://ahrefs.com/robot/)"
23.254.224.173 - - [02/Aug/2026:16:33:46 -0400] "GET / HTTP/1.1" 200 25880 "http://sonogahotels.com/" "Mozilla/5.0 (Windows NT 10.0; Win64; x64) AppleWebKit/537.36 (KHTML, like Gecko) Chrome/125.0.0.0 Safari/537.36"
40.77.167.132 - - [02/Aug/2026:16:29:14 -0400] "GET /products/583115105645 HTTP/2" 301 0 "-" "Mozilla/5.0 AppleWebKit/537.36 (KHTML, like Gecko; compatible; bingbot/2.0; +http://www.bing.com/bingbot.htm) Chrome/116.0.1938.76 Safari/537.36"
54.39.136.80 - - [02/Aug/2026:16:32:31 -0400] "GET /post-type-elementor_library-sitemap-1.xml HTTP/2" 200 326 "-" "Mozilla/5.0 (compatible; AhrefsBot/7.0; +http://ahrefs.com/robot/)"
54.39.203.135 - - [02/Aug/2026:16:32:34 -0400] "GET /post-type-mphb_room_service-sitemap-1.xml HTTP/2" 200 419 "-" "Mozilla/5.0 (compatible; AhrefsBot/7.0; +http://ahrefs.com/robot/)"
148.113.130.74 - - [02/Aug/2026:16:32:41 -0400] "GET /post-type-mphb_template-sitemap-1.xml HTTP/2" 200 293 "-" "Mozilla/5.0 (compatible; AhrefsBot/7.0; +http://ahrefs.com/robot/)"
142.44.233.74 - - [02/Aug/2026:16:32:44 -0400] "GET /post-type-page-sitemap-1.xml HTTP/2" 200 894 "-" "Mozilla/5.0 (compatible; AhrefsBot/7.0; +http://ahrefs.com/robot/)"
148.113.130.134 - - [02/Aug/2026:16:32:28 -0400] "GET /archives-sitemap-1.xml HTTP/2" 200 316 "-" "Mozilla/5.0 (compatible; AhrefsBot/7.0; +http://ahrefs.com/robot/)"
51.161.65.3 - - [02/Aug/2026:16:32:50 -0400] "GET /post-type-post-sitemap-2.xml HTTP/2" 200 4323 "-" "Mozilla/5.0 (compatible; AhrefsBot/7.0; +http://ahrefs.com/robot/)"
43.159.152.4 - - [02/Aug/2026:16:28:30 -0400] "GET /wp-content/uploads/2026/07/ HTTP/1.1" 200 689 "-" "Mozilla/5.0 (iPhone; CPU iPhone OS 13_2_3 like Mac OS X) AppleWebKit/605.1.15 (KHTML, like Gecko) Version/13.0.3 Mobile/15E148 Safari/604.1"
142.44.225.96 - - [02/Aug/2026:16:32:19 -0400] "GET /sitemap.xml HTTP/2" 301 0 "-" "Mozilla/5.0 (compatible; AhrefsBot/7.0; +http://ahrefs.com/robot/)"
34.118.48.73 - - [02/Aug/2026:16:39:35 -0400] "GET /env HTTP/1.1" 404 35733 "-" "crusader-worker/1.0"
34.118.48.73 - - [02/Aug/2026:16:39:35 -0400] "GET /.env HTTP/1.1" 404 65536 "-" "crusader-worker/1.0"
34.118.48.73 - - [02/Aug/2026:16:39:35 -0400] "GET /.env.dev HTTP/1.1" 404 65536 "-" "crusader-worker/1.0"
52.167.144.189 - - [02/Aug/2026:16:44:22 -0400] "GET /products/650115145057 HTTP/2" 301 0 "-" "Mozilla/5.0 AppleWebKit/537.36 (KHTML, like Gecko; compatible; bingbot/2.0; +http://www.bing.com/bingbot.htm) Chrome/116.0.1938.76 Safari/537.36"
67.207.94.191 - - [02/Aug/2026:16:42:22 -0400] "GET /wp-login.php HTTP/2" 200 9148 "-" "Mozilla/5.0 (Windows NT 10.0; Win64; x64) AppleWebKit/537.36 (KHTML, like Gecko) Chrome/150.0.0.0 Safari/537.36"
67.207.94.191 - - [02/Aug/2026:16:42:24 -0400] "POST /wp-login.php HTTP/2" 200 9249 "https://sonogahotels.com/wp-login.php" "Mozilla/5.0 (Windows NT 10.0; Win64; x64) AppleWebKit/537.36 (KHTML, like Gecko) Chrome/150.0.0.0 Safari/537.36"
207.46.13.157 - - [02/Aug/2026:16:36:19 -0400] "GET /products/54411588466 HTTP/2" 301 0 "-" "Mozilla/5.0 AppleWebKit/537.36 (KHTML, like Gecko; compatible; bingbot/2.0; +http://www.bing.com/bingbot.htm) Chrome/116.0.1938.76 Safari/537.36"
40.77.167.72 - - [02/Aug/2026:16:36:30 -0400] "GET /products/5431157169 HTTP/2" 301 0 "-" "Mozilla/5.0 AppleWebKit/537.36 (KHTML, like Gecko; compatible; bingbot/2.0; +http://www.bing.com/bingbot.htm) Chrome/116.0.1938.76 Safari/537.36"
23.254.224.173 - - [02/Aug/2026:16:36:55 -0400] "GET / HTTP/1.1" 200 25880 "http://sonogahotels.com/" "Mozilla/5.0 (Windows NT 10.0; Win64; x64) AppleWebKit/537.36 (KHTML, like Gecko) Chrome/125.0.0.0 Safari/537.36"
34.118.48.73 - - [02/Aug/2026:16:39:35 -0400] "GET /wp-config.php~ HTTP/1.1" 404 65536 "-" "crusader-worker/1.0"
34.118.48.73 - - [02/Aug/2026:16:39:35 -0400] "GET /.env.example HTTP/1.1" 404 65536 "-" "crusader-worker/1.0"
34.118.48.73 - - [02/Aug/2026:16:39:35 -0400] "GET /.env.backup HTTP/1.1" 404 35733 "-" "crusader-worker/1.0"
156.232.88.6 - - [02/Aug/2026:16:40:09 -0400] "POST /wp-cron.php?doing_wp_cron=1785703208.6340560913085937500000 HTTP/1.1" 200 0 "-" "WordPress/7.0.2; https://sonogahotels.com"
34.118.48.73 - - [02/Aug/2026:16:39:35 -0400] "GET /.env.old HTTP/1.1" 404 65536 "-" "crusader-worker/1.0"
34.118.48.73 - - [02/Aug/2026:16:39:35 -0400] "GET /actuator/configprops HTTP/1.1" 404 65536 "-" "crusader-worker/1.0"
34.118.48.73 - - [02/Aug/2026:16:39:35 -0400] "GET /.env.save HTTP/1.1" 404 65536 "-" "crusader-worker/1.0"
34.118.48.73 - - [02/Aug/2026:16:39:35 -0400] "GET /.env.bak HTTP/1.1" 404 65536 "-" "crusader-worker/1.0"
34.118.48.73 - - [02/Aug/2026:16:39:35 -0400] "GET /actuator/env HTTP/1.1" 404 65536 "-" "crusader-worker/1.0"
34.118.48.73 - - [02/Aug/2026:16:39:35 -0400] "GET /wp-config.php.bak HTTP/1.1" 404 65536 "-" "crusader-worker/1.0"
34.118.48.73 - - [02/Aug/2026:16:39:35 -0400] "GET /crusader-404-probe HTTP/1.1" 404 65536 "-" "crusader-worker/1.0"
34.118.48.73 - - [02/Aug/2026:16:39:35 -0400] "GET /.env.local HTTP/1.1" 404 65536 "-" "crusader-worker/1.0"
156.232.88.6 - - [02/Aug/2026:16:42:24 -0400] "POST /wp-cron.php?doing_wp_cron=1785703344.5666530132293701171875 HTTP/1.1" 200 0 "-" "WordPress/7.0.2; https://sonogahotels.com"
156.232.88.6 - - [02/Aug/2026:16:36:21 -0400] "POST /wp-cron.php?doing_wp_cron=1785702981.3639049530029296875000 HTTP/1.1" 200 0 "-" "WordPress/7.0.2; https://sonogahotels.com"
34.118.48.73 - - [02/Aug/2026:16:39:35 -0400] "GET /_ignition/health-check HTTP/1.1" 404 65536 "-" "crusader-worker/1.0"
34.118.48.73 - - [02/Aug/2026:16:39:35 -0400] "GET /.env.prod HTTP/1.1" 404 65536 "-" "crusader-worker/1.0"
34.118.48.73 - - [02/Aug/2026:16:39:35 -0400] "GET /storage/logs/laravel.log HTTP/1.1" 404 65536 "-" "crusader-worker/1.0"
34.118.48.73 - - [02/Aug/2026:16:39:35 -0400] "GET /wp-config.php.swp HTTP/1.1" 404 65536 "-" "crusader-worker/1.0"
34.118.48.73 - - [02/Aug/2026:16:39:35 -0400] "GET /.env.production HTTP/1.1" 404 65536 "-" "crusader-worker/1.0"
43.157.82.252 - - [02/Aug/2026:16:41:05 -0400] "GET /wp-content/uploads/2026/?NA HTTP/1.1" 200 851 "-" "Mozilla/5.0 (iPhone; CPU iPhone OS 13_2_3 like Mac OS X) AppleWebKit/605.1.15 (KHTML, like Gecko) Version/13.0.3 Mobile/15E148 Safari/604.1"
156.232.88.6 - - [02/Aug/2026:16:44:24 -0400] "POST /wp-cron.php?doing_wp_cron=1785703464.3757629394531250000000 HTTP/1.1" 200 0 "-" "WordPress/7.0.2; https://sonogahotels.com"
156.232.88.6 - - [02/Aug/2026:16:53:04 -0400] "POST /wp-cron.php?doing_wp_cron=1785703984.3417549133300781250000 HTTP/1.1" 200 0 "-" "WordPress/7.0.2; https://sonogahotels.com"
216.73.216.237 - - [02/Aug/2026:16:53:02 -0400] "GET /sitemap.xml HTTP/2" 301 0 "-" "Mozilla/5.0 AppleWebKit/537.36 (KHTML, like Gecko; compatible; ClaudeBot/1.0; +claudebot@anthropic.com)"
216.73.216.237 - - [02/Aug/2026:16:53:04 -0400] "GET /wp-sitemap.xml HTTP/2" 302 0 "https://sonogahotels.com/sitemap.xml" "Mozilla/5.0 AppleWebKit/537.36 (KHTML, like Gecko; compatible; ClaudeBot/1.0; +claudebot@anthropic.com)"
216.73.216.237 - - [02/Aug/2026:16:53:06 -0400] "GET /sitemap_index.xml HTTP/2" 200 307 "https://sonogahotels.com/wp-sitemap.xml" "Mozilla/5.0 AppleWebKit/537.36 (KHTML, like Gecko; compatible; ClaudeBot/1.0; +claudebot@anthropic.com)"
49.51.233.95 - - [02/Aug/2026:16:54:29 -0400] "GET /wp-content/uploads/2026/?SA HTTP/1.1" 200 853 "-" "Mozilla/5.0 (iPhone; CPU iPhone OS 13_2_3 like Mac OS X) AppleWebKit/605.1.15 (KHTML, like Gecko) Version/13.0.3 Mobile/15E148 Safari/604.1"
43.159.128.155 - - [02/Aug/2026:16:48:45 -0400] "GET /wp-json/oembed/1.0/embed?url=https%3A%2F%2Fsonogahotels.com%2Fremarkable-tactics-surrounding-crashcasino-190022%2F&format=xml HTTP/1.1" 200 1185 "-" "Mozilla/5.0 (iPhone; CPU iPhone OS 13_2_3 like Mac OS X) AppleWebKit/605.1.15 (KHTML, like Gecko) Version/13.0.3 Mobile/15E148 Safari/604.1"
40.77.167.8 - - [02/Aug/2026:16:49:31 -0400] "GET /products/602115350313 HTTP/2" 301 0 "-" "Mozilla/5.0 AppleWebKit/537.36 (KHTML, like Gecko; compatible; bingbot/2.0; +http://www.bing.com/bingbot.htm) Chrome/116.0.1938.76 Safari/537.36"
156.232.88.6 - - [02/Aug/2026:16:48:47 -0400] "POST /wp-cron.php?doing_wp_cron=1785703727.4293398857116699218750 HTTP/1.1" 200 0 "-" "WordPress/7.0.2; https://sonogahotels.com"
156.232.88.6 - - [02/Aug/2026:16:49:33 -0400] "POST /wp-cron.php?doing_wp_cron=1785703773.1982638835906982421875 HTTP/1.1" 200 0 "-" "WordPress/7.0.2; https://sonogahotels.com"
23.254.224.173 - - [02/Aug/2026:16:52:07 -0400] "GET / HTTP/1.1" 200 25880 "http://sonogahotels.com/" "Mozilla/5.0 (Windows NT 10.0; Win64; x64; rv:126.0) Gecko/20100101 Firefox/126.0"
66.249.66.2 - - [02/Aug/2026:16:59:43 -0400] "GET /legzo-casino-b7b580bab0bbbe-bab0ba-be8182b0b2b0828c818f-b2-b8b380b5-babeb3b4b0/ HTTP/1.1" 404 28862 "-" "Mozilla/5.0 (Linux; Android 6.0.1; Nexus 5X Build/MMB29P) AppleWebKit/537.36 (KHTML, like Gecko) Chrome/150.0.7871.186 Mobile Safari/537.36 (compatible; GoogleOther)"
66.249.66.165 - - [02/Aug/2026:17:00:06 -0400] "GET /roulette-mit-hohen-einsatzen-risikofrei-alles-was-sie-wissen-mussen/ HTTP/1.1" 200 31265 "-" "Mozilla/5.0 (Linux; Android 6.0.1; Nexus 5X Build/MMB29P) AppleWebKit/537.36 (KHTML, like Gecko) Chrome/150.0.7871.186 Mobile Safari/537.36 (compatible; Googlebot/2.1; +http://www.google.com/bot.html)"
156.232.88.6 - - [02/Aug/2026:17:05:16 -0400] "POST /wp-cron.php?doing_wp_cron=1785704716.6285390853881835937500 HTTP/1.1" 200 0 "-" "WordPress/7.0.2; https://sonogahotels.com"
156.232.88.6 - - [02/Aug/2026:17:06:35 -0400] "POST /wp-cron.php?doing_wp_cron=1785704795.2242150306701660156250 HTTP/1.1" 200 0 "-" "WordPress/7.0.2; https://sonogahotels.com"
156.232.88.6 - - [02/Aug/2026:16:59:46 -0400] "POST /wp-cron.php?doing_wp_cron=1785704386.1014349460601806640625 HTTP/1.1" 200 0 "-" "WordPress/7.0.2; https://sonogahotels.com"
156.232.88.6 - - [02/Aug/2026:16:59:46 -0400] "POST /wp-cron.php?doing_wp_cron=1785704386.8746550083160400390625 HTTP/1.1" 200 0 "-" "WordPress/7.0.2; https://sonogahotels.com"
156.232.88.6 - - [02/Aug/2026:17:01:33 -0400] "POST /wp-cron.php?doing_wp_cron=1785704493.2570359706878662109375 HTTP/1.1" 200 0 "-" "WordPress/7.0.2; https://sonogahotels.com"
52.167.144.206 - - [02/Aug/2026:17:01:31 -0400] "GET /products/51711561264 HTTP/2" 301 0 "-" "Mozilla/5.0 AppleWebKit/537.36 (KHTML, like Gecko; compatible; bingbot/2.0; +http://www.bing.com/bingbot.htm) Chrome/116.0.1938.76 Safari/537.36"
66.249.66.1 - - [02/Aug/2026:17:05:14 -0400] "GET /bonusy-w-grze-ruletka-w-kasynach-online/ HTTP/1.1" 200 31316 "-" "Mozilla/5.0 (Linux; Android 6.0.1; Nexus 5X Build/MMB29P) AppleWebKit/537.36 (KHTML, like Gecko) Chrome/150.0.7871.186 Mobile Safari/537.36 (compatible; Googlebot/2.1; +http://www.google.com/bot.html)"
66.249.66.1 - - [02/Aug/2026:17:06:33 -0400] "GET /%D0%BD%D0%BE%D0%BC%D0%B0%D0%B4-%D0%BE%D0%BD%D0%BB%D0%B0%D0%B9%D0%BD-%D0%BA%D0%B0%D0%B7%D0%B8%D0%BD%D0%BE-%D0%BD%D0%BE%D0%B2%D1%8B%D0%B9-%D1%84%D0%BE%D1%80%D0%BC%D0%B0%D1%82-%D0%B0%D0%B7%D0%B0%D1%80/ HTTP/1.1" 200 36406 "-" "Mozilla/5.0 (Linux; Android 6.0.1; Nexus 5X Build/MMB29P) AppleWebKit/537.36 (KHTML, like Gecko) Chrome/150.0.7871.186 Mobile Safari/537.36 (compatible; Googlebot/2.1; +http://www.google.com/bot.html)"
156.232.88.6 - - [02/Aug/2026:17:07:34 -0400] "POST /wp-cron.php?doing_wp_cron=1785704854.0612061023712158203125 HTTP/1.1" 200 0 "-" "WordPress/7.0.2; https://sonogahotels.com"
157.55.39.57 - - [02/Aug/2026:17:07:32 -0400] "GET /products/5441154452 HTTP/2" 301 0 "-" "Mozilla/5.0 AppleWebKit/537.36 (KHTML, like Gecko; compatible; bingbot/2.0; +http://www.bing.com/bingbot.htm) Chrome/116.0.1938.76 Safari/537.36"
156.232.88.6 - - [02/Aug/2026:17:13:20 -0400] "POST /wp-cron.php?doing_wp_cron=1785705200.3812050819396972656250 HTTP/1.1" 200 0 "-" "WordPress/7.0.2; https://sonogahotels.com"
134.195.197.77 - - [02/Aug/2026:17:13:18 -0400] "GET /wp-login.php HTTP/2" 200 9148 "https://sonogahotels.com.deconnect.com.ng/" "Mozilla/5.0 (Windows NT 10.0; Win64; x64) AppleWebKit/537.36 (KHTML, like Gecko) Chrome/149.0.0.0 Safari/537.36"
134.195.197.77 - - [02/Aug/2026:17:13:20 -0400] "GET /wp-includes/css/dashicons.min.css?ver=7.0.2 HTTP/2" 200 35101 "https://sonogahotels.com.deconnect.com.ng/" "Mozilla/5.0 (Windows NT 10.0; Win64; x64) AppleWebKit/537.36 (KHTML, like Gecko) Chrome/149.0.0.0 Safari/537.36"
134.195.197.77 - - [02/Aug/2026:17:13:21 -0400] "GET /wp-admin/css/forms.min.css?ver=7.0.2 HTTP/2" 200 6522 "https://sonogahotels.com.deconnect.com.ng/" "Mozilla/5.0 (Windows NT 10.0; Win64; x64) AppleWebKit/537.36 (KHTML, like Gecko) Chrome/149.0.0.0 Safari/537.36"
134.195.197.77 - - [02/Aug/2026:17:13:21 -0400] "GET /wp-includes/css/dist/base-styles/admin-schemes.min.css?ver=7.0.2 HTTP/2" 200 725 "https://sonogahotels.com.deconnect.com.ng/" "Mozilla/5.0 (Windows NT 10.0; Win64; x64) AppleWebKit/537.36 (KHTML, like Gecko) Chrome/149.0.0.0 Safari/537.36"
134.195.197.77 - - [02/Aug/2026:17:13:21 -0400] "GET /wp-includes/css/buttons.min.css?ver=7.0.2 HTTP/2" 200 1457 "https://sonogahotels.com.deconnect.com.ng/" "Mozilla/5.0 (Windows NT 10.0; Win64; x64) AppleWebKit/537.36 (KHTML, like Gecko) Chrome/149.0.0.0 Safari/537.36"
134.195.197.77 - - [02/Aug/2026:17:13:21 -0400] "GET /wp-admin/css/login.min.css?ver=7.0.2 HTTP/2" 200 2019 "https://sonogahotels.com.deconnect.com.ng/" "Mozilla/5.0 (Windows NT 10.0; Win64; x64) AppleWebKit/537.36 (KHTML, like Gecko) Chrome/149.0.0.0 Safari/537.36"
134.195.197.77 - - [02/Aug/2026:17:13:21 -0400] "GET /wp-admin/css/l10n.min.css?ver=7.0.2 HTTP/2" 200 675 "https://sonogahotels.com.deconnect.com.ng/" "Mozilla/5.0 (Windows NT 10.0; Win64; x64) AppleWebKit/537.36 (KHTML, like Gecko) Chrome/149.0.0.0 Safari/537.36"
134.195.197.77 - - [02/Aug/2026:17:13:21 -0400] "GET /wp-includes/js/jquery/jquery-migrate.min.js?ver=3.4.1 HTTP/2" 200 4678 "https://sonogahotels.com.deconnect.com.ng/" "Mozilla/5.0 (Windows NT 10.0; Win64; x64) AppleWebKit/537.36 (KHTML, like Gecko) Chrome/149.0.0.0 Safari/537.36"
134.195.197.77 - - [02/Aug/2026:17:13:21 -0400] "GET /wp-includes/js/dist/a11y.min.js?ver=af934e5259bc51b8718e HTTP/2" 200 935 "https://sonogahotels.com.deconnect.com.ng/" "Mozilla/5.0 (Windows NT 10.0; Win64; x64) AppleWebKit/537.36 (KHTML, like Gecko) Chrome/149.0.0.0 Safari/537.36"
134.195.197.77 - - [02/Aug/2026:17:13:21 -0400] "GET /wp-includes/js/dist/dom-ready.min.js?ver=a06281ae5cf5500e9317 HTTP/2" 200 420 "https://sonogahotels.com.deconnect.com.ng/" "Mozilla/5.0 (Windows NT 10.0; Win64; x64) AppleWebKit/537.36 (KHTML, like Gecko) Chrome/149.0.0.0 Safari/537.36"
134.195.197.77 - - [02/Aug/2026:17:13:21 -0400] "GET /wp-includes/js/underscore.min.js?ver=1.13.8 HTTP/2" 200 7228 "https://sonogahotels.com.deconnect.com.ng/" "Mozilla/5.0 (Windows NT 10.0; Win64; x64) AppleWebKit/537.36 (KHTML, like Gecko) Chrome/149.0.0.0 Safari/537.36"
134.195.197.77 - - [02/Aug/2026:17:13:21 -0400] "GET /wp-includes/js/dist/hooks.min.js?ver=7496969728ca0f95732d HTTP/2" 200 1734 "https://sonogahotels.com.deconnect.com.ng/" "Mozilla/5.0 (Windows NT 10.0; Win64; x64) AppleWebKit/537.36 (KHTML, like Gecko) Chrome/149.0.0.0 Safari/537.36"
134.195.197.77 - - [02/Aug/2026:17:13:21 -0400] "GET /wp-includes/js/wp-util.min.js?ver=7.0.2 HTTP/2" 200 693 "https://sonogahotels.com.deconnect.com.ng/" "Mozilla/5.0 (Windows NT 10.0; Win64; x64) AppleWebKit/537.36 (KHTML, like Gecko) Chrome/149.0.0.0 Safari/537.36"
134.195.197.77 - - [02/Aug/2026:17:13:21 -0400] "GET /wp-includes/js/clipboard.min.js?ver=2.0.11 HTTP/2" 200 2989 "https://sonogahotels.com.deconnect.com.ng/" "Mozilla/5.0 (Windows NT 10.0; Win64; x64) AppleWebKit/537.36 (KHTML, like Gecko) Chrome/149.0.0.0 Safari/537.36"
134.195.197.77 - - [02/Aug/2026:17:13:21 -0400] "GET /wp-includes/js/jquery/jquery.min.js?ver=3.7.1 HTTP/2" 200 29744 "https://sonogahotels.com.deconnect.com.ng/" "Mozilla/5.0 (Windows NT 10.0; Win64; x64) AppleWebKit/537.36 (KHTML, like Gecko) Chrome/149.0.0.0 Safari/537.36"
134.195.197.77 - - [02/Aug/2026:17:13:21 -0400] "GET /wp-includes/js/dist/i18n.min.js?ver=781d11515ad3d91786ec HTTP/2" 200 2354 "https://sonogahotels.com.deconnect.com.ng/" "Mozilla/5.0 (Windows NT 10.0; Win64; x64) AppleWebKit/537.36 (KHTML, like Gecko) Chrome/149.0.0.0 Safari/537.36"
134.195.197.77 - - [02/Aug/2026:17:13:21 -0400] "GET /wp-admin/js/password-strength-meter.min.js?ver=7.0.2 HTTP/2" 200 558 "https://sonogahotels.com.deconnect.com.ng/" "Mozilla/5.0 (Windows NT 10.0; Win64; x64) AppleWebKit/537.36 (KHTML, like Gecko) Chrome/149.0.0.0 Safari/537.36"
134.195.197.77 - - [02/Aug/2026:17:13:21 -0400] "GET /wp-admin/js/user-profile.min.js?ver=7.0.2 HTTP/2" 200 2889 "https://sonogahotels.com.deconnect.com.ng/" "Mozilla/5.0 (Windows NT 10.0; Win64; x64) AppleWebKit/537.36 (KHTML, like Gecko) Chrome/149.0.0.0 Safari/537.36"
134.195.197.77 - - [02/Aug/2026:17:13:21 -0400] "GET /wp-includes/js/zxcvbn-async.min.js?ver=1.0 HTTP/2" 200 187 "https://sonogahotels.com.deconnect.com.ng/" "Mozilla/5.0 (Windows NT 10.0; Win64; x64) AppleWebKit/537.36 (KHTML, like Gecko) Chrome/149.0.0.0 Safari/537.36"
134.195.197.77 - - [02/Aug/2026:17:13:21 -0400] "GET /wp-content/plugins/loginpress/img/minimalist.jpg HTTP/2" 200 21803 "https://sonogahotels.com.deconnect.com.ng/" "Mozilla/5.0 (Windows NT 10.0; Win64; x64) AppleWebKit/537.36 (KHTML, like Gecko) Chrome/149.0.0.0 Safari/537.36"
134.195.197.77 - - [02/Aug/2026:17:13:21 -0400] "GET /wp-content/uploads/2026/05/ChatGPT-Image-May-29-2026-02_03_32-PM-1.png HTTP/2" 200 1791529 "https://sonogahotels.com.deconnect.com.ng/" "Mozilla/5.0 (Windows NT 10.0; Win64; x64) AppleWebKit/537.36 (KHTML, like Gecko) Chrome/149.0.0.0 Safari/537.36"
134.195.197.77 - - [02/Aug/2026:17:13:22 -0400] "GET /wp-content/uploads/2026/05/cropped-ChatGPT-Image-May-29-2026-02_03_32-PM-1-192x192.png HTTP/2" 200 46135 "https://sonogahotels.com.deconnect.com.ng/" "Mozilla/5.0 (Windows NT 10.0; Win64; x64) AppleWebKit/537.36 (KHTML, like Gecko) Chrome/149.0.0.0 Safari/537.36"
134.195.197.77 - - [02/Aug/2026:17:13:22 -0400] "GET /wp-includes/js/zxcvbn.min.js HTTP/2" 200 389493 "https://sonogahotels.com.deconnect.com.ng/" "Mozilla/5.0 (Windows NT 10.0; Win64; x64) AppleWebKit/537.36 (KHTML, like Gecko) Chrome/149.0.0.0 Safari/537.36"
134.195.197.77 - - [02/Aug/2026:17:13:24 -0400] "POST /wp-login.php HTTP/2" 200 9283 "https://sonogahotels.com.deconnect.com.ng/" "Mozilla/5.0 (Windows NT 10.0; Win64; x64) AppleWebKit/537.36 (KHTML, like Gecko) Chrome/149.0.0.0 Safari/537.36"
134.195.197.77 - - [02/Aug/2026:17:13:27 -0400] "GET /wp-includes/css/dashicons.min.css?ver=7.0.2 HTTP/2" 200 35101 "https://sonogahotels.com/wp-login.php" "Mozilla/5.0 (Windows NT 10.0; Win64; x64) AppleWebKit/537.36 (KHTML, like Gecko) Chrome/149.0.0.0 Safari/537.36"
134.195.197.77 - - [02/Aug/2026:17:13:27 -0400] "GET /wp-includes/css/buttons.min.css?ver=7.0.2 HTTP/2" 200 1457 "https://sonogahotels.com/wp-login.php" "Mozilla/5.0 (Windows NT 10.0; Win64; x64) AppleWebKit/537.36 (KHTML, like Gecko) Chrome/149.0.0.0 Safari/537.36"
134.195.197.77 - - [02/Aug/2026:17:13:27 -0400] "GET /wp-admin/css/forms.min.css?ver=7.0.2 HTTP/2" 200 6522 "https://sonogahotels.com/wp-login.php" "Mozilla/5.0 (Windows NT 10.0; Win64; x64) AppleWebKit/537.36 (KHTML, like Gecko) Chrome/149.0.0.0 Safari/537.36"
134.195.197.77 - - [02/Aug/2026:17:13:27 -0400] "GET /wp-admin/css/l10n.min.css?ver=7.0.2 HTTP/2" 200 675 "https://sonogahotels.com/wp-login.php" "Mozilla/5.0 (Windows NT 10.0; Win64; x64) AppleWebKit/537.36 (KHTML, like Gecko) Chrome/149.0.0.0 Safari/537.36"
134.195.197.77 - - [02/Aug/2026:17:13:27 -0400] "GET /wp-includes/css/dist/base-styles/admin-schemes.min.css?ver=7.0.2 HTTP/2" 200 725 "https://sonogahotels.com/wp-login.php" "Mozilla/5.0 (Windows NT 10.0; Win64; x64) AppleWebKit/537.36 (KHTML, like Gecko) Chrome/149.0.0.0 Safari/537.36"
134.195.197.77 - - [02/Aug/2026:17:13:27 -0400] "GET /wp-admin/css/login.min.css?ver=7.0.2 HTTP/2" 200 2019 "https://sonogahotels.com/wp-login.php" "Mozilla/5.0 (Windows NT 10.0; Win64; x64) AppleWebKit/537.36 (KHTML, like Gecko) Chrome/149.0.0.0 Safari/537.36"
134.195.197.77 - - [02/Aug/2026:17:13:27 -0400] "GET /wp-includes/js/clipboard.min.js?ver=2.0.11 HTTP/2" 200 2989 "https://sonogahotels.com/wp-login.php" "Mozilla/5.0 (Windows NT 10.0; Win64; x64) AppleWebKit/537.36 (KHTML, like Gecko) Chrome/149.0.0.0 Safari/537.36"
134.195.197.77 - - [02/Aug/2026:17:13:27 -0400] "GET /wp-includes/js/jquery/jquery.min.js?ver=3.7.1 HTTP/2" 200 29744 "https://sonogahotels.com/wp-login.php" "Mozilla/5.0 (Windows NT 10.0; Win64; x64) AppleWebKit/537.36 (KHTML, like Gecko) Chrome/149.0.0.0 Safari/537.36"
134.195.197.77 - - [02/Aug/2026:17:13:27 -0400] "GET /wp-includes/js/jquery/jquery-migrate.min.js?ver=3.4.1 HTTP/2" 200 4678 "https://sonogahotels.com/wp-login.php" "Mozilla/5.0 (Windows NT 10.0; Win64; x64) AppleWebKit/537.36 (KHTML, like Gecko) Chrome/149.0.0.0 Safari/537.36"
134.195.197.77 - - [02/Aug/2026:17:13:27 -0400] "GET /wp-includes/js/zxcvbn-async.min.js?ver=1.0 HTTP/2" 200 187 "https://sonogahotels.com/wp-login.php" "Mozilla/5.0 (Windows NT 10.0; Win64; x64) AppleWebKit/537.36 (KHTML, like Gecko) Chrome/149.0.0.0 Safari/537.36"
134.195.197.77 - - [02/Aug/2026:17:13:27 -0400] "GET /wp-includes/js/dist/hooks.min.js?ver=7496969728ca0f95732d HTTP/2" 200 1734 "https://sonogahotels.com/wp-login.php" "Mozilla/5.0 (Windows NT 10.0; Win64; x64) AppleWebKit/537.36 (KHTML, like Gecko) Chrome/149.0.0.0 Safari/537.36"
134.195.197.77 - - [02/Aug/2026:17:13:27 -0400] "GET /wp-admin/js/password-strength-meter.min.js?ver=7.0.2 HTTP/2" 200 558 "https://sonogahotels.com/wp-login.php" "Mozilla/5.0 (Windows NT 10.0; Win64; x64) AppleWebKit/537.36 (KHTML, like Gecko) Chrome/149.0.0.0 Safari/537.36"
134.195.197.77 - - [02/Aug/2026:17:13:27 -0400] "GET /wp-includes/js/wp-util.min.js?ver=7.0.2 HTTP/2" 200 693 "https://sonogahotels.com/wp-login.php" "Mozilla/5.0 (Windows NT 10.0; Win64; x64) AppleWebKit/537.36 (KHTML, like Gecko) Chrome/149.0.0.0 Safari/537.36"
134.195.197.77 - - [02/Aug/2026:17:13:27 -0400] "GET /wp-includes/js/underscore.min.js?ver=1.13.8 HTTP/2" 200 7228 "https://sonogahotels.com/wp-login.php" "Mozilla/5.0 (Windows NT 10.0; Win64; x64) AppleWebKit/537.36 (KHTML, like Gecko) Chrome/149.0.0.0 Safari/537.36"
134.195.197.77 - - [02/Aug/2026:17:13:27 -0400] "GET /wp-includes/js/dist/dom-ready.min.js?ver=a06281ae5cf5500e9317 HTTP/2" 200 420 "https://sonogahotels.com/wp-login.php" "Mozilla/5.0 (Windows NT 10.0; Win64; x64) AppleWebKit/537.36 (KHTML, like Gecko) Chrome/149.0.0.0 Safari/537.36"
134.195.197.77 - - [02/Aug/2026:17:13:28 -0400] "GET /wp-includes/js/dist/a11y.min.js?ver=af934e5259bc51b8718e HTTP/2" 200 935 "https://sonogahotels.com/wp-login.php" "Mozilla/5.0 (Windows NT 10.0; Win64; x64) AppleWebKit/537.36 (KHTML, like Gecko) Chrome/149.0.0.0 Safari/537.36"
134.195.197.77 - - [02/Aug/2026:17:13:28 -0400] "GET /wp-admin/js/user-profile.min.js?ver=7.0.2 HTTP/2" 200 2889 "https://sonogahotels.com/wp-login.php" "Mozilla/5.0 (Windows NT 10.0; Win64; x64) AppleWebKit/537.36 (KHTML, like Gecko) Chrome/149.0.0.0 Safari/537.36"
134.195.197.77 - - [02/Aug/2026:17:13:28 -0400] "GET /wp-includes/js/dist/i18n.min.js?ver=781d11515ad3d91786ec HTTP/2" 200 2354 "https://sonogahotels.com/wp-login.php" "Mozilla/5.0 (Windows NT 10.0; Win64; x64) AppleWebKit/537.36 (KHTML, like Gecko) Chrome/149.0.0.0 Safari/537.36"
134.195.197.77 - - [02/Aug/2026:17:13:28 -0400] "GET /wp-content/plugins/loginpress/img/minimalist.jpg HTTP/2" 200 21803 "https://sonogahotels.com/wp-login.php" "Mozilla/5.0 (Windows NT 10.0; Win64; x64) AppleWebKit/537.36 (KHTML, like Gecko) Chrome/149.0.0.0 Safari/537.36"
134.195.197.77 - - [02/Aug/2026:17:13:28 -0400] "GET /wp-content/uploads/2026/05/ChatGPT-Image-May-29-2026-02_03_32-PM-1.png HTTP/2" 200 1791529 "https://sonogahotels.com/wp-login.php" "Mozilla/5.0 (Windows NT 10.0; Win64; x64) AppleWebKit/537.36 (KHTML, like Gecko) Chrome/149.0.0.0 Safari/537.36"
134.195.197.77 - - [02/Aug/2026:17:13:29 -0400] "GET /wp-content/uploads/2026/05/cropped-ChatGPT-Image-May-29-2026-02_03_32-PM-1-192x192.png HTTP/2" 200 46135 "https://sonogahotels.com/wp-login.php" "Mozilla/5.0 (Windows NT 10.0; Win64; x64) AppleWebKit/537.36 (KHTML, like Gecko) Chrome/149.0.0.0 Safari/537.36"
134.195.197.77 - - [02/Aug/2026:17:13:29 -0400] "GET /wp-includes/js/zxcvbn.min.js HTTP/2" 200 389493 "https://sonogahotels.com/wp-login.php" "Mozilla/5.0 (Windows NT 10.0; Win64; x64) AppleWebKit/537.36 (KHTML, like Gecko) Chrome/149.0.0.0 Safari/537.36"
134.195.197.77 - - [02/Aug/2026:17:13:31 -0400] "POST /wp-login.php HTTP/2" 302 0 "https://sonogahotels.com/wp-login.php" "Mozilla/5.0 (Windows NT 10.0; Win64; x64) AppleWebKit/537.36 (KHTML, like Gecko) Chrome/149.0.0.0 Safari/537.36"
134.195.197.77 - - [02/Aug/2026:17:13:37 -0400] "GET /wp-admin/ HTTP/2" 200 98927 "https://sonogahotels.com/wp-login.php" "Mozilla/5.0 (Windows NT 10.0; Win64; x64) AppleWebKit/537.36 (KHTML, like Gecko) Chrome/149.0.0.0 Safari/537.36"
134.195.197.77 - - [02/Aug/2026:17:13:59 -0400] "GET /wp-content/plugins/wpforms-lite/assets/lib/font-awesome/css/v4-shims.min.css?ver=4.7.0 HTTP/2" 200 3927 "https://sonogahotels.com/wp-admin/" "Mozilla/5.0 (Windows NT 10.0; Win64; x64) AppleWebKit/537.36 (KHTML, like Gecko) Chrome/149.0.0.0 Safari/537.36"
134.195.197.77 - - [02/Aug/2026:17:13:59 -0400] "GET /wp-includes/js/thickbox/thickbox.css?ver=7.0.2 HTTP/2" 200 827 "https://sonogahotels.com/wp-admin/" "Mozilla/5.0 (Windows NT 10.0; Win64; x64) AppleWebKit/537.36 (KHTML, like Gecko) Chrome/149.0.0.0 Safari/537.36"
134.195.197.77 - - [02/Aug/2026:17:13:59 -0400] "GET /wp-admin/css/colors/modern/colors.min.css?ver=7.0.2 HTTP/2" 200 3077 "https://sonogahotels.com/wp-admin/" "Mozilla/5.0 (Windows NT 10.0; Win64; x64) AppleWebKit/537.36 (KHTML, like Gecko) Chrome/149.0.0.0 Safari/537.36"
134.195.197.77 - - [02/Aug/2026:17:13:59 -0400] "GET /wp-content/plugins/display-admin-page-on-frontend-premium/vendor/freemius/assets/css/admin/common.css?ver=7.0.2 HTTP/2" 200 1349 "https://sonogahotels.com/wp-admin/" "Mozilla/5.0 (Windows NT 10.0; Win64; x64) AppleWebKit/537.36 (KHTML, like Gecko) Chrome/149.0.0.0 Safari/537.36"
134.195.197.77 - - [02/Aug/2026:17:13:59 -0400] "GET /wp-content/plugins/elementor/vendor/elementor/wp-one-package/assets/build/common.css?ver=1.0.68 HTTP/2" 200 587 "https://sonogahotels.com/wp-admin/" "Mozilla/5.0 (Windows NT 10.0; Win64; x64) AppleWebKit/537.36 (KHTML, like Gecko) Chrome/149.0.0.0 Safari/537.36"
134.195.197.77 - - [02/Aug/2026:17:13:59 -0400] "GET /wp-content/plugins/elementor-pro/assets/css/admin.min.css?ver=4.0.4 HTTP/2" 200 3493 "https://sonogahotels.com/wp-admin/" "Mozilla/5.0 (Windows NT 10.0; Win64; x64) AppleWebKit/537.36 (KHTML, like Gecko) Chrome/149.0.0.0 Safari/537.36"
134.195.197.77 - - [02/Aug/2026:17:13:59 -0400] "GET /wp-content/plugins/wp-mail-smtp/assets/css/admin-bar.min.css?ver=4.9.0 HTTP/2" 200 288 "https://sonogahotels.com/wp-admin/" "Mozilla/5.0 (Windows NT 10.0; Win64; x64) AppleWebKit/537.36 (KHTML, like Gecko) Chrome/149.0.0.0 Safari/537.36"
134.195.197.77 - - [02/Aug/2026:17:13:59 -0400] "GET /wp-content/plugins/wpforms-lite/assets/lib/jquery.confirm/jquery-confirm.min.css?ver=1.0.0 HTTP/2" 200 2864 "https://sonogahotels.com/wp-admin/" "Mozilla/5.0 (Windows NT 10.0; Win64; x64) AppleWebKit/537.36 (KHTML, like Gecko) Chrome/149.0.0.0 Safari/537.36"
134.195.197.77 - - [02/Aug/2026:17:13:59 -0400] "GET /wp-content/plugins/wpforms-lite/assets/lite/css/dashboard-education.min.css?ver=2.0.0.2 HTTP/2" 200 4119 "https://sonogahotels.com/wp-admin/" "Mozilla/5.0 (Windows NT 10.0; Win64; x64) AppleWebKit/537.36 (KHTML, like Gecko) Chrome/149.0.0.0 Safari/537.36"
134.195.197.77 - - [02/Aug/2026:17:13:59 -0400] "GET /wp-content/plugins/astra-sites/inc/lib/zip-ai/sidebar/build/sidebar-app.css?ver=2.0.12 HTTP/2" 200 5284 "https://sonogahotels.com/wp-admin/" "Mozilla/5.0 (Windows NT 10.0; Win64; x64) AppleWebKit/537.36 (KHTML, like Gecko) Chrome/149.0.0.0 Safari/537.36"
134.195.197.77 - - [02/Aug/2026:17:13:59 -0400] "GET /wp-content/plugins/wpforms-lite/assets/lib/font-awesome/css/all.min.css?ver=7.0.1 HTTP/2" 200 19841 "https://sonogahotels.com/wp-admin/" "Mozilla/5.0 (Windows NT 10.0; Win64; x64) AppleWebKit/537.36 (KHTML, like Gecko) Chrome/149.0.0.0 Safari/537.36"
134.195.197.77 - - [02/Aug/2026:17:13:59 -0400] "GET /wp-admin/load-styles.php?c=1&dir=ltr&load%5Bchunk_0%5D=dashicons,admin-bar,site-health,common,forms,admin-menu,dashboard,list-tables,edit,revisions,media,themes,about,nav-menus,wp-poi&load%5Bchunk_1%5D=nter,widgets,site-icon,l10n,wp-base-styles,buttons,wp-auth-check,wp-components,wp-commands,media-views&ver=7.0.2 HTTP/2" 200 131752 "https://sonogahotels.com/wp-admin/" "Mozilla/5.0 (Windows NT 10.0; Win64; x64) AppleWebKit/537.36 (KHTML, like Gecko) Chrome/149.0.0.0 Safari/537.36"
134.195.197.77 - - [02/Aug/2026:17:14:00 -0400] "GET /wp-content/plugins/astra-sites/inc/lib/zip-ai/assets/fonts/fonts.css?ver=2.0.12 HTTP/2" 200 642 "https://sonogahotels.com/wp-admin/" "Mozilla/5.0 (Windows NT 10.0; Win64; x64) AppleWebKit/537.36 (KHTML, like Gecko) Chrome/149.0.0.0 Safari/537.36"
134.195.197.77 - - [02/Aug/2026:17:14:00 -0400] "GET /wp-content/themes/astra/assets/css/minified/command-palette.min.css?ver=4.13.8 HTTP/2" 200 271 "https://sonogahotels.com/wp-admin/" "Mozilla/5.0 (Windows NT 10.0; Win64; x64) AppleWebKit/537.36 (KHTML, like Gecko) Chrome/149.0.0.0 Safari/537.36"
134.195.197.77 - - [02/Aug/2026:17:14:00 -0400] "GET /wp-content/themes/astra//inc/metabox/extend-metabox/css/minified/metabox.min.css?ver=4.13.8 HTTP/2" 200 7640 "https://sonogahotels.com/wp-admin/" "Mozilla/5.0 (Windows NT 10.0; Win64; x64) AppleWebKit/537.36 (KHTML, like Gecko) Chrome/149.0.0.0 Safari/537.36"
134.195.197.77 - - [02/Aug/2026:17:14:01 -0400] "GET /wp-content/plugins/elementor/assets/css/modules/editor-one/admin-menu.min.css?ver=4.2.1 HTTP/2" 200 1034 "https://sonogahotels.com/wp-admin/" "Mozilla/5.0 (Windows NT 10.0; Win64; x64) AppleWebKit/537.36 (KHTML, like Gecko) Chrome/149.0.0.0 Safari/537.36"
134.195.197.77 - - [02/Aug/2026:17:14:01 -0400] "GET /wp-content/plugins/elementor/assets/css/common.min.css?ver=4.2.1 HTTP/2" 200 3201 "https://sonogahotels.com/wp-admin/" "Mozilla/5.0 (Windows NT 10.0; Win64; x64) AppleWebKit/537.36 (KHTML, like Gecko) Chrome/149.0.0.0 Safari/537.36"
134.195.197.77 - - [02/Aug/2026:17:14:01 -0400] "GET /wp-content/plugins/elementor/assets/css/theme-light.min.css?ver=4.2.1 HTTP/2" 200 685 "https://sonogahotels.com/wp-admin/" "Mozilla/5.0 (Windows NT 10.0; Win64; x64) AppleWebKit/537.36 (KHTML, like Gecko) Chrome/149.0.0.0 Safari/537.36"
134.195.197.77 - - [02/Aug/2026:17:14:01 -0400] "GET /wp-content/plugins/elementor/assets/lib/eicons/css/elementor-icons.min.css?ver=5.53.0 HTTP/2" 200 4174 "https://sonogahotels.com/wp-admin/" "Mozilla/5.0 (Windows NT 10.0; Win64; x64) AppleWebKit/537.36 (KHTML, like Gecko) Chrome/149.0.0.0 Safari/537.36"
134.195.197.77 - - [02/Aug/2026:17:14:01 -0400] "GET /wp-content/plugins/sureforms/assets/css/minified/backend/admin.min.css?ver=2.12.2 HTTP/2" 200 3324 "https://sonogahotels.com/wp-admin/" "Mozilla/5.0 (Windows NT 10.0; Win64; x64) AppleWebKit/537.36 (KHTML, like Gecko) Chrome/149.0.0.0 Safari/537.36"
134.195.197.77 - - [02/Aug/2026:17:14:01 -0400] "GET /wp-content/plugins/wpforms-lite/assets/css/admin-bar.min.css?ver=2.0.0.2 HTTP/2" 200 393 "https://sonogahotels.com/wp-admin/" "Mozilla/5.0 (Windows NT 10.0; Win64; x64) AppleWebKit/537.36 (KHTML, like Gecko) Chrome/149.0.0.0 Safari/537.36"
134.195.197.77 - - [02/Aug/2026:17:14:01 -0400] "GET /wp-content/plugins/code-snippets/dist/menu.css?ver=3.9.6 HTTP/2" 200 303 "https://sonogahotels.com/wp-admin/" "Mozilla/5.0 (Windows NT 10.0; Win64; x64) AppleWebKit/537.36 (KHTML, like Gecko) Chrome/149.0.0.0 Safari/537.36"
134.195.197.77 - - [02/Aug/2026:17:14:01 -0400] "GET /wp-includes/js/imgareaselect/imgareaselect.css?ver=0.9.8 HTTP/2" 200 215 "https://sonogahotels.com/wp-admin/" "Mozilla/5.0 (Windows NT 10.0; Win64; x64) AppleWebKit/537.36 (KHTML, like Gecko) Chrome/149.0.0.0 Safari/537.36"
134.195.197.77 - - [02/Aug/2026:17:14:01 -0400] "GET /wp-content/plugins/astra-sites/inc/lib/zipwp-images/assets/fonts/figtree.css?ver=1.0.30 HTTP/2" 200 538 "https://sonogahotels.com/wp-admin/" "Mozilla/5.0 (Windows NT 10.0; Win64; x64) AppleWebKit/537.36 (KHTML, like Gecko) Chrome/149.0.0.0 Safari/537.36"
134.195.197.77 - - [02/Aug/2026:17:14:01 -0400] "GET /wp-content/plugins/surerank/build/search-console-widget/style.css?ver=d71166049579e8ca5c24 HTTP/2" 200 21384 "https://sonogahotels.com/wp-admin/" "Mozilla/5.0 (Windows NT 10.0; Win64; x64) AppleWebKit/537.36 (KHTML, like Gecko) Chrome/149.0.0.0 Safari/537.36"
134.195.197.77 - - [02/Aug/2026:17:14:01 -0400] "GET /wp-content/plugins/wp-mail-smtp/assets/css/dashboard-widget.min.css?ver=4.9.0 HTTP/2" 200 2531 "https://sonogahotels.com/wp-admin/" "Mozilla/5.0 (Windows NT 10.0; Win64; x64) AppleWebKit/537.36 (KHTML, like Gecko) Chrome/149.0.0.0 Safari/537.36"
134.195.197.77 - - [02/Aug/2026:17:14:01 -0400] "GET /wp-content/plugins/wpforms-lite/assets/css/dashboard-widget.min.css?ver=2.0.0.2 HTTP/2" 200 2400 "https://sonogahotels.com/wp-admin/" "Mozilla/5.0 (Windows NT 10.0; Win64; x64) AppleWebKit/537.36 (KHTML, like Gecko) Chrome/149.0.0.0 Safari/537.36"
