65.21.113.204 - - [02/Aug/2026:12:48:09 -0400] "GET /the-evolution-of-online-slot-gaming-exploring-innovation-and-player-engagement/ HTTP/1.1" 200 39170 "-" "Mozilla/5.0 (compatible; AwarioBot/1.0; +https://awario.com/bots.html)"
65.21.113.204 - - [02/Aug/2026:12:48:14 -0400] "GET /the-evolution-of-online-slot-machines-in-the-uk-gambling-industry-2/ HTTP/1.1" 200 39315 "-" "Mozilla/5.0 (compatible; AwarioBot/1.0; +https://awario.com/bots.html)"
65.21.113.204 - - [02/Aug/2026:12:48:19 -0400] "GET /bizzo-casino-australia-a-comprehensive-guide-for-online-bettors/ HTTP/1.1" 200 36751 "-" "Mozilla/5.0 (compatible; AwarioBot/1.0; +https://awario.com/bots.html)"
65.21.113.204 - - [02/Aug/2026:12:48:24 -0400] "GET /the-evolution-of-online-slot-machines-in-the-uk-gambling-industry/ HTTP/1.1" 200 39345 "-" "Mozilla/5.0 (compatible; AwarioBot/1.0; +https://awario.com/bots.html)"
65.21.113.204 - - [02/Aug/2026:12:48:28 -0400] "GET /the-evolution-of-the-slot-machine-from-mechanical-reels-to-digital-spectacles/ HTTP/1.1" 200 38902 "-" "Mozilla/5.0 (compatible; AwarioBot/1.0; +https://awario.com/bots.html)"
65.21.113.204 - - [02/Aug/2026:12:48:36 -0400] "GET /booking-confirmation/booking-canceled/ HTTP/1.1" 200 34461 "-" "Mozilla/5.0 (compatible; AwarioBot/1.0; +https://awario.com/bots.html)"
65.21.113.204 - - [02/Aug/2026:12:48:40 -0400] "GET /the-evolving-landscape-of-online-slot-gaming-a-deep-dive-into-game-performance-and-player-engagement/ HTTP/1.1" 200 38704 "-" "Mozilla/5.0 (compatible; AwarioBot/1.0; +https://awario.com/bots.html)"
65.21.113.204 - - [02/Aug/2026:12:48:44 -0400] "GET /the-future-of-online-arcade-gaming-trends-technologies-and-player-engagement/ HTTP/1.1" 200 39324 "-" "Mozilla/5.0 (compatible; AwarioBot/1.0; +https://awario.com/bots.html)"
65.21.113.204 - - [02/Aug/2026:12:48:47 -0400] "GET /booking-confirmation/reservation-received/ HTTP/1.1" 200 33655 "-" "Mozilla/5.0 (compatible; AwarioBot/1.0; +https://awario.com/bots.html)"
65.21.113.204 - - [02/Aug/2026:12:48:51 -0400] "GET /the-landscape-of-online-gambling-in-the-united-kingdom-has-evolved-significantly-over-the-past-decad/ HTTP/1.1" 200 38811 "-" "Mozilla/5.0 (compatible; AwarioBot/1.0; +https://awario.com/bots.html)"
65.21.113.204 - - [02/Aug/2026:12:48:58 -0400] "GET /casino-non-aams-a-review-of-popular-online-sites/ HTTP/1.1" 200 37211 "-" "Mozilla/5.0 (compatible; AwarioBot/1.0; +https://awario.com/bots.html)"
65.21.113.204 - - [02/Aug/2026:12:49:03 -0400] "GET /casino-sicuri-non-aams-le-politiche-di-rimborso/ HTTP/1.1" 200 37037 "-" "Mozilla/5.0 (compatible; AwarioBot/1.0; +https://awario.com/bots.html)"
65.21.113.204 - - [02/Aug/2026:12:46:15 -0400] "GET /robots.txt HTTP/1.1" 200 70 "-" "Mozilla/5.0 (compatible; AwarioBot/1.0; +https://awario.com/bots.html)"
157.55.39.9 - - [02/Aug/2026:12:47:30 -0400] "GET /products/51711561958 HTTP/2" 301 0 "-" "Mozilla/5.0 AppleWebKit/537.36 (KHTML, like Gecko; compatible; bingbot/2.0; +http://www.bing.com/bingbot.htm) Chrome/116.0.1938.76 Safari/537.36"
65.21.113.204 - - [02/Aug/2026:12:47:54 -0400] "GET /the-evolution-of-live-digital-casino-games-industry-insights-and-best-practices/ HTTP/1.1" 200 38883 "-" "Mozilla/5.0 (compatible; AwarioBot/1.0; +https://awario.com/bots.html)"
65.21.113.204 - - [02/Aug/2026:12:48:01 -0400] "GET /best-mobile-casino-apps/ HTTP/1.1" 200 36221 "-" "Mozilla/5.0 (compatible; AwarioBot/1.0; +https://awario.com/bots.html)"
65.21.113.204 - - [02/Aug/2026:12:48:04 -0400] "GET /the-evolution-of-online-slot-gaming-enhancing-player-experience-through-interactive-demos/ HTTP/1.1" 200 38845 "-" "Mozilla/5.0 (compatible; AwarioBot/1.0; +https://awario.com/bots.html)"
65.21.113.204 - - [02/Aug/2026:12:48:10 -0400] "GET /betgaranti-ile-bahis-yaparken-odeme-seceneklerinin-hizli-ve-sorunsuz-olmasi-oyunu-bir-adim-one-tasiyor/ HTTP/1.1" 200 37802 "-" "Mozilla/5.0 (compatible; AwarioBot/1.0; +https://awario.com/bots.html)"
65.21.113.204 - - [02/Aug/2026:12:48:14 -0400] "GET /bijzondere-beurzen-bij-b7-casino/ HTTP/1.1" 200 36433 "-" "Mozilla/5.0 (compatible; AwarioBot/1.0; +https://awario.com/bots.html)"
65.21.113.204 - - [02/Aug/2026:12:48:19 -0400] "GET /the-evolution-of-online-slot-machines-in-the-uk-gambling-industry-3/ HTTP/1.1" 200 39205 "-" "Mozilla/5.0 (compatible; AwarioBot/1.0; +https://awario.com/bots.html)"
65.21.113.204 - - [02/Aug/2026:12:48:24 -0400] "GET /booking-cancellation/ HTTP/1.1" 200 34467 "-" "Mozilla/5.0 (compatible; AwarioBot/1.0; +https://awario.com/bots.html)"
65.21.113.204 - - [02/Aug/2026:12:48:30 -0400] "GET /booking-confirmation/ HTTP/1.1" 200 34664 "-" "Mozilla/5.0 (compatible; AwarioBot/1.0; +https://awario.com/bots.html)"
65.21.113.204 - - [02/Aug/2026:12:48:35 -0400] "GET /the-evolution-of-themed-slot-machines-in-the-uk-online-gambling-industry/ HTTP/1.1" 200 38948 "-" "Mozilla/5.0 (compatible; AwarioBot/1.0; +https://awario.com/bots.html)"
65.21.113.204 - - [02/Aug/2026:12:48:42 -0400] "GET /booking-confirmation/booking-confirmed/ HTTP/1.1" 200 34586 "-" "Mozilla/5.0 (compatible; AwarioBot/1.0; +https://awario.com/bots.html)"
65.21.113.204 - - [02/Aug/2026:12:49:57 -0400] "GET /der-wandel-des-luxusmanagements-tradition-trifft-innovation/ HTTP/1.1" 200 38522 "-" "Mozilla/5.0 (compatible; AwarioBot/1.0; +https://awario.com/bots.html)"
65.21.113.204 - - [02/Aug/2026:12:50:02 -0400] "GET /descubra-o-premio-dos-jogos-de-slot/ HTTP/1.1" 200 37933 "-" "Mozilla/5.0 (compatible; AwarioBot/1.0; +https://awario.com/bots.html)"
65.21.113.204 - - [02/Aug/2026:12:50:10 -0400] "GET /the-ultimate-guide-to-online-blackjack-for-fun/ HTTP/1.1" 200 37165 "-" "Mozilla/5.0 (compatible; AwarioBot/1.0; +https://awario.com/bots.html)"
65.21.113.204 - - [02/Aug/2026:12:50:13 -0400] "GET /die-bedeutung-von-rtp-bei-online-slots-ein-blick-auf-hohe-auszahlungsquoten/ HTTP/1.1" 200 39109 "-" "Mozilla/5.0 (compatible; AwarioBot/1.0; +https://awario.com/bots.html)"
65.21.113.204 - - [02/Aug/2026:12:50:18 -0400] "GET /die-evolution-der-online-slots-innovation-strategie-und-markttrends/ HTTP/1.1" 200 39178 "-" "Mozilla/5.0 (compatible; AwarioBot/1.0; +https://awario.com/bots.html)"
65.21.113.204 - - [02/Aug/2026:12:50:23 -0400] "GET /die-globale-fischerei-steht-vor-nie-dagewesenen-herausforderungen-uberfischung-umweltverschmutzung/ HTTP/1.1" 200 38721 "-" "Mozilla/5.0 (compatible; AwarioBot/1.0; +https://awario.com/bots.html)"
65.21.113.204 - - [02/Aug/2026:12:50:26 -0400] "GET /die-weihnachtszeit-ist-fur-viele-unternehmen-im-bereich-gaming-digitale-dienstleistungen-und-e-comm/ HTTP/1.1" 200 38817 "-" "Mozilla/5.0 (compatible; AwarioBot/1.0; +https://awario.com/bots.html)"
65.21.113.204 - - [02/Aug/2026:12:49:08 -0400] "GET /category/casino/ HTTP/1.1" 200 34843 "-" "Mozilla/5.0 (compatible; AwarioBot/1.0; +https://awario.com/bots.html)"
156.232.88.6 - - [02/Aug/2026:12:49:14 -0400] "POST /wp-cron.php?doing_wp_cron=1785689354.4346470832824707031250 HTTP/1.1" 200 0 "-" "WordPress/7.0.2; https://sonogahotels.com"
65.21.113.204 - - [02/Aug/2026:12:49:12 -0400] "GET /the-next-frontier-of-online-slot-gaming-a-deep-dive-into-fishin-frenzy-s-enduring-appeal-4/ HTTP/1.1" 200 39216 "-" "Mozilla/5.0 (compatible; AwarioBot/1.0; +https://awario.com/bots.html)"
65.21.113.204 - - [02/Aug/2026:12:49:17 -0400] "GET /cazinoul-papusarului-jocuri-de-noroc-pentru-toti/ HTTP/1.1" 200 36971 "-" "Mozilla/5.0 (compatible; AwarioBot/1.0; +https://awario.com/bots.html)"
65.21.113.204 - - [02/Aug/2026:12:49:22 -0400] "GET /the-next-frontier-of-online-slot-gaming-a-deep-dive-into-fishin-frenzy-s-enduring-appeal/ HTTP/1.1" 200 39329 "-" "Mozilla/5.0 (compatible; AwarioBot/1.0; +https://awario.com/bots.html)"
65.21.113.204 - - [02/Aug/2026:12:49:29 -0400] "GET /crazy-time-%d0%bf%d1%80%d0%b0%d0%b2%d0%b8%d0%bb%d0%b0-%d0%ba%d0%b0%d0%ba-%d1%83%d1%81%d1%82%d1%80%d0%be%d0%b5%d0%bd%d0%b0-%d1%81%d0%b0%d0%bc%d0%b0%d1%8f-%d1%8f%d1%80%d0%ba%d0%b0%d1%8f-%d0%b8%d0%b3/ HTTP/1.1" 200 44099 "-" "Mozilla/5.0 (compatible; AwarioBot/1.0; +https://awario.com/bots.html)"
65.21.113.204 - - [02/Aug/2026:12:49:34 -0400] "GET /de-evolutie-van-casino-spellen-van-traditioneel-naar-digital-wereldwijd/ HTTP/1.1" 200 39474 "-" "Mozilla/5.0 (compatible; AwarioBot/1.0; +https://awario.com/bots.html)"
65.21.113.204 - - [02/Aug/2026:12:49:38 -0400] "GET /the-rise-of-fishin-frenzy-in-the-uk-online-casino-industry-an-in-depth-analysis/ HTTP/1.1" 200 39288 "-" "Mozilla/5.0 (compatible; AwarioBot/1.0; +https://awario.com/bots.html)"
65.21.113.204 - - [02/Aug/2026:12:49:44 -0400] "GET /deciphering-the-future-of-online-slots-a-data-driven-perspective/ HTTP/1.1" 200 39050 "-" "Mozilla/5.0 (compatible; AwarioBot/1.0; +https://awario.com/bots.html)"
65.21.113.204 - - [02/Aug/2026:12:49:49 -0400] "GET /the-strategic-mechanics-of-fruit-symbols-in-classic-slot-games-analyzing-the-fishin-frenzy-boat-scatter/ HTTP/1.1" 200 38925 "-" "Mozilla/5.0 (compatible; AwarioBot/1.0; +https://awario.com/bots.html)"
65.21.113.204 - - [02/Aug/2026:12:49:53 -0400] "GET /den-strategiska-rollem-for-hogvinstautomater-i-sveriges-online-casino/ HTTP/1.1" 200 38836 "-" "Mozilla/5.0 (compatible; AwarioBot/1.0; +https://awario.com/bots.html)"
65.21.113.204 - - [02/Aug/2026:12:49:56 -0400] "GET /the-ultimate-guide-to-casinos-uk-online/ HTTP/1.1" 200 35905 "-" "Mozilla/5.0 (compatible; AwarioBot/1.0; +https://awario.com/bots.html)"
65.21.113.204 - - [02/Aug/2026:12:50:02 -0400] "GET /the-ultimate-guide-to-non-gamstop-betting/ HTTP/1.1" 200 35918 "-" "Mozilla/5.0 (compatible; AwarioBot/1.0; +https://awario.com/bots.html)"
65.21.113.204 - - [02/Aug/2026:12:50:08 -0400] "GET /die-bedeutung-der-richtigen-plattformwahl-beim-online-glucksspiel/ HTTP/1.1" 200 38635 "-" "Mozilla/5.0 (compatible; AwarioBot/1.0; +https://awario.com/bots.html)"
65.21.113.204 - - [02/Aug/2026:12:50:15 -0400] "GET /the-ultimate-overview-to-free-online-slot-machine/ HTTP/1.1" 200 37353 "-" "Mozilla/5.0 (compatible; AwarioBot/1.0; +https://awario.com/bots.html)"
65.21.113.204 - - [02/Aug/2026:12:51:21 -0400] "GET /emerging-trends-in-online-slot-gaming-in-the-uk-innovation-regulation-and-consumer-behavior/ HTTP/1.1" 200 39620 "-" "Mozilla/5.0 (compatible; AwarioBot/1.0; +https://awario.com/bots.html)"
65.21.113.204 - - [02/Aug/2026:12:51:25 -0400] "GET /utforska-spelets-halsa-den-vetenskapliga-belysningen-av-slots-och-casinoomradet/ HTTP/1.1" 200 38581 "-" "Mozilla/5.0 (compatible; AwarioBot/1.0; +https://awario.com/bots.html)"
65.21.113.204 - - [02/Aug/2026:12:51:29 -0400] "GET /emerging-trends-in-online-slot-gaming-industry-insights-and-the-importance-of-responsible-play/ HTTP/1.1" 200 39102 "-" "Mozilla/5.0 (compatible; AwarioBot/1.0; +https://awario.com/bots.html)"
65.21.113.204 - - [02/Aug/2026:12:51:38 -0400] "GET /welche-boni-erwarten-sie-bei-sportwetten-ohne-oasis-und-risiken/ HTTP/1.1" 200 39000 "-" "Mozilla/5.0 (compatible; AwarioBot/1.0; +https://awario.com/bots.html)"
65.21.113.204 - - [02/Aug/2026:12:51:45 -0400] "GET /wybor-gier-w-kasynie-vox-wedlug-kapitalu-poradnik-dla-graczy/ HTTP/1.1" 200 36805 "-" "Mozilla/5.0 (compatible; AwarioBot/1.0; +https://awario.com/bots.html)"
65.21.113.204 - - [02/Aug/2026:12:51:52 -0400] "GET /exploring-the-immersive-world-of-underwater-themed-games-innovations-and-industry-insights-2/ HTTP/1.1" 200 39303 "-" "Mozilla/5.0 (compatible; AwarioBot/1.0; +https://awario.com/bots.html)"
65.21.113.204 - - [02/Aug/2026:12:51:58 -0400] "GET /exploring-the-immersive-world-of-underwater-themed-games-innovations-and-industry-insights/ HTTP/1.1" 200 39365 "-" "Mozilla/5.0 (compatible; AwarioBot/1.0; +https://awario.com/bots.html)"
65.21.113.204 - - [02/Aug/2026:12:52:04 -0400] "GET /fantastyczne-bonusy-i-pelican-casino-zapewni-18026/ HTTP/1.1" 200 41957 "-" "Mozilla/5.0 (compatible; AwarioBot/1.0; +https://awario.com/bots.html)"
65.21.113.204 - - [02/Aug/2026:12:52:11 -0400] "GET /crazy-time-%D0%BF%D1%80%D0%B0%D0%B2%D0%B8%D0%BB%D0%B0-%D0%BA%D0%B0%D0%BA-%D1%83%D1%81%D1%82%D1%80%D0%BE%D0%B5%D0%BD%D0%B0-%D1%81%D0%B0%D0%BC%D0%B0%D1%8F-%D1%8F%D1%80%D0%BA%D0%B0%D1%8F-%D0%B8%D0%B3/ HTTP/1.1" 200 44153 "-" "Mozilla/5.0 (compatible; AwarioBot/1.0; +https://awario.com/bots.html)"
65.21.113.204 - - [02/Aug/2026:12:52:15 -0400] "GET /flexible-wagering-changes-the-game-for-aussie-punters/feed/ HTTP/1.1" 200 494 "-" "Mozilla/5.0 (compatible; AwarioBot/1.0; +https://awario.com/bots.html)"
65.21.113.204 - - [02/Aug/2026:12:52:17 -0400] "GET /form/simple-contact-form/ HTTP/1.1" 302 718355 "-" "Mozilla/5.0 (compatible; AwarioBot/1.0; +https://awario.com/bots.html)"
65.21.113.204 - - [02/Aug/2026:12:52:20 -0400] "GET / HTTP/1.1" 200 54730 "-" "Mozilla/5.0 (compatible; AwarioBot/1.0; +https://awario.com/bots.html)"
65.21.113.204 - - [02/Aug/2026:12:52:25 -0400] "GET /robots.txt HTTP/1.1" 200 70 "-" "Mozilla/5.0 (compatible; AwarioBot/1.0; +https://awario.com/bots.html)"
65.21.113.204 - - [02/Aug/2026:12:52:25 -0400] "GET /gry-casino-informacje-porady-i-najlepsze-kasyna-online/feed/ HTTP/1.1" 200 497 "-" "Mozilla/5.0 (compatible; AwarioBot/1.0; +https://awario.com/bots.html)"
65.21.113.204 - - [02/Aug/2026:12:52:27 -0400] "GET /francouzska-ruleta-s-nizkou-vyhodou-pro-novacky-jak-vyhrat-v-online-casinu/ HTTP/1.1" 200 35866 "-" "Mozilla/5.0 (compatible; AwarioBot/1.0; +https://awario.com/bots.html)"
65.21.113.204 - - [02/Aug/2026:12:52:28 -0400] "GET /meilleurs-conseils-pour-roulette-avec-croupier-en-direct/feed/ HTTP/1.1" 200 491 "-" "Mozilla/5.0 (compatible; AwarioBot/1.0; +https://awario.com/bots.html)"
65.21.113.204 - - [02/Aug/2026:12:52:33 -0400] "GET /olybet-hrvatska-sve-sto-trebate-znati/feed/ HTTP/1.1" 200 479 "-" "Mozilla/5.0 (compatible; AwarioBot/1.0; +https://awario.com/bots.html)"
65.21.113.204 - - [02/Aug/2026:12:52:32 -0400] "GET /free-casino-gamings-online-appreciate-the-thrills-without-investing-a-dime/ HTTP/1.1" 200 37716 "-" "Mozilla/5.0 (compatible; AwarioBot/1.0; +https://awario.com/bots.html)"
65.21.113.204 - - [02/Aug/2026:12:52:37 -0400] "GET /online-gambling-enterprises-that-approve-paypal-a-comprehensive-overview/feed/ HTTP/1.1" 200 511 "-" "Mozilla/5.0 (compatible; AwarioBot/1.0; +https://awario.com/bots.html)"
65.21.113.204 - - [02/Aug/2026:12:52:39 -0400] "GET /free-slots-no-downloads-a-hassle-free-and-entertaining-means-to-play-online/ HTTP/1.1" 200 37208 "-" "Mozilla/5.0 (compatible; AwarioBot/1.0; +https://awario.com/bots.html)"
65.21.113.204 - - [02/Aug/2026:12:52:44 -0400] "GET /play-free-roulette-an-useful-guide-to-the-game/feed/ HTTP/1.1" 200 490 "-" "Mozilla/5.0 (compatible; AwarioBot/1.0; +https://awario.com/bots.html)"
65.21.113.204 - - [02/Aug/2026:12:52:44 -0400] "GET /frumzi-casino-bonusy-kompletni-pruvodce-podminkami-a-vyhodami/ HTTP/1.1" 200 38750 "-" "Mozilla/5.0 (compatible; AwarioBot/1.0; +https://awario.com/bots.html)"
65.21.113.204 - - [02/Aug/2026:12:48:52 -0400] "GET /booking-confirmation/transaction-failed/ HTTP/1.1" 200 33803 "-" "Mozilla/5.0 (compatible; AwarioBot/1.0; +https://awario.com/bots.html)"
65.21.113.204 - - [02/Aug/2026:12:48:57 -0400] "GET /the-next-frontier-of-online-slot-gaming-a-deep-dive-into-fishin-frenzy-s-enduring-appeal-2/ HTTP/1.1" 200 39214 "-" "Mozilla/5.0 (compatible; AwarioBot/1.0; +https://awario.com/bots.html)"
65.21.113.204 - - [02/Aug/2026:12:49:04 -0400] "GET /the-next-frontier-of-online-slot-gaming-a-deep-dive-into-fishin-frenzy-s-enduring-appeal-3/ HTTP/1.1" 200 39215 "-" "Mozilla/5.0 (compatible; AwarioBot/1.0; +https://awario.com/bots.html)"
65.21.113.204 - - [02/Aug/2026:12:49:13 -0400] "GET /category/uncategorized/ HTTP/1.1" 200 39060 "-" "Mozilla/5.0 (compatible; AwarioBot/1.0; +https://awario.com/bots.html)"
65.21.113.204 - - [02/Aug/2026:12:49:16 -0400] "GET /the-next-frontier-of-online-slot-gaming-a-deep-dive-into-fishin-frenzy-s-enduring-appeal-5/ HTTP/1.1" 200 39297 "-" "Mozilla/5.0 (compatible; AwarioBot/1.0; +https://awario.com/bots.html)"
65.21.113.204 - - [02/Aug/2026:12:49:24 -0400] "GET /co-oferuje-mostbet-apk-do-pobrania/ HTTP/1.1" 200 34525 "-" "Mozilla/5.0 (compatible; AwarioBot/1.0; +https://awario.com/bots.html)"
65.21.113.204 - - [02/Aug/2026:12:49:28 -0400] "GET /the-revival-of-classic-slot-themes-in-the-digital-era/ HTTP/1.1" 200 39283 "-" "Mozilla/5.0 (compatible; AwarioBot/1.0; +https://awario.com/bots.html)"
65.21.113.204 - - [02/Aug/2026:12:51:01 -0400] "GET /emerging-trends-and-regulatory-shifts-in-uk-online-gambling/ HTTP/1.1" 200 39601 "-" "Mozilla/5.0 (compatible; AwarioBot/1.0; +https://awario.com/bots.html)"
65.21.113.204 - - [02/Aug/2026:12:51:06 -0400] "GET /trusted-australian-online-casino-sites-for-real-money-play/ HTTP/1.1" 200 41425 "-" "Mozilla/5.0 (compatible; AwarioBot/1.0; +https://awario.com/bots.html)"
65.21.113.204 - - [02/Aug/2026:12:51:14 -0400] "GET /emerging-trends-in-digital-slot-gaming-a-deep-dive-into-player-engagement-and-innovation/ HTTP/1.1" 200 39286 "-" "Mozilla/5.0 (compatible; AwarioBot/1.0; +https://awario.com/bots.html)"
65.21.113.204 - - [02/Aug/2026:12:51:18 -0400] "GET /understanding-the-rise-of-digital-slot-gaming-a-case-study-of-fishin-frenzy/ HTTP/1.1" 200 38840 "-" "Mozilla/5.0 (compatible; AwarioBot/1.0; +https://awario.com/bots.html)"
65.21.113.204 - - [02/Aug/2026:12:53:54 -0400] "GET /the-best-no-verification-betting-sites-a-comprehensive-review/feed/ HTTP/1.1" 200 500 "-" "Mozilla/5.0 (compatible; AwarioBot/1.0; +https://awario.com/bots.html)"
65.21.113.204 - - [02/Aug/2026:12:53:58 -0400] "GET /il-fenomeno-dei-giochi-di-slot-internet-innovazione-legalita-e-strategie-di-vince/ HTTP/1.1" 200 39335 "-" "Mozilla/5.0 (compatible; AwarioBot/1.0; +https://awario.com/bots.html)"
65.21.113.204 - - [02/Aug/2026:12:54:04 -0400] "GET /il-futuro-dei-siti-casino-non-aams-affidabile-come-scegliere-il-migliore/ HTTP/1.1" 200 37240 "-" "Mozilla/5.0 (compatible; AwarioBot/1.0; +https://awario.com/bots.html)"
65.21.113.204 - - [02/Aug/2026:12:54:09 -0400] "GET /il-mercato-del-gioco-online-in-italia-analisi-tendenze-e-impatti/ HTTP/1.1" 200 38921 "-" "Mozilla/5.0 (compatible; AwarioBot/1.0; +https://awario.com/bots.html)"
169.58.39.192 - - [02/Aug/2026:12:54:11 -0400] "GET /wp-admin/user/ HTTP/1.1" 302 0 "binance.com" "Mozilla/5.0 (Windows NT 10.0; Win64; x64) AppleWebKit/537.36 (KHTML, like Gecko) Chrome/90.0.4430.85 Safari/537.36"
65.21.113.204 - - [02/Aug/2026:12:54:15 -0400] "GET /il-panorama-attuale-dei-casino-online-legali-in-italia-sicurezza-regolamentazione-e-opportunita/ HTTP/1.1" 200 38860 "-" "Mozilla/5.0 (compatible; AwarioBot/1.0; +https://awario.com/bots.html)"
169.58.39.192 - - [02/Aug/2026:12:54:18 -0400] "GET /wp-login.php?redirect_to=https%3A%2F%2Fsonogahotels.com%2Fwp-admin%2Fuser%2F&reauth=1 HTTP/1.1" 200 10370 "binance.com" "Mozilla/5.0 (Windows NT 10.0; Win64; x64) AppleWebKit/537.36 (KHTML, like Gecko) Chrome/90.0.4430.85 Safari/537.36"
65.21.113.204 - - [02/Aug/2026:12:54:20 -0400] "GET /il-rinascimento-dei-giochi-arcade-un-analisi-dell-evoluzione-e-dell-influenza-culturale/ HTTP/1.1" 200 39249 "-" "Mozilla/5.0 (compatible; AwarioBot/1.0; +https://awario.com/bots.html)"
65.21.113.204 - - [02/Aug/2026:12:54:26 -0400] "GET /il-rinnovamento-del-percorso-culinario-analisi-del-growth-nel-settore-delle-ricette-itineranti-2/ HTTP/1.1" 200 39079 "-" "Mozilla/5.0 (compatible; AwarioBot/1.0; +https://awario.com/bots.html)"
65.21.113.204 - - [02/Aug/2026:12:54:31 -0400] "GET /il-rinnovamento-del-percorso-culinario-analisi-del-growth-nel-settore-delle-ricette-itineranti-3/ HTTP/1.1" 200 38987 "-" "Mozilla/5.0 (compatible; AwarioBot/1.0; +https://awario.com/bots.html)"
65.21.113.204 - - [02/Aug/2026:12:54:37 -0400] "GET /il-rinnovamento-del-percorso-culinario-analisi-del-growth-nel-settore-delle-ricette-itineranti-4/ HTTP/1.1" 200 39072 "-" "Mozilla/5.0 (compatible; AwarioBot/1.0; +https://awario.com/bots.html)"
65.21.113.204 - - [02/Aug/2026:12:54:43 -0400] "GET /il-rinnovamento-del-percorso-culinario-analisi-del-growth-nel-settore-delle-ricette-itineranti/ HTTP/1.1" 200 39147 "-" "Mozilla/5.0 (compatible; AwarioBot/1.0; +https://awario.com/bots.html)"
65.21.113.204 - - [02/Aug/2026:12:54:49 -0400] "GET /il-ruolo-del-gioco-responsabile-e-delle-nuove-tendenze-nel-mondo-del-casino-online/ HTTP/1.1" 200 39058 "-" "Mozilla/5.0 (compatible; AwarioBot/1.0; +https://awario.com/bots.html)"
65.21.113.204 - - [02/Aug/2026:12:54:55 -0400] "GET /il-ruolo-della-magia-nella-cultura-contemporanea-una-analisi-approfondita-2/ HTTP/1.1" 200 38704 "-" "Mozilla/5.0 (compatible; AwarioBot/1.0; +https://awario.com/bots.html)"
65.21.113.204 - - [02/Aug/2026:12:55:01 -0400] "GET /il-ruolo-della-magia-nella-cultura-contemporanea-una-analisi-approfondita-4/ HTTP/1.1" 200 38698 "-" "Mozilla/5.0 (compatible; AwarioBot/1.0; +https://awario.com/bots.html)"
65.21.113.204 - - [02/Aug/2026:12:55:07 -0400] "GET /il-ruolo-delle-slot-machines-nel-gioco-d-azzardo-ludico-innovazioni-responsabilita-e-divertimento-garantito/ HTTP/1.1" 200 39263 "-" "Mozilla/5.0 (compatible; AwarioBot/1.0; +https://awario.com/bots.html)"
65.21.113.204 - - [02/Aug/2026:12:55:12 -0400] "GET /in-the-digital-age-communities-centered-around-specialized-interests-continue-to-redefine-how-enthu/ HTTP/1.1" 200 38974 "-" "Mozilla/5.0 (compatible; AwarioBot/1.0; +https://awario.com/bots.html)"
65.21.113.204 - - [02/Aug/2026:12:55:18 -0400] "GET /innovating-skyscraper-safety-with-advanced-climbing-and-rescue-technologies/ HTTP/1.1" 200 38966 "-" "Mozilla/5.0 (compatible; AwarioBot/1.0; +https://awario.com/bots.html)"
65.21.113.204 - - [02/Aug/2026:12:55:24 -0400] "GET /innovationen-im-bereich-professionelles-angeln-die-bedeutung-von-grossveranstaltungen-wie-dembig-bass-splash-2/ HTTP/1.1" 200 38711 "-" "Mozilla/5.0 (compatible; AwarioBot/1.0; +https://awario.com/bots.html)"
65.21.113.204 - - [02/Aug/2026:12:55:30 -0400] "GET /innovationen-im-bereich-professionelles-angeln-die-bedeutung-von-grossveranstaltungen-wie-dembig-bass-splash/ HTTP/1.1" 200 38691 "-" "Mozilla/5.0 (compatible; AwarioBot/1.0; +https://awario.com/bots.html)"
65.21.113.204 - - [02/Aug/2026:12:55:36 -0400] "GET /innovationen-im-online-glucksspiel-die-wahl-der-plattformen-und-die-bedeutung-von-zuverlassigen-anbietern/ HTTP/1.1" 200 38906 "-" "Mozilla/5.0 (compatible; AwarioBot/1.0; +https://awario.com/bots.html)"
65.21.113.204 - - [02/Aug/2026:12:55:42 -0400] "GET /innovationen-in-der-digitalen-kartenentwicklung-das-beispiel-der-kryptowahrungs-und-nft-plattformen/ HTTP/1.1" 200 39221 "-" "Mozilla/5.0 (compatible; AwarioBot/1.0; +https://awario.com/bots.html)"
65.21.113.204 - - [02/Aug/2026:12:55:47 -0400] "GET /innovative-spielautomaten-designs-die-zukunft-der-digitalen-unterhaltung/ HTTP/1.1" 200 38795 "-" "Mozilla/5.0 (compatible; AwarioBot/1.0; +https://awario.com/bots.html)"
65.21.113.204 - - [02/Aug/2026:12:55:53 -0400] "GET /innovazione-e-strategia-nei-bonus-casino-online-una-prospettiva-oltre-le-superficialita-2/ HTTP/1.1" 200 38577 "-" "Mozilla/5.0 (compatible; AwarioBot/1.0; +https://awario.com/bots.html)"
65.21.113.204 - - [02/Aug/2026:12:55:58 -0400] "GET /innovazione-e-strategia-nei-bonus-casino-online-una-prospettiva-oltre-le-superficialita-3/ HTTP/1.1" 200 38668 "-" "Mozilla/5.0 (compatible; AwarioBot/1.0; +https://awario.com/bots.html)"
65.21.113.204 - - [02/Aug/2026:12:56:04 -0400] "GET /innovazione-e-strategia-nei-bonus-casino-online-una-prospettiva-oltre-le-superficialita-4/ HTTP/1.1" 200 38708 "-" "Mozilla/5.0 (compatible; AwarioBot/1.0; +https://awario.com/bots.html)"
65.21.113.204 - - [02/Aug/2026:12:56:11 -0400] "GET /innovazione-e-strategia-nei-bonus-casino-online-una-prospettiva-oltre-le-superficialita/ HTTP/1.1" 200 38700 "-" "Mozilla/5.0 (compatible; AwarioBot/1.0; +https://awario.com/bots.html)"
65.21.113.204 - - [02/Aug/2026:12:56:17 -0400] "GET /innovazione-e-tendenze-nel-gaming-mobile-un-approccio-strategico/ HTTP/1.1" 200 39142 "-" "Mozilla/5.0 (compatible; AwarioBot/1.0; +https://awario.com/bots.html)"
65.21.113.204 - - [02/Aug/2026:12:56:23 -0400] "GET /innovazioni-e-sostenibilita-nel-settore-avicolo-una-guida-all-evoluzione-del-mercato/ HTTP/1.1" 200 38934 "-" "Mozilla/5.0 (compatible; AwarioBot/1.0; +https://awario.com/bots.html)"
65.21.113.204 - - [02/Aug/2026:12:56:28 -0400] "GET /innovazioni-e-tendenze-nei-giochi-di-slot-un-analisi-profonda/ HTTP/1.1" 200 38793 "-" "Mozilla/5.0 (compatible; AwarioBot/1.0; +https://awario.com/bots.html)"
65.21.113.204 - - [02/Aug/2026:12:56:34 -0400] "GET /innovazioni-e-tendenze-nel-settore-delle-slot-online-un-analisi-approfondita-2/ HTTP/1.1" 200 38908 "-" "Mozilla/5.0 (compatible; AwarioBot/1.0; +https://awario.com/bots.html)"
65.21.113.204 - - [02/Aug/2026:12:56:40 -0400] "GET /innovazioni-e-tendenze-nel-settore-delle-slot-online-un-analisi-approfondita-3/ HTTP/1.1" 200 38981 "-" "Mozilla/5.0 (compatible; AwarioBot/1.0; +https://awario.com/bots.html)"
65.21.113.204 - - [02/Aug/2026:12:56:46 -0400] "GET /innovazioni-e-tendenze-nel-settore-delle-slot-online-un-analisi-approfondita/ HTTP/1.1" 200 38984 "-" "Mozilla/5.0 (compatible; AwarioBot/1.0; +https://awario.com/bots.html)"
65.21.113.204 - - [02/Aug/2026:12:47:27 -0400] "GET /the-evolution-and-strategic-significance-of-free-spin-bonuses-in-online-slot-gaming/ HTTP/1.1" 200 39337 "-" "Mozilla/5.0 (compatible; AwarioBot/1.0; +https://awario.com/bots.html)"
65.21.113.204 - - [02/Aug/2026:12:47:33 -0400] "GET /the-evolution-of-bonus-features-in-online-casinos-and-their-impact-on-player-engagement/ HTTP/1.1" 200 39229 "-" "Mozilla/5.0 (compatible; AwarioBot/1.0; +https://awario.com/bots.html)"
65.21.113.204 - - [02/Aug/2026:12:47:41 -0400] "GET /analisi-approfondita-dei-migliori-casino-non-aams/ HTTP/1.1" 200 36869 "-" "Mozilla/5.0 (compatible; AwarioBot/1.0; +https://awario.com/bots.html)"
65.21.113.204 - - [02/Aug/2026:12:47:43 -0400] "GET /the-evolution-of-fish-themed-slot-games-innovation-engagement-and-industry-insights/ HTTP/1.1" 200 39099 "-" "Mozilla/5.0 (compatible; AwarioBot/1.0; +https://awario.com/bots.html)"
65.21.113.204 - - [02/Aug/2026:12:50:22 -0400] "GET /robots.txt HTTP/1.1" 200 70 "-" "Mozilla/5.0 (compatible; AwarioBot/1.0; +https://awario.com/bots.html)"
65.21.113.204 - - [02/Aug/2026:12:54:26 -0400] "GET /robots.txt HTTP/1.1" 200 70 "-" "Mozilla/5.0 (compatible; AwarioBot/1.0; +https://awario.com/bots.html)"
156.232.88.6 - - [02/Aug/2026:12:47:11 -0400] "POST /wp-cron.php?doing_wp_cron=1785689231.6500880718231201171875 HTTP/1.1" 200 0 "-" "WordPress/7.0.2; https://sonogahotels.com"
43.164.190.124 - - [02/Aug/2026:12:47:58 -0400] "GET /wp-json/oembed/1.0/embed?url=https%3A%2F%2Fsonogahotels.com%2F&format=xml HTTP/1.1" 200 1110 "-" "Mozilla/5.0 (iPhone; CPU iPhone OS 13_2_3 like Mac OS X) AppleWebKit/605.1.15 (KHTML, like Gecko) Version/13.0.3 Mobile/15E148 Safari/604.1"
157.55.39.9 - - [02/Aug/2026:12:48:43 -0400] "GET /products/829115224001 HTTP/2" 301 0 "-" "Mozilla/5.0 AppleWebKit/537.36 (KHTML, like Gecko; compatible; bingbot/2.0; +http://www.bing.com/bingbot.htm) Chrome/116.0.1938.76 Safari/537.36"
156.232.88.6 - - [02/Aug/2026:12:50:11 -0400] "POST /wp-cron.php?doing_wp_cron=1785689411.4513590335845947265625 HTTP/1.1" 200 0 "-" "WordPress/7.0.2; https://sonogahotels.com"
65.21.113.204 - - [02/Aug/2026:12:50:24 -0400] "GET /the-ultimate-overview-to-popular-online-slots/ HTTP/1.1" 200 38158 "-" "Mozilla/5.0 (compatible; AwarioBot/1.0; +https://awario.com/bots.html)"
65.21.113.204 - - [02/Aug/2026:12:52:19 -0400] "GET /free-online-live-roulette-video-game-a-fun-and-exciting-method-to-play-gambling-establishment-games/feed/ HTTP/1.1" 200 545 "-" "Mozilla/5.0 (compatible; AwarioBot/1.0; +https://awario.com/bots.html)"
169.58.39.192 - - [02/Aug/2026:12:53:34 -0400] "GET /wp-admin/network/ HTTP/1.1" 302 0 "binance.com" "Mozilla/5.0 (Windows NT 10.0; Win64; x64) AppleWebKit/537.36 (KHTML, like Gecko) Chrome/90.0.4430.85 Safari/537.36"
169.58.39.192 - - [02/Aug/2026:12:53:42 -0400] "GET /wp-login.php?redirect_to=https%3A%2F%2Fsonogahotels.com%2Fwp-admin%2Fnetwork%2F&reauth=1 HTTP/1.1" 200 10371 "binance.com" "Mozilla/5.0 (Windows NT 10.0; Win64; x64) AppleWebKit/537.36 (KHTML, like Gecko) Chrome/90.0.4430.85 Safari/537.36"
156.232.88.6 - - [02/Aug/2026:12:54:12 -0400] "POST /wp-cron.php?doing_wp_cron=1785689652.1559309959411621093750 HTTP/1.1" 200 0 "-" "WordPress/7.0.2; https://sonogahotels.com"
65.21.113.204 - - [02/Aug/2026:12:49:38 -0400] "GET /de-strategische-benadering-van-starburst-tips-en-inzichten-voor-serieuze-spelers/ HTTP/1.1" 200 38990 "-" "Mozilla/5.0 (compatible; AwarioBot/1.0; +https://awario.com/bots.html)"
65.21.113.204 - - [02/Aug/2026:12:49:43 -0400] "GET /the-rise-of-online-free-slot-gaming-trends-trust-and-technology/ HTTP/1.1" 200 39683 "-" "Mozilla/5.0 (compatible; AwarioBot/1.0; +https://awario.com/bots.html)"
65.21.113.204 - - [02/Aug/2026:12:49:48 -0400] "GET /deciphering-wild-symbols-in-slot-games-an-expert-overview-with-insights-from-eye-of-horus/ HTTP/1.1" 200 39001 "-" "Mozilla/5.0 (compatible; AwarioBot/1.0; +https://awario.com/bots.html)"
156.232.88.6 - - [02/Aug/2026:12:51:15 -0400] "POST /wp-cron.php?doing_wp_cron=1785689475.4764349460601806640625 HTTP/1.1" 200 0 "-" "WordPress/7.0.2; https://sonogahotels.com"
156.232.88.6 - - [02/Aug/2026:12:53:16 -0400] "POST /wp-cron.php?doing_wp_cron=1785689595.8707048892974853515625 HTTP/1.1" 200 0 "-" "WordPress/7.0.2; https://sonogahotels.com"
65.21.113.204 - - [02/Aug/2026:12:53:22 -0400] "GET /services/family-kids-services/feed/ HTTP/1.1" 200 463 "-" "Mozilla/5.0 (compatible; AwarioBot/1.0; +https://awario.com/bots.html)"
65.21.113.204 - - [02/Aug/2026:12:53:26 -0400] "GET /h1-your-first-steps-with-ripper-casino-online-a-practical-guide-for-australian-players-h1/ HTTP/1.1" 200 40985 "-" "Mozilla/5.0 (compatible; AwarioBot/1.0; +https://awario.com/bots.html)"
65.21.113.204 - - [02/Aug/2026:12:53:33 -0400] "GET /hello-world/ HTTP/1.1" 200 36850 "-" "Mozilla/5.0 (compatible; AwarioBot/1.0; +https://awario.com/bots.html)"
65.21.113.204 - - [02/Aug/2026:12:53:38 -0400] "GET /services/transport-services/feed/ HTTP/1.1" 200 449 "-" "Mozilla/5.0 (compatible; AwarioBot/1.0; +https://awario.com/bots.html)"
65.21.113.204 - - [02/Aug/2026:12:53:45 -0400] "GET /how-do-you-select-games-casinos-for-free-that-bring-you-money/ HTTP/1.1" 200 36549 "-" "Mozilla/5.0 (compatible; AwarioBot/1.0; +https://awario.com/bots.html)"
65.21.113.204 - - [02/Aug/2026:12:53:50 -0400] "GET /hur-svenska-casino-plattformar-uppmuntrar-ansvarsfullt-spelande/ HTTP/1.1" 200 37287 "-" "Mozilla/5.0 (compatible; AwarioBot/1.0; +https://awario.com/bots.html)"
156.232.88.6 - - [02/Aug/2026:12:55:15 -0400] "POST /wp-cron.php?doing_wp_cron=1785689715.3620429039001464843750 HTTP/1.1" 200 0 "-" "WordPress/7.0.2; https://sonogahotels.com"
65.21.113.204 - - [02/Aug/2026:12:52:51 -0400] "GET /glcyin-artirilmis-realliq-xususiyytlri-pinco-da/ HTTP/1.1" 200 39369 "-" "Mozilla/5.0 (compatible; AwarioBot/1.0; +https://awario.com/bots.html)"
65.21.113.204 - - [02/Aug/2026:12:52:58 -0400] "GET /services/business-services/feed/ HTTP/1.1" 200 449 "-" "Mozilla/5.0 (compatible; AwarioBot/1.0; +https://awario.com/bots.html)"
65.21.113.204 - - [02/Aug/2026:12:53:02 -0400] "GET /glucksspiele-bei-beastino-casino/ HTTP/1.1" 200 36744 "-" "Mozilla/5.0 (compatible; AwarioBot/1.0; +https://awario.com/bots.html)"
156.232.88.6 - - [02/Aug/2026:12:56:14 -0400] "POST /wp-cron.php?doing_wp_cron=1785689774.2960810661315917968750 HTTP/1.1" 200 0 "-" "WordPress/7.0.2; https://sonogahotels.com"
65.21.113.204 - - [02/Aug/2026:12:48:19 -0400] "GET /robots.txt HTTP/1.1" 200 70 "-" "Mozilla/5.0 (compatible; AwarioBot/1.0; +https://awario.com/bots.html)"
52.167.144.205 - - [02/Aug/2026:12:44:58 -0400] "GET /products/54411588848 HTTP/2" 301 0 "-" "Mozilla/5.0 AppleWebKit/537.36 (KHTML, like Gecko; compatible; bingbot/2.0; +http://www.bing.com/bingbot.htm) Chrome/116.0.1938.76 Safari/537.36"
156.232.88.6 - - [02/Aug/2026:12:48:12 -0400] "POST /wp-cron.php?doing_wp_cron=1785689292.1599330902099609375000 HTTP/1.1" 200 0 "-" "WordPress/7.0.2; https://sonogahotels.com"
156.232.88.6 - - [02/Aug/2026:12:52:13 -0400] "POST /wp-cron.php?doing_wp_cron=1785689533.4109160900115966796875 HTTP/1.1" 200 0 "-" "WordPress/7.0.2; https://sonogahotels.com"
65.21.113.204 - - [02/Aug/2026:12:52:53 -0400] "GET /ruleta-con-giros-gratis-sin-registro-la-emocion-de-jugar-sin-compromiso/feed/ HTTP/1.1" 200 510 "-" "Mozilla/5.0 (compatible; AwarioBot/1.0; +https://awario.com/bots.html)"
65.21.113.204 - - [02/Aug/2026:12:52:57 -0400] "GET /glucksspiel-erfolge-bei-betjordan-casino/ HTTP/1.1" 200 36744 "-" "Mozilla/5.0 (compatible; AwarioBot/1.0; +https://awario.com/bots.html)"
65.21.113.204 - - [02/Aug/2026:12:53:04 -0400] "GET /services/entertainment-activities/feed/ HTTP/1.1" 200 465 "-" "Mozilla/5.0 (compatible; AwarioBot/1.0; +https://awario.com/bots.html)"
65.21.113.204 - - [02/Aug/2026:12:53:07 -0400] "GET /guia-para-elegir-casinos-online-confiables-en-argentina/ HTTP/1.1" 200 41152 "-" "Mozilla/5.0 (compatible; AwarioBot/1.0; +https://awario.com/bots.html)"
65.21.113.204 - - [02/Aug/2026:12:53:13 -0400] "GET /h1-kingmaker-casino-where-aussie-luck-meets-digital-royalty-h1/ HTTP/1.1" 200 42082 "-" "Mozilla/5.0 (compatible; AwarioBot/1.0; +https://awario.com/bots.html)"
65.21.113.204 - - [02/Aug/2026:12:53:16 -0400] "GET /services/event-celebration-services/feed/ HTTP/1.1" 200 467 "-" "Mozilla/5.0 (compatible; AwarioBot/1.0; +https://awario.com/bots.html)"
65.21.113.204 - - [02/Aug/2026:12:53:19 -0400] "GET /h1-rocketplay-casino-online-australia-a-beginner-s-guide-to-playing-smart-h1/ HTTP/1.1" 200 41526 "-" "Mozilla/5.0 (compatible; AwarioBot/1.0; +https://awario.com/bots.html)"
65.21.113.204 - - [02/Aug/2026:12:53:27 -0400] "GET /services/food-dining-services/feed/ HTTP/1.1" 200 464 "-" "Mozilla/5.0 (compatible; AwarioBot/1.0; +https://awario.com/bots.html)"
65.21.113.204 - - [02/Aug/2026:12:53:33 -0400] "GET /services/housekeeping-convenience/feed/ HTTP/1.1" 200 467 "-" "Mozilla/5.0 (compatible; AwarioBot/1.0; +https://awario.com/bots.html)"
65.21.113.204 - - [02/Aug/2026:12:53:39 -0400] "GET /hesab-tarixcsi-v-mliyyatlarin-izlnmsi-ucun-pinco-ttbiqi-genis-icmal/ HTTP/1.1" 200 37218 "-" "Mozilla/5.0 (compatible; AwarioBot/1.0; +https://awario.com/bots.html)"
65.21.113.204 - - [02/Aug/2026:12:53:44 -0400] "GET /services/wellness-relaxation/feed/ HTTP/1.1" 200 459 "-" "Mozilla/5.0 (compatible; AwarioBot/1.0; +https://awario.com/bots.html)"
65.21.113.204 - - [02/Aug/2026:12:56:28 -0400] "GET /robots.txt HTTP/1.1" 200 70 "-" "Mozilla/5.0 (compatible; AwarioBot/1.0; +https://awario.com/bots.html)"
65.21.113.204 - - [02/Aug/2026:12:50:30 -0400] "GET /die-zukunft-der-online-slot-industrie-trends-innovationen-und-bewahrte-strategien/ HTTP/1.1" 200 39243 "-" "Mozilla/5.0 (compatible; AwarioBot/1.0; +https://awario.com/bots.html)"
65.21.113.204 - - [02/Aug/2026:12:50:34 -0400] "GET /discover-the-best-neteller-casinos-for-a-smooth-gaming-experience/ HTTP/1.1" 200 37212 "-" "Mozilla/5.0 (compatible; AwarioBot/1.0; +https://awario.com/bots.html)"
65.21.113.204 - - [02/Aug/2026:12:50:39 -0400] "GET /eksklusiiviset-kasinobonukset-asiantuntija-artikkeli/ HTTP/1.1" 200 36040 "-" "Mozilla/5.0 (compatible; AwarioBot/1.0; +https://awario.com/bots.html)"
65.21.113.204 - - [02/Aug/2026:12:50:45 -0400] "GET /el-auge-de-las-tragamonedas-online-en-argentina-una-mirada-en-profundidad/ HTTP/1.1" 200 38952 "-" "Mozilla/5.0 (compatible; AwarioBot/1.0; +https://awario.com/bots.html)"
65.21.113.204 - - [02/Aug/2026:12:50:49 -0400] "GET /elevating-gaming-experience-the-enduring-legacy-of-classic-slot-machines-2/ HTTP/1.1" 200 38836 "-" "Mozilla/5.0 (compatible; AwarioBot/1.0; +https://awario.com/bots.html)"
65.21.113.204 - - [02/Aug/2026:12:50:56 -0400] "GET /elevating-gaming-experience-the-enduring-legacy-of-classic-slot-machines/ HTTP/1.1" 200 38810 "-" "Mozilla/5.0 (compatible; AwarioBot/1.0; +https://awario.com/bots.html)"
65.21.113.204 - - [02/Aug/2026:12:50:59 -0400] "GET /trial-casino-slot-machines-the-ultimate-overview-to-betting-free/ HTTP/1.1" 200 37020 "-" "Mozilla/5.0 (compatible; AwarioBot/1.0; +https://awario.com/bots.html)"
65.21.113.204 - - [02/Aug/2026:12:51:06 -0400] "GET /emerging-trends-in-digital-gaming-analyzing-the-impact-of-free-demo-platforms/ HTTP/1.1" 200 39414 "-" "Mozilla/5.0 (compatible; AwarioBot/1.0; +https://awario.com/bots.html)"
65.21.113.204 - - [02/Aug/2026:12:51:13 -0400] "GET /understanding-the-digital-resurrection-of-slot-machine-classics-the-case-of-fishin-frenzy/ HTTP/1.1" 200 38971 "-" "Mozilla/5.0 (compatible; AwarioBot/1.0; +https://awario.com/bots.html)"
65.21.113.204 - - [02/Aug/2026:12:51:30 -0400] "GET /voodoo-fortune-slots/ HTTP/1.1" 200 39241 "-" "Mozilla/5.0 (compatible; AwarioBot/1.0; +https://awario.com/bots.html)"
65.21.113.204 - - [02/Aug/2026:12:51:38 -0400] "GET /emerging-trends-in-online-slot-releases-an-industry-perspective/ HTTP/1.1" 200 39208 "-" "Mozilla/5.0 (compatible; AwarioBot/1.0; +https://awario.com/bots.html)"
65.21.113.204 - - [02/Aug/2026:12:51:45 -0400] "GET /exists-any-type-of-online-gambling-establishments-that-take-paypal/ HTTP/1.1" 200 37009 "-" "Mozilla/5.0 (compatible; AwarioBot/1.0; +https://awario.com/bots.html)"
65.21.113.204 - - [02/Aug/2026:12:51:53 -0400] "GET /wyjatkowe-promocje-w-kasyno-blik-online-blik-jako-klucz/ HTTP/1.1" 200 37097 "-" "Mozilla/5.0 (compatible; AwarioBot/1.0; +https://awario.com/bots.html)"
65.21.113.204 - - [02/Aug/2026:12:51:58 -0400] "GET /yeni-baslayanlar-ucun-pinco-apk-indirm-qurasdirma-prosesi/ HTTP/1.1" 200 36852 "-" "Mozilla/5.0 (compatible; AwarioBot/1.0; +https://awario.com/bots.html)"
65.21.113.204 - - [02/Aug/2026:12:52:04 -0400] "GET /%D0%BA%D0%B0%D0%B7%D0%B0%D1%85%D1%81%D1%82%D0%B0%D0%BD%D1%81%D0%BA%D0%B8%D0%B9-%D0%B3%D0%B5%D0%BC%D0%B1%D0%BB%D0%B8%D0%BD%D0%B3-%D0%BA%D0%B0%D0%BA-izzi-casino-kz-%D0%BC%D0%B5%D0%BD%D1%8F%D0%B5%D1%82/ HTTP/1.1" 200 43315 "-" "Mozilla/5.0 (compatible; AwarioBot/1.0; +https://awario.com/bots.html)"
65.21.113.204 - - [02/Aug/2026:12:52:11 -0400] "GET /find-your-best-australian-online-casino-for-real-money-games/ HTTP/1.1" 200 41165 "-" "Mozilla/5.0 (compatible; AwarioBot/1.0; +https://awario.com/bots.html)"
65.21.113.204 - - [02/Aug/2026:12:56:52 -0400] "GET /innovazioni-nel-gaming-indie-la-crescita-del-gioco-di-categoria-e-l-importanza-delle-demo-interattive/ HTTP/1.1" 200 39590 "-" "Mozilla/5.0 (compatible; AwarioBot/1.0; +https://awario.com/bots.html)"
65.21.113.204 - - [02/Aug/2026:12:56:56 -0400] "GET /innovazioni-nel-gioco-d-azzardo-online-la-sicurezza-e-l-affidabilita-attraverso-soluzioni-avanzate/ HTTP/1.1" 200 39123 "-" "Mozilla/5.0 (compatible; AwarioBot/1.0; +https://awario.com/bots.html)"
65.21.113.204 - - [02/Aug/2026:12:57:02 -0400] "GET /jake-mostbet-bonusy-jsou-k-dispozici-pro-sportovni-sazky/ HTTP/1.1" 200 34648 "-" "Mozilla/5.0 (compatible; AwarioBot/1.0; +https://awario.com/bots.html)"
65.21.113.204 - - [02/Aug/2026:12:57:07 -0400] "GET /juegos-de-azar-en-el-casino-everygame/ HTTP/1.1" 200 37156 "-" "Mozilla/5.0 (compatible; AwarioBot/1.0; +https://awario.com/bots.html)"
65.21.113.204 - - [02/Aug/2026:12:57:14 -0400] "GET /kak-1xbet-ispolzuet-spetsialnye-stavki-dlia-prognozirovaniia-politicheskikh-sobytii/ HTTP/1.1" 200 39621 "-" "Mozilla/5.0 (compatible; AwarioBot/1.0; +https://awario.com/bots.html)"
65.21.113.204 - - [02/Aug/2026:12:57:20 -0400] "GET /kak-1xbet-skachat-s-funktsiei-bystroi-stavki-dlia-udobstva-igry/ HTTP/1.1" 200 38535 "-" "Mozilla/5.0 (compatible; AwarioBot/1.0; +https://awario.com/bots.html)"
65.21.113.204 - - [02/Aug/2026:12:57:27 -0400] "GET /kak-ispolzovat-knigi-stavok-v-1khbet-kazino/ HTTP/1.1" 200 37879 "-" "Mozilla/5.0 (compatible; AwarioBot/1.0; +https://awario.com/bots.html)"
65.21.113.204 - - [02/Aug/2026:12:57:33 -0400] "GET /kak-izbezhat-narushenii-multi-akkaunty-i-pravila-1xbet/ HTTP/1.1" 200 38182 "-" "Mozilla/5.0 (compatible; AwarioBot/1.0; +https://awario.com/bots.html)"
65.21.113.204 - - [02/Aug/2026:12:57:40 -0400] "GET /la-fiesta-casino-lata-lyckan-vanta-i-spinnets-fangelse/ HTTP/1.1" 200 37141 "-" "Mozilla/5.0 (compatible; AwarioBot/1.0; +https://awario.com/bots.html)"
65.21.113.204 - - [02/Aug/2026:12:57:45 -0400] "GET /la-gestione-della-privacy-nelle-attivita-di-pesca-sul-ghiaccio-un-aspetto-chiave-di-trasparenza-e-fiducia/ HTTP/1.1" 200 39308 "-" "Mozilla/5.0 (compatible; AwarioBot/1.0; +https://awario.com/bots.html)"
65.21.113.204 - - [02/Aug/2026:12:57:52 -0400] "GET /la-sicurezza-e-la-legittimita-nei-casino-online-italiani-l-importanza-delle-certificazioni-e-delle-piattaforme-affidabili/ HTTP/1.1" 200 39219 "-" "Mozilla/5.0 (compatible; AwarioBot/1.0; +https://awario.com/bots.html)"
65.21.113.204 - - [02/Aug/2026:12:57:57 -0400] "GET /lacis-bigerzi-kasino/ HTTP/1.1" 200 35464 "-" "Mozilla/5.0 (compatible; AwarioBot/1.0; +https://awario.com/bots.html)"
65.21.113.204 - - [02/Aug/2026:12:58:03 -0400] "GET /le-strategie-di-promozione-e-il-valore-delle-offerte-esclusive-nel-mercato-dei-giochi-di-carte-digitali/ HTTP/1.1" 200 39253 "-" "Mozilla/5.0 (compatible; AwarioBot/1.0; +https://awario.com/bots.html)"
65.21.113.204 - - [02/Aug/2026:12:58:08 -0400] "GET /le-tendenze-emergenti-nei-giochi-di-slot-con-tema-animali-analisi-di-mercato-e-innovazioni-2/ HTTP/1.1" 200 39172 "-" "Mozilla/5.0 (compatible; AwarioBot/1.0; +https://awario.com/bots.html)"
156.232.88.6 - - [02/Aug/2026:12:58:15 -0400] "POST /wp-cron.php?doing_wp_cron=1785689895.7681319713592529296875 HTTP/1.1" 200 0 "-" "WordPress/7.0.2; https://sonogahotels.com"
65.21.113.204 - - [02/Aug/2026:12:58:13 -0400] "GET /le-tendenze-emergenti-nei-giochi-di-slot-con-tema-animali-analisi-di-mercato-e-innovazioni/ HTTP/1.1" 200 39156 "-" "Mozilla/5.0 (compatible; AwarioBot/1.0; +https://awario.com/bots.html)"
65.21.113.204 - - [02/Aug/2026:12:58:18 -0400] "GET /le-tendenze-emergenti-nel-gaming-mobile-un-analisi-approfondita/ HTTP/1.1" 200 38896 "-" "Mozilla/5.0 (compatible; AwarioBot/1.0; +https://awario.com/bots.html)"
65.21.113.204 - - [02/Aug/2026:12:58:25 -0400] "GET /leading-online-online-casinos-that-approve-bitcoin-deposits-a-comprehensive-overview/ HTTP/1.1" 200 37054 "-" "Mozilla/5.0 (compatible; AwarioBot/1.0; +https://awario.com/bots.html)"
65.21.113.204 - - [02/Aug/2026:12:58:31 -0400] "GET /leading-rated-gambling-enterprises-an-overview-to-the-most-effective-gambling-experiences/ HTTP/1.1" 200 37534 "-" "Mozilla/5.0 (compatible; AwarioBot/1.0; +https://awario.com/bots.html)"
65.21.113.204 - - [02/Aug/2026:12:58:36 -0400] "GET /legzo-casino-%d0%b7%d0%b5%d1%80%d0%ba%d0%b0%d0%bb%d0%be-%d0%ba%d0%b0%d0%ba-%d0%be%d1%81%d1%82%d0%b0%d0%b2%d0%b0%d1%82%d1%8c%d1%81%d1%8f-%d0%b2-%d0%b8%d0%b3%d1%80%d0%b5-%d0%ba%d0%be%d0%b3%d0%b4%d0%b0/ HTTP/1.1" 200 43995 "-" "Mozilla/5.0 (compatible; AwarioBot/1.0; +https://awario.com/bots.html)"
65.21.113.204 - - [02/Aug/2026:12:58:41 -0400] "GET /les-meilleurs-casinos-avec-un-depot-minimum-de-10-euros/ HTTP/1.1" 200 35436 "-" "Mozilla/5.0 (compatible; AwarioBot/1.0; +https://awario.com/bots.html)"
65.21.113.204 - - [02/Aug/2026:12:58:46 -0400] "GET /les-strategies-innovantes-dans-l-industrie-des-jeux-de-hasard-en-ligne/ HTTP/1.1" 200 39258 "-" "Mozilla/5.0 (compatible; AwarioBot/1.0; +https://awario.com/bots.html)"
65.21.113.204 - - [02/Aug/2026:12:58:51 -0400] "GET /les-tendances-innovantes-dans-le-secteur-du-jeu-video-focus-sur-aviamasters-2-et-son-impact-strategique/ HTTP/1.1" 200 39393 "-" "Mozilla/5.0 (compatible; AwarioBot/1.0; +https://awario.com/bots.html)"
65.21.113.204 - - [02/Aug/2026:12:58:59 -0400] "GET /lokalne-kasyno-online-pl-wszystko-o-platnosciach-blik/ HTTP/1.1" 200 36797 "-" "Mozilla/5.0 (compatible; AwarioBot/1.0; +https://awario.com/bots.html)"
34.206.212.24 - - [02/Aug/2026:12:59:02 -0400] "GET /programa-de-fidelidade-roleta-cassino-ao-vivo-tudo-o-que-voce-precisa-saber/ HTTP/1.1" 200 36255 "-" "Mozilla/5.0 AppleWebKit/537.36 (KHTML, like Gecko; compatible; Amazonbot/0.1; +https://developer.amazon.com/support/amazonbot) Chrome/119.0.6045.214 Safari/537.36"
65.21.113.204 - - [02/Aug/2026:12:59:04 -0400] "GET /lor-de-la-chance-au-7gold-casino/ HTTP/1.1" 200 36883 "-" "Mozilla/5.0 (compatible; AwarioBot/1.0; +https://awario.com/bots.html)"
91.86.16.6 - - [02/Aug/2026:12:59:05 -0400] "POST /wp-login.php HTTP/2" 200 9288 "https://sonogahotels.com.deconnect.com.ng/wp-login.php" "Mozilla/5.0 (Windows NT 10.0; Win64; x64) AppleWebKit/537.36 (KHTML, like Gecko) Chrome/150.0.0.0 Safari/537.36"
65.21.113.204 - - [02/Aug/2026:12:59:10 -0400] "GET /lstrtyjyt-lrqmy-lmbtkr-wt-thyrh-l-sn-l-l-b-fy-mwsm-l-yd-2/ HTTP/1.1" 200 39646 "-" "Mozilla/5.0 (compatible; AwarioBot/1.0; +https://awario.com/bots.html)"
65.21.113.204 - - [02/Aug/2026:12:59:15 -0400] "GET /lstrtyjyt-lrqmy-lmbtkr-wt-thyrh-l-sn-l-l-b-fy-mwsm-l-yd-3/ HTTP/1.1" 200 39647 "-" "Mozilla/5.0 (compatible; AwarioBot/1.0; +https://awario.com/bots.html)"
65.21.113.204 - - [02/Aug/2026:12:59:23 -0400] "GET /lstrtyjyt-lrqmy-lmbtkr-wt-thyrh-l-sn-l-l-b-fy-mwsm-l-yd-4/ HTTP/1.1" 200 39753 "-" "Mozilla/5.0 (compatible; AwarioBot/1.0; +https://awario.com/bots.html)"
65.21.113.204 - - [02/Aug/2026:12:59:30 -0400] "GET /lstrtyjyt-lrqmy-lmbtkr-wt-thyrh-l-sn-l-l-b-fy-mwsm-l-yd/ HTTP/1.1" 200 39754 "-" "Mozilla/5.0 (compatible; AwarioBot/1.0; +https://awario.com/bots.html)"
65.21.113.204 - - [02/Aug/2026:12:59:36 -0400] "GET /luck-and-fortune-in-the-royal-rabbit-casino/ HTTP/1.1" 200 38496 "-" "Mozilla/5.0 (compatible; AwarioBot/1.0; +https://awario.com/bots.html)"
65.21.113.204 - - [02/Aug/2026:12:59:42 -0400] "GET /mastering-fish-road-strategic-insights-and-gameplay-tips-for-optimal-success/ HTTP/1.1" 200 39090 "-" "Mozilla/5.0 (compatible; AwarioBot/1.0; +https://awario.com/bots.html)"
65.21.113.204 - - [02/Aug/2026:12:59:47 -0400] "GET /mastering-online-casino-strategy-enhancing-player-experience-and-fairness/ HTTP/1.1" 200 38740 "-" "Mozilla/5.0 (compatible; AwarioBot/1.0; +https://awario.com/bots.html)"
65.21.113.204 - - [02/Aug/2026:12:59:53 -0400] "GET /maximiser-ses-gains-au-casino-strategies-et-realites/ HTTP/1.1" 200 39395 "-" "Mozilla/5.0 (compatible; AwarioBot/1.0; +https://awario.com/bots.html)"
65.21.113.204 - - [02/Aug/2026:12:59:59 -0400] "GET /maximizing-payouts-in-online-fish-shooters-navigating-jackpots-and-player-strategies/ HTTP/1.1" 200 39117 "-" "Mozilla/5.0 (compatible; AwarioBot/1.0; +https://awario.com/bots.html)"
65.21.113.204 - - [02/Aug/2026:13:00:05 -0400] "GET /menace-casino-rischi-e-premi-incerti/ HTTP/1.1" 200 36401 "-" "Mozilla/5.0 (compatible; AwarioBot/1.0; +https://awario.com/bots.html)"
65.21.113.204 - - [02/Aug/2026:13:00:10 -0400] "GET /mexico-en-el-reino-de-mi-imperio-casino/ HTTP/1.1" 200 37177 "-" "Mozilla/5.0 (compatible; AwarioBot/1.0; +https://awario.com/bots.html)"
65.21.113.204 - - [02/Aug/2026:13:00:16 -0400] "GET /modern-rulett-tippek-2026-az-online-rulett-legfrissebb-trendjei-es-tippek/ HTTP/1.1" 200 35921 "-" "Mozilla/5.0 (compatible; AwarioBot/1.0; +https://awario.com/bots.html)"
65.21.113.204 - - [02/Aug/2026:13:00:22 -0400] "GET /moderne-schutzmassnahmen-fur-historische-statten-technologie-herausforderungen-und-innovationen/ HTTP/1.1" 200 38992 "-" "Mozilla/5.0 (compatible; AwarioBot/1.0; +https://awario.com/bots.html)"
65.21.113.204 - - [02/Aug/2026:13:00:27 -0400] "GET /mostbet-szansa-na-wygrane-dzieki-unikalnym-bonusom-bez-depozytu/ HTTP/1.1" 200 34639 "-" "Mozilla/5.0 (compatible; AwarioBot/1.0; +https://awario.com/bots.html)"
65.21.113.204 - - [02/Aug/2026:13:00:34 -0400] "GET /mphb_template/room-template/ HTTP/1.1" 200 34329 "-" "Mozilla/5.0 (compatible; AwarioBot/1.0; +https://awario.com/bots.html)"
65.21.113.204 - - [02/Aug/2026:13:00:39 -0400] "GET /my-account/ HTTP/1.1" 200 34014 "-" "Mozilla/5.0 (compatible; AwarioBot/1.0; +https://awario.com/bots.html)"
65.21.113.204 - - [02/Aug/2026:13:00:44 -0400] "GET /navegar-sin-complicaciones-y-ganar-la-apuesta-sencilla-que-sorprende-en-1win/ HTTP/1.1" 200 37289 "-" "Mozilla/5.0 (compatible; AwarioBot/1.0; +https://awario.com/bots.html)"
65.21.113.204 - - [02/Aug/2026:13:00:50 -0400] "GET /navigating-4rabets-interface-feels-surprisingly-intuitive-for-newcomers/ HTTP/1.1" 200 37045 "-" "Mozilla/5.0 (compatible; AwarioBot/1.0; +https://awario.com/bots.html)"
65.21.113.204 - - [02/Aug/2026:13:00:55 -0400] "GET /navigating-deposits-with-neosurf-turns-australian-online-casinos-into-a-breeze/ HTTP/1.1" 200 37539 "-" "Mozilla/5.0 (compatible; AwarioBot/1.0; +https://awario.com/bots.html)"
65.21.113.204 - - [02/Aug/2026:13:01:01 -0400] "GET /navigating-flowerpowerredruth-feels-less-like-a-chore-and-more-like-a-botanical-adventure-waiting-to-unfurl/ HTTP/1.1" 200 37493 "-" "Mozilla/5.0 (compatible; AwarioBot/1.0; +https://awario.com/bots.html)"
65.21.113.204 - - [02/Aug/2026:13:01:07 -0400] "GET /navigating-grosvenor-slots-feels-surprisingly-intuitive-even-for-first-timers/ HTTP/1.1" 200 37010 "-" "Mozilla/5.0 (compatible; AwarioBot/1.0; +https://awario.com/bots.html)"
65.21.113.204 - - [02/Aug/2026:13:01:14 -0400] "GET /navigating-the-vibrant-world-of-best-online-pokies-australia-with-ease-and-flair/ HTTP/1.1" 200 37577 "-" "Mozilla/5.0 (compatible; AwarioBot/1.0; +https://awario.com/bots.html)"
65.21.113.204 - - [02/Aug/2026:13:01:20 -0400] "GET /nove-ceske-online-casino-a-jeho-dulezitost-pro-cesky-trh/ HTTP/1.1" 200 34562 "-" "Mozilla/5.0 (compatible; AwarioBot/1.0; +https://awario.com/bots.html)"
65.21.113.204 - - [02/Aug/2026:13:01:27 -0400] "GET /obzor-populiarnykh-slotov-v-pinko-kazino/ HTTP/1.1" 200 38509 "-" "Mozilla/5.0 (compatible; AwarioBot/1.0; +https://awario.com/bots.html)"
65.21.113.204 - - [02/Aug/2026:13:01:33 -0400] "GET /obzor-sportivnykh-stavok-na-1xbet-ofitsialnyi-sait/ HTTP/1.1" 200 40864 "-" "Mozilla/5.0 (compatible; AwarioBot/1.0; +https://awario.com/bots.html)"
65.21.113.204 - - [02/Aug/2026:13:01:38 -0400] "GET /omradeanalyse-danske-casino-uden-rofus/ HTTP/1.1" 200 36870 "-" "Mozilla/5.0 (compatible; AwarioBot/1.0; +https://awario.com/bots.html)"
