91.215.85.88 - - [02/Aug/2026:21:07:27 -0400] "GET /wp-includes/style-engine/ HTTP/1.1" 200 959 "https://sonogahotels.com/wp-includes/style-engine/" "Mozilla/5.0 (Windows NT 10.0; Win64; x64; rv:147.0) Gecko/20100101 Firefox/147.0"
52.54.95.127 - - [02/Aug/2026:21:07:33 -0400] "GET /wp-json/oembed/1.0/embed?url=https://sonogahotels.com/about-us/ HTTP/1.1" 200 1097 "-" "Mozilla/5.0 AppleWebKit/537.36 (KHTML, like Gecko; compatible; Amazonbot/0.1; +https://developer.amazon.com/support/amazonbot) Chrome/119.0.6045.214 Safari/537.36"
136.144.43.22 - - [02/Aug/2026:21:08:57 -0400] "POST /wp-login.php HTTP/1.1" 200 10469 "-" "Mozilla/5.0 (Windows NT 10.0; Win64; x64) AppleWebKit/537.36 Chrome/129.0.0.0 Safari/537.36"
91.215.85.88 - - [02/Aug/2026:21:01:13 -0400] "GET /wp-includes/ai-client.php HTTP/1.1" 200 0 "https://sonogahotels.com/wp-includes/ai-client.php" "Mozilla/5.0 (Windows NT 10.0; Win64; x64; rv:147.0) Gecko/20100101 Firefox/147.0"
52.167.144.25 - - [02/Aug/2026:21:02:05 -0400] "GET /products/99311557635 HTTP/2" 301 0 "-" "Mozilla/5.0 AppleWebKit/537.36 (KHTML, like Gecko; compatible; bingbot/2.0; +http://www.bing.com/bingbot.htm) Chrome/116.0.1938.76 Safari/537.36"
91.215.85.88 - - [02/Aug/2026:21:02:20 -0400] "GET /wp-includes/view-transitions.php HTTP/1.1" 200 0 "https://sonogahotels.com/wp-includes/view-transitions.php" "Mozilla/5.0 (Windows NT 10.0; Win64; x64; rv:147.0) Gecko/20100101 Firefox/147.0"
91.215.85.88 - - [02/Aug/2026:21:02:36 -0400] "GET /wp-includes/abilities-api/ HTTP/1.1" 200 915 "https://sonogahotels.com/wp-includes/abilities-api/" "Mozilla/5.0 (Windows NT 10.0; Win64; x64; rv:147.0) Gecko/20100101 Firefox/147.0"
91.215.85.88 - - [02/Aug/2026:21:02:43 -0400] "GET /wp-includes/ai-client/ HTTP/1.1" 200 913 "https://sonogahotels.com/wp-includes/ai-client/" "Mozilla/5.0 (Windows NT 10.0; Win64; x64; rv:147.0) Gecko/20100101 Firefox/147.0"
148.113.130.187 - - [02/Aug/2026:21:03:08 -0400] "GET /post-type-mphb_room_type-sitemap-1.xml HTTP/2" 200 386 "-" "Mozilla/5.0 (compatible; AhrefsBot/7.0; +http://ahrefs.com/robot/)"
156.232.88.6 - - [02/Aug/2026:21:03:14 -0400] "POST /wp-cron.php?doing_wp_cron=1785718994.8341410160064697265625 HTTP/1.1" 200 0 "-" "WordPress/7.0.2; https://sonogahotels.com"
142.44.233.80 - - [02/Aug/2026:21:03:30 -0400] "GET /taxonomy-type-category-sitemap-1.xml HTTP/2" 200 300 "-" "Mozilla/5.0 (compatible; AhrefsBot/7.0; +http://ahrefs.com/robot/)"
91.215.85.88 - - [02/Aug/2026:21:06:33 -0400] "GET /wp-includes/php-compat/ HTTP/1.1" 200 780 "https://sonogahotels.com/wp-includes/php-compat/" "Mozilla/5.0 (Windows NT 10.0; Win64; x64; rv:147.0) Gecko/20100101 Firefox/147.0"
91.215.85.88 - - [02/Aug/2026:21:07:07 -0400] "GET /wp-includes/SimplePie/ HTTP/1.1" 200 869 "https://sonogahotels.com/wp-includes/SimplePie/" "Mozilla/5.0 (Windows NT 10.0; Win64; x64; rv:147.0) Gecko/20100101 Firefox/147.0"
91.215.85.88 - - [02/Aug/2026:21:07:47 -0400] "GET /wp-includes/widgets/ HTTP/1.1" 200 1839 "https://sonogahotels.com/wp-includes/widgets/" "Mozilla/5.0 (Windows NT 10.0; Win64; x64; rv:147.0) Gecko/20100101 Firefox/147.0"
91.215.85.88 - - [02/Aug/2026:21:08:12 -0400] "GET /wp-admin/css/colors/coffee/ HTTP/1.1" 200 908 "https://sonogahotels.com/wp-admin/css/colors/coffee/" "Mozilla/5.0 (Windows NT 10.0; Win64; x64; rv:147.0) Gecko/20100101 Firefox/147.0"
91.215.85.88 - - [02/Aug/2026:21:09:42 -0400] "GET /wp-content/languages/ HTTP/1.1" 404 33576 "https://sonogahotels.com/wp-content/languages/" "Mozilla/5.0 (Windows NT 10.0; Win64; x64; rv:147.0) Gecko/20100101 Firefox/147.0"
91.215.85.88 - - [02/Aug/2026:21:00:59 -0400] "GET / HTTP/1.1" 200 54735 "http://sonogahotels.com/" "Mozilla/5.0 (Windows NT 10.0; Win64; x64; rv:147.0) Gecko/20100101 Firefox/147.0"
91.215.85.88 - - [02/Aug/2026:21:01:33 -0400] "GET /wp-includes/class-wp-connector-registry.php HTTP/1.1" 200 0 "https://sonogahotels.com/wp-includes/class-wp-connector-registry.php" "Mozilla/5.0 (Windows NT 10.0; Win64; x64; rv:147.0) Gecko/20100101 Firefox/147.0"
40.77.167.61 - - [02/Aug/2026:21:02:19 -0400] "GET /products/10711560751 HTTP/2" 301 0 "-" "Mozilla/5.0 AppleWebKit/537.36 (KHTML, like Gecko; compatible; bingbot/2.0; +http://www.bing.com/bingbot.htm) Chrome/116.0.1938.76 Safari/537.36"
91.215.85.88 - - [02/Aug/2026:21:04:08 -0400] "GET /wp-includes/block-supports/anchor.php HTTP/1.1" 500 0 "https://sonogahotels.com/wp-includes/block-supports/anchor.php" "Mozilla/5.0 (Windows NT 10.0; Win64; x64; rv:147.0) Gecko/20100101 Firefox/147.0"
156.232.88.6 - - [02/Aug/2026:21:04:16 -0400] "POST /wp-cron.php?doing_wp_cron=1785719056.2859070301055908203125 HTTP/1.1" 200 0 "-" "WordPress/7.0.2; https://sonogahotels.com"
91.215.85.88 - - [02/Aug/2026:21:04:37 -0400] "GET /wp-includes/build/ HTTP/1.1" 200 1284 "https://sonogahotels.com/wp-includes/build/" "Mozilla/5.0 (Windows NT 10.0; Win64; x64; rv:147.0) Gecko/20100101 Firefox/147.0"
91.215.85.88 - - [02/Aug/2026:21:05:45 -0400] "GET /wp-includes/images/ HTTP/1.1" 200 2036 "https://sonogahotels.com/wp-includes/images/" "Mozilla/5.0 (Windows NT 10.0; Win64; x64; rv:147.0) Gecko/20100101 Firefox/147.0"
91.215.85.88 - - [02/Aug/2026:21:06:19 -0400] "GET /wp-includes/php-ai-client/ HTTP/1.1" 200 861 "https://sonogahotels.com/wp-includes/php-ai-client/" "Mozilla/5.0 (Windows NT 10.0; Win64; x64; rv:147.0) Gecko/20100101 Firefox/147.0"
91.215.85.88 - - [02/Aug/2026:21:06:24 -0400] "GET /wp-includes/php-ai-client/autoload.php HTTP/1.1" 200 0 "https://sonogahotels.com/wp-includes/php-ai-client/autoload.php" "Mozilla/5.0 (Windows NT 10.0; Win64; x64; rv:147.0) Gecko/20100101 Firefox/147.0"
91.215.85.88 - - [02/Aug/2026:21:06:39 -0400] "GET /wp-includes/PHPMailer/ HTTP/1.1" 200 1385 "https://sonogahotels.com/wp-includes/PHPMailer/" "Mozilla/5.0 (Windows NT 10.0; Win64; x64; rv:147.0) Gecko/20100101 Firefox/147.0"
91.215.85.88 - - [02/Aug/2026:21:07:41 -0400] "GET /wp-includes/theme-compat/ HTTP/1.1" 200 1511 "https://sonogahotels.com/wp-includes/theme-compat/" "Mozilla/5.0 (Windows NT 10.0; Win64; x64; rv:147.0) Gecko/20100101 Firefox/147.0"
91.215.85.88 - - [02/Aug/2026:21:09:07 -0400] "GET /wp-admin/js/ HTTP/1.1" 200 4242 "https://sonogahotels.com/wp-admin/js/" "Mozilla/5.0 (Windows NT 10.0; Win64; x64; rv:147.0) Gecko/20100101 Firefox/147.0"
91.215.85.88 - - [02/Aug/2026:21:01:26 -0400] "GET /wp-includes/check_db2.php HTTP/1.1" 200 0 "https://sonogahotels.com/wp-includes/check_db2.php" "Mozilla/5.0 (Windows NT 10.0; Win64; x64; rv:147.0) Gecko/20100101 Firefox/147.0"
43.165.186.188 - - [02/Aug/2026:21:01:55 -0400] "GET / HTTP/1.1" 200 54724 "http://sonogahotels.com" "Mozilla/5.0 (iPhone; CPU iPhone OS 13_2_3 like Mac OS X) AppleWebKit/605.1.15 (KHTML, like Gecko) Version/13.0.3 Mobile/15E148 Safari/604.1"
91.215.85.88 - - [02/Aug/2026:21:03:03 -0400] "GET /wp-includes/assets/ HTTP/1.1" 200 887 "https://sonogahotels.com/wp-includes/assets/" "Mozilla/5.0 (Windows NT 10.0; Win64; x64; rv:147.0) Gecko/20100101 Firefox/147.0"
54.39.136.185 - - [02/Aug/2026:21:03:02 -0400] "GET /post-type-elementor_library-sitemap-1.xml HTTP/2" 200 326 "-" "Mozilla/5.0 (compatible; AhrefsBot/7.0; +http://ahrefs.com/robot/)"
91.215.85.88 - - [02/Aug/2026:21:03:23 -0400] "GET /wp-includes/block-patterns/ HTTP/1.1" 200 1535 "https://sonogahotels.com/wp-includes/block-patterns/" "Mozilla/5.0 (Windows NT 10.0; Win64; x64; rv:147.0) Gecko/20100101 Firefox/147.0"
167.114.139.11 - - [02/Aug/2026:21:03:27 -0400] "GET /post-type-sureforms_form-sitemap-1.xml HTTP/2" 200 293 "-" "Mozilla/5.0 (compatible; AhrefsBot/7.0; +http://ahrefs.com/robot/)"
91.215.85.88 - - [02/Aug/2026:21:03:35 -0400] "GET /wp-includes/block-patterns/navigation-overlay-black-bg.php HTTP/1.1" 500 0 "https://sonogahotels.com/wp-includes/block-patterns/navigation-overlay-black-bg.php" "Mozilla/5.0 (Windows NT 10.0; Win64; x64; rv:147.0) Gecko/20100101 Firefox/147.0"
51.161.65.186 - - [02/Aug/2026:21:04:40 -0400] "GET /%D1%81%D0%BB%D0%BE%D1%82%D0%B8-%D0%B2-%D1%80%D0%BE%D1%81%D1%81%D0%B8%D0%B8-%D0%BE%D1%82-%D0%BE%D0%B4%D0%BD%D0%BE%D1%80%D1%83%D0%BA%D0%B8%D1%85-%D0%B1%D0%B0%D0%BD%D0%B4%D0%B8%D1%82%D0%BE%D0%B2/feed/ HTTP/2" 200 618 "-" "Mozilla/5.0 (compatible; AhrefsBot/7.0; +http://ahrefs.com/robot/)"
156.232.88.6 - - [02/Aug/2026:21:07:25 -0400] "POST /wp-cron.php?doing_wp_cron=1785719244.9806709289550781250000 HTTP/1.1" 200 0 "-" "WordPress/7.0.2; https://sonogahotels.com"
156.232.88.6 - - [02/Aug/2026:21:02:17 -0400] "POST /wp-cron.php?doing_wp_cron=1785718937.3719909191131591796875 HTTP/1.1" 200 0 "-" "WordPress/7.0.2; https://sonogahotels.com"
167.114.139.47 - - [02/Aug/2026:21:03:05 -0400] "GET /post-type-mphb_room_service-sitemap-1.xml HTTP/2" 200 419 "-" "Mozilla/5.0 (compatible; AhrefsBot/7.0; +http://ahrefs.com/robot/)"
91.215.85.88 - - [02/Aug/2026:21:03:17 -0400] "GET /wp-includes/block-bindings/ HTTP/1.1" 200 965 "https://sonogahotels.com/wp-includes/block-bindings/" "Mozilla/5.0 (Windows NT 10.0; Win64; x64; rv:147.0) Gecko/20100101 Firefox/147.0"
91.215.85.88 - - [02/Aug/2026:21:04:42 -0400] "GET /wp-includes/build/constants.php HTTP/1.1" 500 0 "https://sonogahotels.com/wp-includes/build/constants.php" "Mozilla/5.0 (Windows NT 10.0; Win64; x64; rv:147.0) Gecko/20100101 Firefox/147.0"
156.232.88.6 - - [02/Aug/2026:21:05:26 -0400] "POST /wp-cron.php?doing_wp_cron=1785719126.5566968917846679687500 HTTP/1.1" 200 0 "-" "WordPress/7.0.2; https://sonogahotels.com"
91.215.85.88 - - [02/Aug/2026:21:05:38 -0400] "GET /wp-includes/ID3/ HTTP/1.1" 200 1673 "https://sonogahotels.com/wp-includes/ID3/" "Mozilla/5.0 (Windows NT 10.0; Win64; x64; rv:147.0) Gecko/20100101 Firefox/147.0"
91.215.85.88 - - [02/Aug/2026:21:06:05 -0400] "GET /wp-includes/js/ HTTP/1.1" 200 4813 "https://sonogahotels.com/wp-includes/js/" "Mozilla/5.0 (Windows NT 10.0; Win64; x64; rv:147.0) Gecko/20100101 Firefox/147.0"
91.215.85.88 - - [02/Aug/2026:21:07:20 -0400] "GET /wp-includes/sodium_compat/ HTTP/1.1" 200 1373 "https://sonogahotels.com/wp-includes/sodium_compat/" "Mozilla/5.0 (Windows NT 10.0; Win64; x64; rv:147.0) Gecko/20100101 Firefox/147.0"
91.215.85.88 - - [02/Aug/2026:21:08:19 -0400] "GET /wp-admin/css/colors/ectoplasm/ HTTP/1.1" 200 907 "https://sonogahotels.com/wp-admin/css/colors/ectoplasm/" "Mozilla/5.0 (Windows NT 10.0; Win64; x64; rv:147.0) Gecko/20100101 Firefox/147.0"
91.215.85.88 - - [02/Aug/2026:21:08:33 -0400] "GET /wp-admin/css/colors/midnight/ HTTP/1.1" 200 911 "https://sonogahotels.com/wp-admin/css/colors/midnight/" "Mozilla/5.0 (Windows NT 10.0; Win64; x64; rv:147.0) Gecko/20100101 Firefox/147.0"
91.215.85.88 - - [02/Aug/2026:21:08:58 -0400] "GET /wp-admin/images/ HTTP/1.1" 200 3646 "https://sonogahotels.com/wp-admin/images/" "Mozilla/5.0 (Windows NT 10.0; Win64; x64; rv:147.0) Gecko/20100101 Firefox/147.0"
91.215.85.88 - - [02/Aug/2026:21:09:32 -0400] "GET /wp-admin/user/ HTTP/1.1" 302 0 "https://sonogahotels.com/wp-admin/user/" "Mozilla/5.0 (Windows NT 10.0; Win64; x64; rv:147.0) Gecko/20100101 Firefox/147.0"
91.215.85.88 - - [02/Aug/2026:21:09:35 -0400] "GET /wp-login.php?redirect_to=https%3A%2F%2Fsonogahotels.com%2Fwp-admin%2Fuser%2F&reauth=1 HTTP/1.1" 200 10370 "https://sonogahotels.com/wp-admin/user/" "Mozilla/5.0 (Windows NT 10.0; Win64; x64; rv:147.0) Gecko/20100101 Firefox/147.0"
91.215.85.88 - - [02/Aug/2026:21:01:07 -0400] "GET /wp-includes/ HTTP/1.1" 200 11658 "https://sonogahotels.com/wp-includes/" "Mozilla/5.0 (Windows NT 10.0; Win64; x64; rv:147.0) Gecko/20100101 Firefox/147.0"
91.215.85.88 - - [02/Aug/2026:21:01:53 -0400] "GET /wp-includes/cookie.php HTTP/1.1" 200 0 "https://sonogahotels.com/wp-includes/cookie.php" "Mozilla/5.0 (Windows NT 10.0; Win64; x64; rv:147.0) Gecko/20100101 Firefox/147.0"
167.114.139.55 - - [02/Aug/2026:21:02:51 -0400] "GET /sitemap.xml HTTP/2" 301 0 "-" "Mozilla/5.0 (compatible; AhrefsBot/7.0; +http://ahrefs.com/robot/)"
148.113.130.138 - - [02/Aug/2026:21:03:11 -0400] "GET /post-type-mphb_template-sitemap-1.xml HTTP/2" 200 293 "-" "Mozilla/5.0 (compatible; AhrefsBot/7.0; +http://ahrefs.com/robot/)"
91.215.85.88 - - [02/Aug/2026:21:03:28 -0400] "GET /wp-includes/block-patterns/navigation-overlay-accent-bg.php HTTP/1.1" 500 0 "https://sonogahotels.com/wp-includes/block-patterns/navigation-overlay-accent-bg.php" "Mozilla/5.0 (Windows NT 10.0; Win64; x64; rv:147.0) Gecko/20100101 Firefox/147.0"
23.21.62.45 - - [02/Aug/2026:21:04:13 -0400] "GET / HTTP/1.1" 200 54737 "-" "Mozilla/5.0 (Macintosh; Intel Mac OS X 10_15_7) AppleWebKit/537.36 (KHTML, like Gecko) Chrome/138.0.0.0 Safari/537.36"
91.215.85.88 - - [02/Aug/2026:21:04:56 -0400] "GET /wp-includes/build/routes.php HTTP/1.1" 500 0 "https://sonogahotels.com/wp-includes/build/routes.php" "Mozilla/5.0 (Windows NT 10.0; Win64; x64; rv:147.0) Gecko/20100101 Firefox/147.0"
100.29.164.178 - - [02/Aug/2026:21:07:22 -0400] "GET /wp-json/wp/v2/pages/1609 HTTP/1.1" 200 6772 "-" "Mozilla/5.0 AppleWebKit/537.36 (KHTML, like Gecko; compatible; Amazonbot/0.1; +https://developer.amazon.com/support/amazonbot) Chrome/119.0.6045.214 Safari/537.36"
91.215.85.88 - - [02/Aug/2026:21:07:34 -0400] "GET /wp-includes/Text/ HTTP/1.1" 200 884 "https://sonogahotels.com/wp-includes/Text/" "Mozilla/5.0 (Windows NT 10.0; Win64; x64; rv:147.0) Gecko/20100101 Firefox/147.0"
91.215.85.88 - - [02/Aug/2026:21:07:59 -0400] "GET /wp-admin/css/colors/ HTTP/1.1" 200 1350 "https://sonogahotels.com/wp-admin/css/colors/" "Mozilla/5.0 (Windows NT 10.0; Win64; x64; rv:147.0) Gecko/20100101 Firefox/147.0"
91.215.85.88 - - [02/Aug/2026:21:09:02 -0400] "GET /wp-admin/includes/ HTTP/1.1" 200 5190 "https://sonogahotels.com/wp-admin/includes/" "Mozilla/5.0 (Windows NT 10.0; Win64; x64; rv:147.0) Gecko/20100101 Firefox/147.0"
91.215.85.88 - - [02/Aug/2026:21:09:19 -0400] "GET /wp-admin/maint/ HTTP/1.1" 200 771 "https://sonogahotels.com/wp-admin/maint/" "Mozilla/5.0 (Windows NT 10.0; Win64; x64; rv:147.0) Gecko/20100101 Firefox/147.0"
91.215.85.88 - - [02/Aug/2026:21:09:23 -0400] "GET /wp-admin/network/ HTTP/1.1" 302 0 "https://sonogahotels.com/wp-admin/network/" "Mozilla/5.0 (Windows NT 10.0; Win64; x64; rv:147.0) Gecko/20100101 Firefox/147.0"
91.215.85.88 - - [02/Aug/2026:21:09:26 -0400] "GET /wp-login.php?redirect_to=https%3A%2F%2Fsonogahotels.com%2Fwp-admin%2Fnetwork%2F&reauth=1 HTTP/1.1" 200 10371 "https://sonogahotels.com/wp-admin/network/" "Mozilla/5.0 (Windows NT 10.0; Win64; x64; rv:147.0) Gecko/20100101 Firefox/147.0"
156.232.88.6 - - [02/Aug/2026:21:09:44 -0400] "POST /wp-cron.php?doing_wp_cron=1785719384.3062241077423095703125 HTTP/1.1" 200 0 "-" "WordPress/7.0.2; https://sonogahotels.com"
91.215.85.88 - - [02/Aug/2026:21:07:52 -0400] "GET /wp-admin/css/ HTTP/1.1" 200 3891 "https://sonogahotels.com/wp-admin/css/" "Mozilla/5.0 (Windows NT 10.0; Win64; x64; rv:147.0) Gecko/20100101 Firefox/147.0"
91.215.85.88 - - [02/Aug/2026:21:08:06 -0400] "GET /wp-admin/css/colors/blue/ HTTP/1.1" 200 903 "https://sonogahotels.com/wp-admin/css/colors/blue/" "Mozilla/5.0 (Windows NT 10.0; Win64; x64; rv:147.0) Gecko/20100101 Firefox/147.0"
15.235.98.57 - - [02/Aug/2026:21:08:09 -0400] "GET /listing/107141920/ HTTP/2" 404 28752 "-" "Mozilla/5.0 (compatible; AhrefsBot/7.0; +http://ahrefs.com/robot/)"
91.215.85.88 - - [02/Aug/2026:21:08:53 -0400] "GET /wp-admin/css/colors/sunrise/ HTTP/1.1" 200 908 "https://sonogahotels.com/wp-admin/css/colors/sunrise/" "Mozilla/5.0 (Windows NT 10.0; Win64; x64; rv:147.0) Gecko/20100101 Firefox/147.0"
156.232.88.6 - - [02/Aug/2026:21:09:26 -0400] "POST /wp-cron.php?doing_wp_cron=1785719366.2018721103668212890625 HTTP/1.1" 200 0 "-" "WordPress/7.0.2; https://sonogahotels.com"
47.251.82.1 - - [02/Aug/2026:21:15:33 -0400] "POST /wp-login.php HTTP/2" 200 9289 "https://sonogahotels.com.deconnect.com.ng/wp-login.php" "Mozilla/5.0 (Windows NT 10.0; Win64; x64) AppleWebKit/537.36 (KHTML, like Gecko) Chrome/150.0.0.0 Safari/537.36"
156.232.88.6 - - [02/Aug/2026:21:30:59 -0400] "POST /wp-cron.php?doing_wp_cron=1785720659.5157110691070556640625 HTTP/1.1" 200 0 "-" "WordPress/7.0.2; https://sonogahotels.com"
47.251.82.1 - - [02/Aug/2026:21:15:29 -0400] "GET /wp-login.php HTTP/2" 200 9147 "-" "Mozilla/5.0 (Windows NT 10.0; Win64; x64) AppleWebKit/537.36 (KHTML, like Gecko) Chrome/150.0.0.0 Safari/537.36"
136.144.43.11 - - [02/Aug/2026:21:26:26 -0400] "POST /wp-login.php HTTP/1.1" 200 10469 "-" "Mozilla/5.0 (Windows NT 10.0; Win64; x64) AppleWebKit/537.36 Chrome/129.0.0.0 Safari/537.36"
62.93.179.146 - - [02/Aug/2026:21:18:44 -0400] "GET /.env HTTP/2" 404 28763 "-" "Mozilla/5.0 (iPhone; CPU iPhone OS 18_7 like Mac OS X) AppleWebKit/605.1.15 (KHTML, like Gecko) FxiOS/148.0 Mobile/15E148 Safari/605.1.15"
156.232.88.6 - - [02/Aug/2026:21:22:14 -0400] "POST /wp-cron.php?doing_wp_cron=1785720134.7558889389038085937500 HTTP/1.1" 200 0 "-" "WordPress/7.0.2; https://sonogahotels.com"
156.232.88.6 - - [02/Aug/2026:21:15:31 -0400] "POST /wp-cron.php?doing_wp_cron=1785719731.1014640331268310546875 HTTP/1.1" 200 0 "-" "WordPress/7.0.2; https://sonogahotels.com"
51.68.111.243 - - [02/Aug/2026:21:30:53 -0400] "GET /robots.txt HTTP/1.1" 200 70 "-" "Mozilla/5.0 (compatible; MJ12bot/v2.0.5; http://mj12bot.com/)"
51.68.111.243 - - [02/Aug/2026:21:30:53 -0400] "GET / HTTP/1.1" 200 47949 "-" "Mozilla/5.0 (compatible; MJ12bot/v2.0.5; http://mj12bot.com/)"
156.232.88.6 - - [02/Aug/2026:21:18:47 -0400] "POST /wp-cron.php?doing_wp_cron=1785719927.1147840023040771484375 HTTP/1.1" 200 0 "-" "WordPress/7.0.2; https://sonogahotels.com"
156.232.88.6 - - [02/Aug/2026:21:26:29 -0400] "POST /wp-cron.php?doing_wp_cron=1785720389.0090360641479492187500 HTTP/1.1" 200 0 "-" "WordPress/7.0.2; https://sonogahotels.com"
212.80.9.235 - - [02/Aug/2026:21:22:12 -0400] "GET /wp-login.php HTTP/2" 200 9147 "-" "Mozilla/5.0 (Windows NT 10.0; Win64; x64) AppleWebKit/537.36 (KHTML, like Gecko) Chrome/150.0.0.0 Safari/537.36"
212.80.9.235 - - [02/Aug/2026:21:22:15 -0400] "POST /wp-login.php HTTP/2" 200 9250 "https://sonogahotels.com/wp-login.php" "Mozilla/5.0 (Windows NT 10.0; Win64; x64) AppleWebKit/537.36 (KHTML, like Gecko) Chrome/150.0.0.0 Safari/537.36"
156.232.88.6 - - [02/Aug/2026:21:36:07 -0400] "POST /wp-cron.php?doing_wp_cron=1785720967.4938809871673583984375 HTTP/1.1" 200 0 "-" "WordPress/7.0.2; https://sonogahotels.com"
156.232.88.6 - - [02/Aug/2026:21:37:31 -0400] "POST /wp-cron.php?doing_wp_cron=1785721051.1631979942321777343750 HTTP/1.1" 200 0 "-" "WordPress/7.0.2; https://sonogahotels.com"
156.232.88.6 - - [02/Aug/2026:21:44:03 -0400] "POST /wp-cron.php?doing_wp_cron=1785721443.3903460502624511718750 HTTP/1.1" 200 0 "-" "WordPress/7.0.2; https://sonogahotels.com"
156.232.88.6 - - [02/Aug/2026:21:36:13 -0400] "POST /wp-cron.php?doing_wp_cron=1785720973.7669670581817626953125 HTTP/1.1" 200 0 "-" "WordPress/7.0.2; https://sonogahotels.com"
157.66.26.183 - - [02/Aug/2026:21:36:05 -0400] "GET /wp-login.php HTTP/2" 200 9147 "-" "Mozilla/5.0 (Windows NT 10.0; Win64; x64) AppleWebKit/537.36 (KHTML, like Gecko) Chrome/150.0.0.0 Safari/537.36"
157.66.26.183 - - [02/Aug/2026:21:36:11 -0400] "POST /wp-login.php HTTP/2" 200 9250 "https://sonogahotels.com/wp-login.php" "Mozilla/5.0 (Windows NT 10.0; Win64; x64) AppleWebKit/537.36 (KHTML, like Gecko) Chrome/150.0.0.0 Safari/537.36"
136.144.43.16 - - [02/Aug/2026:21:44:01 -0400] "POST /wp-login.php HTTP/1.1" 200 10469 "-" "Mozilla/5.0 (Windows NT 10.0; Win64; x64) AppleWebKit/537.36 Chrome/129.0.0.0 Safari/537.36"
52.167.144.25 - - [02/Aug/2026:21:37:28 -0400] "GET /products/1951153937 HTTP/2" 301 0 "-" "Mozilla/5.0 AppleWebKit/537.36 (KHTML, like Gecko; compatible; bingbot/2.0; +http://www.bing.com/bingbot.htm) Chrome/116.0.1938.76 Safari/537.36"
54.86.115.253 - - [02/Aug/2026:21:42:49 -0400] "GET / HTTP/1.1" 200 12443 "-" "RecordedFuture Global Inventory Crawler"
31.220.45.74 - - [02/Aug/2026:21:51:52 -0400] "HEAD / HTTP/1.1" 301 0 "-" "Mozilla/5.0 (Windows NT 10.0; Win64; x64) AppleWebKit/537.36 (KHTML, like Gecko) Chrome/132.0.0.0 Safari/537.36"
31.220.45.74 - - [02/Aug/2026:21:51:56 -0400] "POST /xmlrpc.php HTTP/1.1" 200 728 "-" "Mozilla/5.0 (Windows NT 10.0; Win64; x64) AppleWebKit/537.36 (KHTML, like Gecko) Chrome/132.0.0.0 Safari/537.36"
31.220.45.74 - - [02/Aug/2026:21:51:58 -0400] "POST /xmlrpc.php HTTP/1.1" 200 272 "-" "Mozilla/5.0 (Windows NT 10.0; Win64; x64) AppleWebKit/537.36 (KHTML, like Gecko) Chrome/132.0.0.0 Safari/537.36"
31.220.45.74 - omale1984 [02/Aug/2026:21:52:05 -0400] "GET /wp-json/wp/v2/users/me?context=edit HTTP/1.1" 401 116 "-" "Mozilla/5.0 (Windows NT 10.0; Win64; x64) AppleWebKit/537.36 (KHTML, like Gecko) Chrome/132.0.0.0 Safari/537.36"
31.220.45.74 - - [02/Aug/2026:21:52:12 -0400] "POST /xmlrpc.php HTTP/1.1" 200 354 "-" "Mozilla/5.0 (Windows NT 10.0; Win64; x64) AppleWebKit/537.36 (KHTML, like Gecko) Chrome/132.0.0.0 Safari/537.36"
31.220.45.74 - omale1984 [02/Aug/2026:21:52:16 -0400] "GET /wp-json/wp/v2/ HTTP/1.1" 401 116 "-" "Mozilla/5.0 (Windows NT 10.0; Win64; x64) AppleWebKit/537.36 (KHTML, like Gecko) Chrome/132.0.0.0 Safari/537.36"
31.220.45.74 - - [02/Aug/2026:21:52:18 -0400] "GET /wp-json/wp/v2/posts?per_page=1&status=publish HTTP/1.1" 200 2815 "-" "Mozilla/5.0 (Windows NT 10.0; Win64; x64; rv:134.0) Gecko/20100101 Firefox/134.0"
31.220.45.74 - - [02/Aug/2026:21:52:20 -0400] "GET / HTTP/1.1" 301 0 "-" "Mozilla/5.0 (Windows NT 10.0; Win64; x64) AppleWebKit/537.36 (KHTML, like Gecko) Chrome/130.0.0.0 Safari/537.36"
216.73.216.237 - - [02/Aug/2026:21:55:20 -0400] "GET /robots.txt HTTP/2" 200 70 "-" "Mozilla/5.0 AppleWebKit/537.36 (KHTML, like Gecko; compatible; ClaudeBot/1.0; +claudebot@anthropic.com)"
216.73.216.237 - - [02/Aug/2026:21:55:21 -0400] "GET /sitemap.xml HTTP/2" 301 0 "-" "Mozilla/5.0 AppleWebKit/537.36 (KHTML, like Gecko; compatible; ClaudeBot/1.0; +claudebot@anthropic.com)"
216.73.216.237 - - [02/Aug/2026:21:55:23 -0400] "GET /wp-sitemap.xml HTTP/2" 302 0 "https://sonogahotels.com/sitemap.xml" "Mozilla/5.0 AppleWebKit/537.36 (KHTML, like Gecko; compatible; ClaudeBot/1.0; +claudebot@anthropic.com)"
216.73.216.237 - - [02/Aug/2026:21:55:25 -0400] "GET /sitemap_index.xml HTTP/2" 200 308 "https://sonogahotels.com/wp-sitemap.xml" "Mozilla/5.0 AppleWebKit/537.36 (KHTML, like Gecko; compatible; ClaudeBot/1.0; +claudebot@anthropic.com)"
136.144.43.26 - - [02/Aug/2026:22:01:38 -0400] "POST /wp-login.php HTTP/1.1" 200 10469 "-" "Mozilla/5.0 (Windows NT 10.0; Win64; x64) AppleWebKit/537.36 Chrome/129.0.0.0 Safari/537.36"
31.220.45.74 - - [02/Aug/2026:21:51:54 -0400] "HEAD / HTTP/1.1" 200 0 "-" "Mozilla/5.0 (Windows NT 10.0; Win64; x64) AppleWebKit/537.36 (KHTML, like Gecko) Chrome/132.0.0.0 Safari/537.36"
31.220.45.74 - - [02/Aug/2026:21:52:22 -0400] "GET / HTTP/1.1" 200 54971 "-" "Mozilla/5.0 (Windows NT 10.0; Win64; x64) AppleWebKit/537.36 (KHTML, like Gecko) Chrome/130.0.0.0 Safari/537.36"
156.232.88.6 - - [02/Aug/2026:21:52:12 -0400] "POST /wp-cron.php?doing_wp_cron=1785721931.9670178890228271484375 HTTP/1.1" 200 0 "-" "WordPress/7.0.2; https://sonogahotels.com"
156.232.88.6 - - [02/Aug/2026:21:51:53 -0400] "POST /wp-cron.php?doing_wp_cron=1785721913.7072820663452148437500 HTTP/1.1" 200 0 "-" "WordPress/7.0.2; https://sonogahotels.com"
156.232.88.6 - - [02/Aug/2026:21:55:23 -0400] "POST /wp-cron.php?doing_wp_cron=1785722123.6891839504241943359375 HTTP/1.1" 200 0 "-" "WordPress/7.0.2; https://sonogahotels.com"
156.232.88.6 - - [02/Aug/2026:22:01:41 -0400] "POST /wp-cron.php?doing_wp_cron=1785722500.7587509155273437500000 HTTP/1.1" 200 0 "-" "WordPress/7.0.2; https://sonogahotels.com"
43.134.38.171 - - [02/Aug/2026:22:03:57 -0400] "GET / HTTP/1.1" 200 54738 "http://www.sonogahotels.com" "Mozilla/5.0 (iPhone; CPU iPhone OS 13_2_3 like Mac OS X) AppleWebKit/605.1.15 (KHTML, like Gecko) Version/13.0.3 Mobile/15E148 Safari/604.1"
198.244.240.9 - - [02/Aug/2026:22:09:07 -0400] "GET /robots.txt HTTP/2" 200 70 "-" "Mozilla/5.0 (compatible; AhrefsBot/7.0; +http://ahrefs.com/robot/)"
207.46.13.124 - - [02/Aug/2026:22:14:31 -0400] "GET /products/54411588631 HTTP/2" 301 0 "-" "Mozilla/5.0 AppleWebKit/537.36 (KHTML, like Gecko; compatible; bingbot/2.0; +http://www.bing.com/bingbot.htm) Chrome/116.0.1938.76 Safari/537.36"
52.167.144.183 - - [02/Aug/2026:22:14:41 -0400] "GET /products/21511554955 HTTP/2" 301 0 "-" "Mozilla/5.0 AppleWebKit/537.36 (KHTML, like Gecko; compatible; bingbot/2.0; +http://www.bing.com/bingbot.htm) Chrome/116.0.1938.76 Safari/537.36"
156.232.88.6 - - [02/Aug/2026:22:09:11 -0400] "POST /wp-cron.php?doing_wp_cron=1785722951.4353690147399902343750 HTTP/1.1" 200 0 "-" "WordPress/7.0.2; https://sonogahotels.com"
156.232.88.6 - - [02/Aug/2026:22:14:34 -0400] "POST /wp-cron.php?doing_wp_cron=1785723274.0431950092315673828125 HTTP/1.1" 200 0 "-" "WordPress/7.0.2; https://sonogahotels.com"
156.232.88.6 - - [02/Aug/2026:22:19:12 -0400] "POST /wp-cron.php?doing_wp_cron=1785723552.4266629219055175781250 HTTP/1.1" 200 0 "-" "WordPress/7.0.2; https://sonogahotels.com"
148.113.130.79 - - [02/Aug/2026:22:09:09 -0400] "GET /pronosticos-de-la-copa-mundial-de-la-fifa-2022/ HTTP/2" 404 28813 "-" "Mozilla/5.0 (compatible; AhrefsBot/7.0; +http://ahrefs.com/robot/)"
136.144.43.14 - - [02/Aug/2026:22:19:08 -0400] "POST /wp-login.php HTTP/1.1" 200 10469 "-" "Mozilla/5.0 (Windows NT 10.0; Win64; x64) AppleWebKit/537.36 Chrome/129.0.0.0 Safari/537.36"
207.46.13.124 - - [02/Aug/2026:22:17:01 -0400] "GET /products/74211587400 HTTP/2" 301 0 "-" "Mozilla/5.0 AppleWebKit/537.36 (KHTML, like Gecko; compatible; bingbot/2.0; +http://www.bing.com/bingbot.htm) Chrome/116.0.1938.76 Safari/537.36"
156.232.88.6 - - [02/Aug/2026:22:14:33 -0400] "POST /wp-cron.php?doing_wp_cron=1785723273.8163878917694091796875 HTTP/1.1" 200 0 "-" "WordPress/7.0.2; https://sonogahotels.com"
156.232.88.6 - - [02/Aug/2026:22:17:03 -0400] "POST /wp-cron.php?doing_wp_cron=1785723423.5576119422912597656250 HTTP/1.1" 200 0 "-" "WordPress/7.0.2; https://sonogahotels.com"
156.232.88.6 - - [02/Aug/2026:22:29:16 -0400] "POST /wp-cron.php?doing_wp_cron=1785724156.5787041187286376953125 HTTP/1.1" 200 0 "-" "WordPress/7.0.2; https://sonogahotels.com"
156.232.88.6 - - [02/Aug/2026:22:36:39 -0400] "POST /wp-cron.php?doing_wp_cron=1785724598.8968319892883300781250 HTTP/1.1" 200 0 "-" "WordPress/7.0.2; https://sonogahotels.com"
54.39.210.26 - - [02/Aug/2026:22:36:40 -0400] "GET /post-type-mphb_room_service-sitemap-1.xml HTTP/2" 200 419 "-" "Mozilla/5.0 (compatible; AhrefsBot/7.0; +http://ahrefs.com/robot/)"
142.44.233.221 - - [02/Aug/2026:22:36:31 -0400] "GET /sitemap_index.xml HTTP/2" 200 308 "-" "Mozilla/5.0 (compatible; AhrefsBot/7.0; +http://ahrefs.com/robot/)"
54.39.0.119 - - [02/Aug/2026:22:36:37 -0400] "GET /post-type-elementor_library-sitemap-1.xml HTTP/2" 200 326 "-" "Mozilla/5.0 (compatible; AhrefsBot/7.0; +http://ahrefs.com/robot/)"
51.161.37.12 - - [02/Aug/2026:22:36:58 -0400] "GET /post-type-post-sitemap-2.xml HTTP/2" 200 4407 "-" "Mozilla/5.0 (compatible; AhrefsBot/7.0; +http://ahrefs.com/robot/)"
40.77.167.25 - - [02/Aug/2026:22:22:33 -0400] "GET /products/74211587658 HTTP/2" 301 0 "-" "Mozilla/5.0 AppleWebKit/537.36 (KHTML, like Gecko; compatible; bingbot/2.0; +http://www.bing.com/bingbot.htm) Chrome/116.0.1938.76 Safari/537.36"
40.77.167.25 - - [02/Aug/2026:22:22:35 -0400] "GET /products/10511549503 HTTP/2" 301 0 "-" "Mozilla/5.0 AppleWebKit/537.36 (KHTML, like Gecko; compatible; bingbot/2.0; +http://www.bing.com/bingbot.htm) Chrome/116.0.1938.76 Safari/537.36"
156.232.88.6 - - [02/Aug/2026:22:26:39 -0400] "POST /wp-cron.php?doing_wp_cron=1785723999.9040069580078125000000 HTTP/1.1" 200 0 "-" "WordPress/7.0.2; https://sonogahotels.com"
51.161.65.52 - - [02/Aug/2026:22:37:04 -0400] "GET /taxonomy-type-category-sitemap-1.xml HTTP/2" 200 300 "-" "Mozilla/5.0 (compatible; AhrefsBot/7.0; +http://ahrefs.com/robot/)"
40.77.167.44 - - [02/Aug/2026:22:21:53 -0400] "GET /products/544115186351 HTTP/2" 301 0 "-" "Mozilla/5.0 AppleWebKit/537.36 (KHTML, like Gecko; compatible; bingbot/2.0; +http://www.bing.com/bingbot.htm) Chrome/116.0.1938.76 Safari/537.36"
40.77.167.44 - - [02/Aug/2026:22:21:55 -0400] "GET /products/625115493185 HTTP/2" 301 0 "-" "Mozilla/5.0 AppleWebKit/537.36 (KHTML, like Gecko; compatible; bingbot/2.0; +http://www.bing.com/bingbot.htm) Chrome/116.0.1938.76 Safari/537.36"
136.144.43.15 - - [02/Aug/2026:22:36:43 -0400] "POST /wp-login.php HTTP/1.1" 200 10469 "-" "Mozilla/5.0 (Windows NT 10.0; Win64; x64) AppleWebKit/537.36 Chrome/129.0.0.0 Safari/537.36"
54.39.0.99 - - [02/Aug/2026:22:36:51 -0400] "GET /post-type-page-sitemap-1.xml HTTP/2" 200 894 "-" "Mozilla/5.0 (compatible; AhrefsBot/7.0; +http://ahrefs.com/robot/)"
54.39.89.196 - - [02/Aug/2026:22:36:54 -0400] "GET /post-type-post-sitemap-1.xml HTTP/2" 200 7347 "-" "Mozilla/5.0 (compatible; AhrefsBot/7.0; +http://ahrefs.com/robot/)"
104.244.79.40 - - [02/Aug/2026:22:29:15 -0400] "GET /wp-login.php HTTP/2" 200 9147 "-" "Mozilla/5.0 (Windows NT 10.0; Win64; x64) AppleWebKit/537.36 (KHTML, like Gecko) Chrome/150.0.0.0 Safari/537.36"
104.244.79.40 - - [02/Aug/2026:22:29:17 -0400] "POST /wp-login.php HTTP/2" 200 9250 "https://sonogahotels.com/wp-login.php" "Mozilla/5.0 (Windows NT 10.0; Win64; x64) AppleWebKit/537.36 (KHTML, like Gecko) Chrome/150.0.0.0 Safari/537.36"
156.232.88.6 - - [02/Aug/2026:22:38:28 -0400] "POST /wp-cron.php?doing_wp_cron=1785724708.3585009574890136718750 HTTP/1.1" 200 0 "-" "WordPress/7.0.2; https://sonogahotels.com"
142.44.233.221 - - [02/Aug/2026:22:36:27 -0400] "GET /sitemap.xml HTTP/2" 301 0 "-" "Mozilla/5.0 (compatible; AhrefsBot/7.0; +http://ahrefs.com/robot/)"
167.114.139.48 - - [02/Aug/2026:22:36:47 -0400] "GET /post-type-mphb_template-sitemap-1.xml HTTP/2" 200 293 "-" "Mozilla/5.0 (compatible; AhrefsBot/7.0; +http://ahrefs.com/robot/)"
91.107.208.255 - - [02/Aug/2026:22:38:26 -0400] "POST /xmlrpc.php HTTP/1.1" 200 189 "-" "Mozilla/5.0 (Windows NT 10.0; Win64; x64) AppleWebKit/537.36 (KHTML, like Gecko) Chrome/108.0.0.0 Safari/537.36"
156.232.88.6 - - [02/Aug/2026:22:22:35 -0400] "POST /wp-cron.php?doing_wp_cron=1785723755.3669331073760986328125 HTTP/1.1" 200 0 "-" "WordPress/7.0.2; https://sonogahotels.com"
142.44.233.221 - - [02/Aug/2026:22:36:29 -0400] "GET /wp-sitemap.xml HTTP/2" 302 0 "-" "Mozilla/5.0 (compatible; AhrefsBot/7.0; +http://ahrefs.com/robot/)"
15.235.98.63 - - [02/Aug/2026:22:36:33 -0400] "GET /archives-sitemap-1.xml HTTP/2" 200 316 "-" "Mozilla/5.0 (compatible; AhrefsBot/7.0; +http://ahrefs.com/robot/)"
156.232.88.6 - - [02/Aug/2026:22:21:55 -0400] "POST /wp-cron.php?doing_wp_cron=1785723715.4960870742797851562500 HTTP/1.1" 200 0 "-" "WordPress/7.0.2; https://sonogahotels.com"
212.80.9.235 - - [02/Aug/2026:22:26:38 -0400] "GET /wp-login.php HTTP/2" 200 9147 "-" "Mozilla/5.0 (Windows NT 10.0; Win64; x64) AppleWebKit/537.36 (KHTML, like Gecko) Chrome/150.0.0.0 Safari/537.36"
212.80.9.235 - - [02/Aug/2026:22:26:41 -0400] "POST /wp-login.php HTTP/2" 200 9289 "https://sonogahotels.com.deconnect.com.ng/wp-login.php" "Mozilla/5.0 (Windows NT 10.0; Win64; x64) AppleWebKit/537.36 (KHTML, like Gecko) Chrome/150.0.0.0 Safari/537.36"
156.232.88.6 - - [02/Aug/2026:22:36:28 -0400] "POST /wp-cron.php?doing_wp_cron=1785724588.8268098831176757812500 HTTP/1.1" 200 0 "-" "WordPress/7.0.2; https://sonogahotels.com"
54.39.203.41 - - [02/Aug/2026:22:36:43 -0400] "GET /post-type-mphb_room_type-sitemap-1.xml HTTP/2" 200 386 "-" "Mozilla/5.0 (compatible; AhrefsBot/7.0; +http://ahrefs.com/robot/)"
142.44.233.51 - - [02/Aug/2026:22:37:01 -0400] "GET /post-type-sureforms_form-sitemap-1.xml HTTP/2" 200 293 "-" "Mozilla/5.0 (compatible; AhrefsBot/7.0; +http://ahrefs.com/robot/)"
98.83.72.38 - - [02/Aug/2026:22:44:13 -0400] "GET /roulette-mit-hohen-einsatzen-risikofrei-alles-was-sie-wissen-mussen/ HTTP/1.1" 200 36129 "-" "Mozilla/5.0 AppleWebKit/537.36 (KHTML, like Gecko; compatible; Amazonbot/0.1; +https://developer.amazon.com/support/amazonbot) Chrome/119.0.6045.214 Safari/537.36"
82.102.23.202 - - [02/Aug/2026:22:44:37 -0400] "GET /wp-login.php HTTP/2" 200 9147 "https://sonogahotels.com.deconnect.com.ng/" "Mozilla/5.0 (Windows NT 10.0; Win64; x64) AppleWebKit/537.36 (KHTML, like Gecko) Chrome/149.0.0.0 Safari/537.36"
82.102.23.202 - - [02/Aug/2026:22:44:39 -0400] "GET /wp-includes/css/buttons.min.css?ver=7.0.2 HTTP/2" 200 1457 "https://sonogahotels.com.deconnect.com.ng/" "Mozilla/5.0 (Windows NT 10.0; Win64; x64) AppleWebKit/537.36 (KHTML, like Gecko) Chrome/149.0.0.0 Safari/537.36"
82.102.23.202 - - [02/Aug/2026:22:44:39 -0400] "GET /wp-admin/css/l10n.min.css?ver=7.0.2 HTTP/2" 200 675 "https://sonogahotels.com.deconnect.com.ng/" "Mozilla/5.0 (Windows NT 10.0; Win64; x64) AppleWebKit/537.36 (KHTML, like Gecko) Chrome/149.0.0.0 Safari/537.36"
82.102.23.202 - - [02/Aug/2026:22:44:39 -0400] "GET /wp-includes/css/dashicons.min.css?ver=7.0.2 HTTP/2" 200 35101 "https://sonogahotels.com.deconnect.com.ng/" "Mozilla/5.0 (Windows NT 10.0; Win64; x64) AppleWebKit/537.36 (KHTML, like Gecko) Chrome/149.0.0.0 Safari/537.36"
82.102.23.202 - - [02/Aug/2026:22:44:39 -0400] "GET /wp-admin/css/forms.min.css?ver=7.0.2 HTTP/2" 200 6522 "https://sonogahotels.com.deconnect.com.ng/" "Mozilla/5.0 (Windows NT 10.0; Win64; x64) AppleWebKit/537.36 (KHTML, like Gecko) Chrome/149.0.0.0 Safari/537.36"
82.102.23.202 - - [02/Aug/2026:22:44:39 -0400] "GET /wp-includes/css/dist/base-styles/admin-schemes.min.css?ver=7.0.2 HTTP/2" 200 725 "https://sonogahotels.com.deconnect.com.ng/" "Mozilla/5.0 (Windows NT 10.0; Win64; x64) AppleWebKit/537.36 (KHTML, like Gecko) Chrome/149.0.0.0 Safari/537.36"
82.102.23.202 - - [02/Aug/2026:22:44:39 -0400] "GET /wp-admin/css/login.min.css?ver=7.0.2 HTTP/2" 200 2019 "https://sonogahotels.com.deconnect.com.ng/" "Mozilla/5.0 (Windows NT 10.0; Win64; x64) AppleWebKit/537.36 (KHTML, like Gecko) Chrome/149.0.0.0 Safari/537.36"
82.102.23.202 - - [02/Aug/2026:22:44:39 -0400] "GET /wp-includes/js/jquery/jquery.min.js?ver=3.7.1 HTTP/2" 200 29744 "https://sonogahotels.com.deconnect.com.ng/" "Mozilla/5.0 (Windows NT 10.0; Win64; x64) AppleWebKit/537.36 (KHTML, like Gecko) Chrome/149.0.0.0 Safari/537.36"
82.102.23.202 - - [02/Aug/2026:22:44:39 -0400] "GET /wp-includes/js/zxcvbn-async.min.js?ver=1.0 HTTP/2" 200 187 "https://sonogahotels.com.deconnect.com.ng/" "Mozilla/5.0 (Windows NT 10.0; Win64; x64) AppleWebKit/537.36 (KHTML, like Gecko) Chrome/149.0.0.0 Safari/537.36"
82.102.23.202 - - [02/Aug/2026:22:44:39 -0400] "GET /wp-includes/js/underscore.min.js?ver=1.13.8 HTTP/2" 200 7228 "https://sonogahotels.com.deconnect.com.ng/" "Mozilla/5.0 (Windows NT 10.0; Win64; x64) AppleWebKit/537.36 (KHTML, like Gecko) Chrome/149.0.0.0 Safari/537.36"
82.102.23.202 - - [02/Aug/2026:22:44:39 -0400] "GET /wp-admin/js/user-profile.min.js?ver=7.0.2 HTTP/2" 200 2889 "https://sonogahotels.com.deconnect.com.ng/" "Mozilla/5.0 (Windows NT 10.0; Win64; x64) AppleWebKit/537.36 (KHTML, like Gecko) Chrome/149.0.0.0 Safari/537.36"
82.102.23.202 - - [02/Aug/2026:22:44:39 -0400] "GET /wp-includes/js/dist/dom-ready.min.js?ver=a06281ae5cf5500e9317 HTTP/2" 200 420 "https://sonogahotels.com.deconnect.com.ng/" "Mozilla/5.0 (Windows NT 10.0; Win64; x64) AppleWebKit/537.36 (KHTML, like Gecko) Chrome/149.0.0.0 Safari/537.36"
82.102.23.202 - - [02/Aug/2026:22:44:39 -0400] "GET /wp-includes/js/clipboard.min.js?ver=2.0.11 HTTP/2" 200 2989 "https://sonogahotels.com.deconnect.com.ng/" "Mozilla/5.0 (Windows NT 10.0; Win64; x64) AppleWebKit/537.36 (KHTML, like Gecko) Chrome/149.0.0.0 Safari/537.36"
82.102.23.202 - - [02/Aug/2026:22:44:39 -0400] "GET /wp-includes/js/dist/hooks.min.js?ver=7496969728ca0f95732d HTTP/2" 200 1734 "https://sonogahotels.com.deconnect.com.ng/" "Mozilla/5.0 (Windows NT 10.0; Win64; x64) AppleWebKit/537.36 (KHTML, like Gecko) Chrome/149.0.0.0 Safari/537.36"
82.102.23.202 - - [02/Aug/2026:22:44:39 -0400] "GET /wp-admin/js/password-strength-meter.min.js?ver=7.0.2 HTTP/2" 200 558 "https://sonogahotels.com.deconnect.com.ng/" "Mozilla/5.0 (Windows NT 10.0; Win64; x64) AppleWebKit/537.36 (KHTML, like Gecko) Chrome/149.0.0.0 Safari/537.36"
82.102.23.202 - - [02/Aug/2026:22:44:40 -0400] "GET /wp-includes/js/jquery/jquery-migrate.min.js?ver=3.4.1 HTTP/2" 200 4678 "https://sonogahotels.com.deconnect.com.ng/" "Mozilla/5.0 (Windows NT 10.0; Win64; x64) AppleWebKit/537.36 (KHTML, like Gecko) Chrome/149.0.0.0 Safari/537.36"
82.102.23.202 - - [02/Aug/2026:22:44:40 -0400] "GET /wp-includes/js/dist/i18n.min.js?ver=781d11515ad3d91786ec HTTP/2" 200 2354 "https://sonogahotels.com.deconnect.com.ng/" "Mozilla/5.0 (Windows NT 10.0; Win64; x64) AppleWebKit/537.36 (KHTML, like Gecko) Chrome/149.0.0.0 Safari/537.36"
82.102.23.202 - - [02/Aug/2026:22:44:40 -0400] "GET /wp-includes/js/dist/a11y.min.js?ver=af934e5259bc51b8718e HTTP/2" 200 935 "https://sonogahotels.com.deconnect.com.ng/" "Mozilla/5.0 (Windows NT 10.0; Win64; x64) AppleWebKit/537.36 (KHTML, like Gecko) Chrome/149.0.0.0 Safari/537.36"
82.102.23.202 - - [02/Aug/2026:22:44:40 -0400] "GET /wp-includes/js/wp-util.min.js?ver=7.0.2 HTTP/2" 200 693 "https://sonogahotels.com.deconnect.com.ng/" "Mozilla/5.0 (Windows NT 10.0; Win64; x64) AppleWebKit/537.36 (KHTML, like Gecko) Chrome/149.0.0.0 Safari/537.36"
82.102.23.202 - - [02/Aug/2026:22:44:40 -0400] "GET /wp-content/plugins/loginpress/img/minimalist.jpg HTTP/2" 200 21803 "https://sonogahotels.com.deconnect.com.ng/" "Mozilla/5.0 (Windows NT 10.0; Win64; x64) AppleWebKit/537.36 (KHTML, like Gecko) Chrome/149.0.0.0 Safari/537.36"
82.102.23.202 - - [02/Aug/2026:22:44:40 -0400] "GET /wp-content/uploads/2026/05/ChatGPT-Image-May-29-2026-02_03_32-PM-1.png HTTP/2" 200 1791529 "https://sonogahotels.com.deconnect.com.ng/" "Mozilla/5.0 (Windows NT 10.0; Win64; x64) AppleWebKit/537.36 (KHTML, like Gecko) Chrome/149.0.0.0 Safari/537.36"
82.102.23.202 - - [02/Aug/2026:22:44:41 -0400] "POST /wp-login.php HTTP/2" 200 9284 "https://sonogahotels.com.deconnect.com.ng/" "Mozilla/5.0 (Windows NT 10.0; Win64; x64) AppleWebKit/537.36 (KHTML, like Gecko) Chrome/149.0.0.0 Safari/537.36"
82.102.23.202 - - [02/Aug/2026:22:44:44 -0400] "GET /wp-includes/css/dashicons.min.css?ver=7.0.2 HTTP/2" 200 35101 "https://sonogahotels.com/wp-login.php" "Mozilla/5.0 (Windows NT 10.0; Win64; x64) AppleWebKit/537.36 (KHTML, like Gecko) Chrome/149.0.0.0 Safari/537.36"
82.102.23.202 - - [02/Aug/2026:22:44:44 -0400] "GET /wp-includes/css/buttons.min.css?ver=7.0.2 HTTP/2" 200 1457 "https://sonogahotels.com/wp-login.php" "Mozilla/5.0 (Windows NT 10.0; Win64; x64) AppleWebKit/537.36 (KHTML, like Gecko) Chrome/149.0.0.0 Safari/537.36"
82.102.23.202 - - [02/Aug/2026:22:44:44 -0400] "GET /wp-admin/css/forms.min.css?ver=7.0.2 HTTP/2" 200 6522 "https://sonogahotels.com/wp-login.php" "Mozilla/5.0 (Windows NT 10.0; Win64; x64) AppleWebKit/537.36 (KHTML, like Gecko) Chrome/149.0.0.0 Safari/537.36"
82.102.23.202 - - [02/Aug/2026:22:44:44 -0400] "GET /wp-admin/css/l10n.min.css?ver=7.0.2 HTTP/2" 200 675 "https://sonogahotels.com/wp-login.php" "Mozilla/5.0 (Windows NT 10.0; Win64; x64) AppleWebKit/537.36 (KHTML, like Gecko) Chrome/149.0.0.0 Safari/537.36"
82.102.23.202 - - [02/Aug/2026:22:44:44 -0400] "GET /wp-includes/css/dist/base-styles/admin-schemes.min.css?ver=7.0.2 HTTP/2" 200 725 "https://sonogahotels.com/wp-login.php" "Mozilla/5.0 (Windows NT 10.0; Win64; x64) AppleWebKit/537.36 (KHTML, like Gecko) Chrome/149.0.0.0 Safari/537.36"
82.102.23.202 - - [02/Aug/2026:22:44:44 -0400] "GET /wp-admin/css/login.min.css?ver=7.0.2 HTTP/2" 200 2019 "https://sonogahotels.com/wp-login.php" "Mozilla/5.0 (Windows NT 10.0; Win64; x64) AppleWebKit/537.36 (KHTML, like Gecko) Chrome/149.0.0.0 Safari/537.36"
82.102.23.202 - - [02/Aug/2026:22:44:44 -0400] "GET /wp-includes/js/clipboard.min.js?ver=2.0.11 HTTP/2" 200 2989 "https://sonogahotels.com/wp-login.php" "Mozilla/5.0 (Windows NT 10.0; Win64; x64) AppleWebKit/537.36 (KHTML, like Gecko) Chrome/149.0.0.0 Safari/537.36"
82.102.23.202 - - [02/Aug/2026:22:44:44 -0400] "GET /wp-includes/js/jquery/jquery.min.js?ver=3.7.1 HTTP/2" 200 29744 "https://sonogahotels.com/wp-login.php" "Mozilla/5.0 (Windows NT 10.0; Win64; x64) AppleWebKit/537.36 (KHTML, like Gecko) Chrome/149.0.0.0 Safari/537.36"
82.102.23.202 - - [02/Aug/2026:22:44:44 -0400] "GET /wp-includes/js/jquery/jquery-migrate.min.js?ver=3.4.1 HTTP/2" 200 4678 "https://sonogahotels.com/wp-login.php" "Mozilla/5.0 (Windows NT 10.0; Win64; x64) AppleWebKit/537.36 (KHTML, like Gecko) Chrome/149.0.0.0 Safari/537.36"
82.102.23.202 - - [02/Aug/2026:22:44:44 -0400] "GET /wp-includes/js/zxcvbn-async.min.js?ver=1.0 HTTP/2" 200 187 "https://sonogahotels.com/wp-login.php" "Mozilla/5.0 (Windows NT 10.0; Win64; x64) AppleWebKit/537.36 (KHTML, like Gecko) Chrome/149.0.0.0 Safari/537.36"
82.102.23.202 - - [02/Aug/2026:22:44:44 -0400] "GET /wp-includes/js/dist/hooks.min.js?ver=7496969728ca0f95732d HTTP/2" 200 1734 "https://sonogahotels.com/wp-login.php" "Mozilla/5.0 (Windows NT 10.0; Win64; x64) AppleWebKit/537.36 (KHTML, like Gecko) Chrome/149.0.0.0 Safari/537.36"
82.102.23.202 - - [02/Aug/2026:22:44:44 -0400] "GET /wp-includes/js/dist/i18n.min.js?ver=781d11515ad3d91786ec HTTP/2" 200 2354 "https://sonogahotels.com/wp-login.php" "Mozilla/5.0 (Windows NT 10.0; Win64; x64) AppleWebKit/537.36 (KHTML, like Gecko) Chrome/149.0.0.0 Safari/537.36"
82.102.23.202 - - [02/Aug/2026:22:44:44 -0400] "GET /wp-admin/js/password-strength-meter.min.js?ver=7.0.2 HTTP/2" 200 558 "https://sonogahotels.com/wp-login.php" "Mozilla/5.0 (Windows NT 10.0; Win64; x64) AppleWebKit/537.36 (KHTML, like Gecko) Chrome/149.0.0.0 Safari/537.36"
82.102.23.202 - - [02/Aug/2026:22:44:44 -0400] "GET /wp-includes/js/underscore.min.js?ver=1.13.8 HTTP/2" 200 7228 "https://sonogahotels.com/wp-login.php" "Mozilla/5.0 (Windows NT 10.0; Win64; x64) AppleWebKit/537.36 (KHTML, like Gecko) Chrome/149.0.0.0 Safari/537.36"
82.102.23.202 - - [02/Aug/2026:22:44:44 -0400] "GET /wp-includes/js/wp-util.min.js?ver=7.0.2 HTTP/2" 200 693 "https://sonogahotels.com/wp-login.php" "Mozilla/5.0 (Windows NT 10.0; Win64; x64) AppleWebKit/537.36 (KHTML, like Gecko) Chrome/149.0.0.0 Safari/537.36"
82.102.23.202 - - [02/Aug/2026:22:44:44 -0400] "GET /wp-includes/js/dist/dom-ready.min.js?ver=a06281ae5cf5500e9317 HTTP/2" 200 420 "https://sonogahotels.com/wp-login.php" "Mozilla/5.0 (Windows NT 10.0; Win64; x64) AppleWebKit/537.36 (KHTML, like Gecko) Chrome/149.0.0.0 Safari/537.36"
82.102.23.202 - - [02/Aug/2026:22:44:44 -0400] "GET /wp-includes/js/dist/a11y.min.js?ver=af934e5259bc51b8718e HTTP/2" 200 935 "https://sonogahotels.com/wp-login.php" "Mozilla/5.0 (Windows NT 10.0; Win64; x64) AppleWebKit/537.36 (KHTML, like Gecko) Chrome/149.0.0.0 Safari/537.36"
82.102.23.202 - - [02/Aug/2026:22:44:44 -0400] "GET /wp-admin/js/user-profile.min.js?ver=7.0.2 HTTP/2" 200 2889 "https://sonogahotels.com/wp-login.php" "Mozilla/5.0 (Windows NT 10.0; Win64; x64) AppleWebKit/537.36 (KHTML, like Gecko) Chrome/149.0.0.0 Safari/537.36"
82.102.23.202 - - [02/Aug/2026:22:44:44 -0400] "GET /wp-content/plugins/loginpress/img/minimalist.jpg HTTP/2" 200 21803 "https://sonogahotels.com/wp-login.php" "Mozilla/5.0 (Windows NT 10.0; Win64; x64) AppleWebKit/537.36 (KHTML, like Gecko) Chrome/149.0.0.0 Safari/537.36"
156.232.88.6 - - [02/Aug/2026:22:45:17 -0400] "POST /wp-cron.php?doing_wp_cron=1785725117.3493690490722656250000 HTTP/1.1" 200 0 "-" "WordPress/7.0.2; https://sonogahotels.com"
82.102.23.202 - - [02/Aug/2026:22:44:44 -0400] "GET /wp-content/uploads/2026/05/ChatGPT-Image-May-29-2026-02_03_32-PM-1.png HTTP/2" 200 1791529 "https://sonogahotels.com/wp-login.php" "Mozilla/5.0 (Windows NT 10.0; Win64; x64) AppleWebKit/537.36 (KHTML, like Gecko) Chrome/149.0.0.0 Safari/537.36"
82.102.23.202 - - [02/Aug/2026:22:44:45 -0400] "GET /wp-content/uploads/2026/05/cropped-ChatGPT-Image-May-29-2026-02_03_32-PM-1-192x192.png HTTP/2" 200 46135 "https://sonogahotels.com/wp-login.php" "Mozilla/5.0 (Windows NT 10.0; Win64; x64) AppleWebKit/537.36 (KHTML, like Gecko) Chrome/149.0.0.0 Safari/537.36"
82.102.23.202 - - [02/Aug/2026:22:44:45 -0400] "GET /wp-includes/js/zxcvbn.min.js HTTP/2" 200 389493 "https://sonogahotels.com/wp-login.php" "Mozilla/5.0 (Windows NT 10.0; Win64; x64) AppleWebKit/537.36 (KHTML, like Gecko) Chrome/149.0.0.0 Safari/537.36"
212.80.9.235 - - [02/Aug/2026:22:46:02 -0400] "POST /wp-login.php HTTP/2" 200 9289 "https://sonogahotels.com.deconnect.com.ng/wp-login.php" "Mozilla/5.0 (Windows NT 10.0; Win64; x64) AppleWebKit/537.36 (KHTML, like Gecko) Chrome/150.0.0.0 Safari/537.36"
82.102.23.202 - - [02/Aug/2026:22:44:45 -0400] "POST /xmlrpc.php HTTP/1.1" 200 272 "-" "Mozilla/5.0 (Windows NT 10.0; Win64; x64) AppleWebKit/537.36 (KHTML, like Gecko) Chrome/149.0.0.0 Safari/537.36"
82.102.23.202 - - [02/Aug/2026:22:44:49 -0400] "POST /xmlrpc.php HTTP/1.1" 200 139 "-" "Mozilla/5.0 (Windows NT 10.0; Win64; x64) AppleWebKit/537.36 (KHTML, like Gecko) Chrome/149.0.0.0 Safari/537.36"
82.102.23.202 - - [02/Aug/2026:22:44:56 -0400] "POST /xmlrpc.php HTTP/1.1" 403 139 "-" "Mozilla/5.0 (Windows NT 10.0; Win64; x64) AppleWebKit/537.36 (KHTML, like Gecko) Chrome/149.0.0.0 Safari/537.36"
184.168.126.180 - - [02/Aug/2026:22:45:15 -0400] "GET /wp-login.php HTTP/2" 200 9147 "-" "Mozilla/5.0 (Windows NT 10.0; Win64; x64) AppleWebKit/537.36 (KHTML, like Gecko) Chrome/150.0.0.0 Safari/537.36"
184.168.126.180 - - [02/Aug/2026:22:45:17 -0400] "POST /wp-login.php HTTP/2" 200 9250 "https://sonogahotels.com/wp-login.php" "Mozilla/5.0 (Windows NT 10.0; Win64; x64) AppleWebKit/537.36 (KHTML, like Gecko) Chrome/150.0.0.0 Safari/537.36"
212.80.9.235 - - [02/Aug/2026:22:45:58 -0400] "GET /wp-login.php HTTP/2" 200 9050 "-" "Mozilla/5.0 (Windows NT 10.0; Win64; x64) AppleWebKit/537.36 (KHTML, like Gecko) Chrome/150.0.0.0 Safari/537.36"
54.39.203.124 - - [02/Aug/2026:22:40:11 -0400] "GET /listing/110734275/ HTTP/2" 404 28752 "-" "Mozilla/5.0 (compatible; AhrefsBot/7.0; +http://ahrefs.com/robot/)"
156.232.88.6 - - [02/Aug/2026:22:44:13 -0400] "POST /wp-cron.php?doing_wp_cron=1785725052.8575909137725830078125 HTTP/1.1" 200 0 "-" "WordPress/7.0.2; https://sonogahotels.com"
34.192.67.98 - - [02/Aug/2026:22:44:11 -0400] "GET /roulette-mit-hohen-einsatzen-risikofrei-alles-was-sie-wissen-mussen HTTP/1.1" 301 0 "-" "Mozilla/5.0 AppleWebKit/537.36 (KHTML, like Gecko; compatible; Amazonbot/0.1; +https://developer.amazon.com/support/amazonbot) Chrome/119.0.6045.214 Safari/537.36"
156.232.88.6 - - [02/Aug/2026:22:44:56 -0400] "POST /wp-cron.php?doing_wp_cron=1785725096.2585749626159667968750 HTTP/1.1" 200 0 "-" "WordPress/7.0.2; https://sonogahotels.com"
40.77.167.49 - - [02/Aug/2026:22:46:03 -0400] "GET /products/19811530300 HTTP/2" 301 0 "-" "Mozilla/5.0 AppleWebKit/537.36 (KHTML, like Gecko; compatible; bingbot/2.0; +http://www.bing.com/bingbot.htm) Chrome/116.0.1938.76 Safari/537.36"
40.77.167.49 - - [02/Aug/2026:22:46:05 -0400] "GET /products/536115412657 HTTP/2" 301 0 "-" "Mozilla/5.0 AppleWebKit/537.36 (KHTML, like Gecko; compatible; bingbot/2.0; +http://www.bing.com/bingbot.htm) Chrome/116.0.1938.76 Safari/537.36"
156.232.88.6 - - [02/Aug/2026:22:40:14 -0400] "POST /wp-cron.php?doing_wp_cron=1785724814.2338919639587402343750 HTTP/1.1" 200 0 "-" "WordPress/7.0.2; https://sonogahotels.com"
156.232.88.6 - - [02/Aug/2026:22:47:29 -0400] "POST /wp-cron.php?doing_wp_cron=1785725249.7870209217071533203125 HTTP/1.1" 200 0 "-" "WordPress/7.0.2; https://sonogahotels.com"
156.232.88.6 - - [02/Aug/2026:22:54:19 -0400] "POST /wp-cron.php?doing_wp_cron=1785725659.3806319236755371093750 HTTP/1.1" 200 0 "-" "WordPress/7.0.2; https://sonogahotels.com"
136.144.43.9 - - [02/Aug/2026:22:54:17 -0400] "POST /wp-login.php HTTP/1.1" 200 10469 "-" "Mozilla/5.0 (Windows NT 10.0; Win64; x64) AppleWebKit/537.36 Chrome/129.0.0.0 Safari/537.36"
216.73.216.237 - - [02/Aug/2026:22:47:27 -0400] "GET /sitemap.xml HTTP/2" 301 0 "-" "Mozilla/5.0 AppleWebKit/537.36 (KHTML, like Gecko; compatible; ClaudeBot/1.0; +claudebot@anthropic.com)"
216.73.216.237 - - [02/Aug/2026:22:47:29 -0400] "GET /wp-sitemap.xml HTTP/2" 302 0 "https://sonogahotels.com/sitemap.xml" "Mozilla/5.0 AppleWebKit/537.36 (KHTML, like Gecko; compatible; ClaudeBot/1.0; +claudebot@anthropic.com)"
216.73.216.237 - - [02/Aug/2026:22:47:31 -0400] "GET /sitemap_index.xml HTTP/2" 200 294 "https://sonogahotels.com/wp-sitemap.xml" "Mozilla/5.0 AppleWebKit/537.36 (KHTML, like Gecko; compatible; ClaudeBot/1.0; +claudebot@anthropic.com)"
35.224.168.243 - - [02/Aug/2026:23:01:34 -0400] "GET /wp-admin/ HTTP/2" 302 0 "-" "Mozilla/5.0 (X11; Linux x86_64) AppleWebKit/537.36 (KHTML, like Gecko) HeadlessChrome/147.0.7727.15 Safari/537.36"
35.224.168.243 - - [02/Aug/2026:23:01:39 -0400] "GET /wp-login.php?redirect_to=https%3A%2F%2Fsonogahotels.com.deconnect.com.ng%2Fwp-admin%2F&reauth=1 HTTP/2" 200 9166 "-" "Mozilla/5.0 (X11; Linux x86_64) AppleWebKit/537.36 (KHTML, like Gecko) HeadlessChrome/147.0.7727.15 Safari/537.36"
35.224.168.243 - - [02/Aug/2026:23:01:40 -0400] "GET /wp-includes/css/dashicons.min.css?ver=7.0.2 HTTP/2" 200 35101 "https://sonogahotels.com/wp-login.php?redirect_to=https%3A%2F%2Fsonogahotels.com.deconnect.com.ng%2Fwp-admin%2F&reauth=1" "Mozilla/5.0 (X11; Linux x86_64) AppleWebKit/537.36 (KHTML, like Gecko) HeadlessChrome/147.0.7727.15 Safari/537.36"
35.224.168.243 - - [02/Aug/2026:23:01:40 -0400] "GET /wp-includes/css/buttons.min.css?ver=7.0.2 HTTP/2" 200 1457 "https://sonogahotels.com/wp-login.php?redirect_to=https%3A%2F%2Fsonogahotels.com.deconnect.com.ng%2Fwp-admin%2F&reauth=1" "Mozilla/5.0 (X11; Linux x86_64) AppleWebKit/537.36 (KHTML, like Gecko) HeadlessChrome/147.0.7727.15 Safari/537.36"
35.224.168.243 - - [02/Aug/2026:23:01:40 -0400] "GET /wp-admin/css/forms.min.css?ver=7.0.2 HTTP/2" 200 6522 "https://sonogahotels.com/wp-login.php?redirect_to=https%3A%2F%2Fsonogahotels.com.deconnect.com.ng%2Fwp-admin%2F&reauth=1" "Mozilla/5.0 (X11; Linux x86_64) AppleWebKit/537.36 (KHTML, like Gecko) HeadlessChrome/147.0.7727.15 Safari/537.36"
