66.249.66.2 - - [02/Aug/2026:14:37:23 -0400] "GET /glcyin-artirilmis-realliq-xususiyytlri-pinco-da/ HTTP/1.1" 200 34268 "-" "Mozilla/5.0 (Linux; Android 6.0.1; Nexus 5X Build/MMB29P) AppleWebKit/537.36 (KHTML, like Gecko) Chrome/150.0.7871.186 Mobile Safari/537.36 (compatible; Googlebot/2.1; +http://www.google.com/bot.html)"
156.232.88.6 - - [02/Aug/2026:14:38:20 -0400] "POST /wp-cron.php?doing_wp_cron=1785695900.8631079196929931640625 HTTP/1.1" 200 0 "-" "WordPress/7.0.2; https://sonogahotels.com"
43.133.60.94 - - [02/Aug/2026:14:29:13 -0400] "GET /search-availability/ HTTP/1.1" 200 35138 "https://sonogahotels.com/?p=1442" "Mozilla/5.0 (iPhone; CPU iPhone OS 13_2_3 like Mac OS X) AppleWebKit/605.1.15 (KHTML, like Gecko) Version/13.0.3 Mobile/15E148 Safari/604.1"
35.229.103.236 - - [02/Aug/2026:14:41:28 -0400] "GET /.env.example HTTP/1.1" 404 65536 "-" "crusader-worker/1.0"
35.229.103.236 - - [02/Aug/2026:14:41:28 -0400] "GET /env HTTP/1.1" 404 65536 "-" "crusader-worker/1.0"
35.229.103.236 - - [02/Aug/2026:14:41:28 -0400] "GET /_ignition/health-check HTTP/1.1" 404 65536 "-" "crusader-worker/1.0"
35.229.103.236 - - [02/Aug/2026:14:41:28 -0400] "GET /storage/logs/laravel.log HTTP/1.1" 404 65536 "-" "crusader-worker/1.0"
35.229.103.236 - - [02/Aug/2026:14:41:28 -0400] "GET /.env.save HTTP/1.1" 404 65536 "-" "crusader-worker/1.0"
156.232.88.6 - - [02/Aug/2026:14:29:09 -0400] "POST /wp-cron.php?doing_wp_cron=1785695349.4553470611572265625000 HTTP/1.1" 200 0 "-" "WordPress/7.0.2; https://sonogahotels.com"
156.232.88.6 - - [02/Aug/2026:14:34:22 -0400] "POST /wp-cron.php?doing_wp_cron=1785695662.2028350830078125000000 HTTP/1.1" 200 0 "-" "WordPress/7.0.2; https://sonogahotels.com"
35.229.103.236 - - [02/Aug/2026:14:41:28 -0400] "GET /.env.old HTTP/1.1" 404 65536 "-" "crusader-worker/1.0"
35.229.103.236 - - [02/Aug/2026:14:41:28 -0400] "GET /actuator/env HTTP/1.1" 404 65536 "-" "crusader-worker/1.0"
156.232.88.6 - - [02/Aug/2026:14:31:53 -0400] "POST /wp-cron.php?doing_wp_cron=1785695513.8541591167449951171875 HTTP/1.1" 200 0 "-" "WordPress/7.0.2; https://sonogahotels.com"
66.175.44.31 - - [02/Aug/2026:14:31:51 -0400] "GET /wp-login.php HTTP/2" 200 9148 "-" "Mozilla/5.0 (Windows NT 10.0; Win64; x64) AppleWebKit/537.36 (KHTML, like Gecko) Chrome/150.0.0.0 Safari/537.36"
66.175.44.31 - - [02/Aug/2026:14:31:54 -0400] "POST /wp-login.php HTTP/2" 200 9249 "https://sonogahotels.com/wp-login.php" "Mozilla/5.0 (Windows NT 10.0; Win64; x64) AppleWebKit/537.36 (KHTML, like Gecko) Chrome/150.0.0.0 Safari/537.36"
142.44.225.109 - - [02/Aug/2026:14:34:54 -0400] "GET /accommodation/family-suite/feed/ HTTP/2" 200 411 "-" "Mozilla/5.0 (compatible; AhrefsBot/7.0; +http://ahrefs.com/robot/)"
66.249.66.1 - - [02/Aug/2026:14:35:33 -0400] "GET /favicon.ico HTTP/1.1" 404 796 "-" "Googlebot-Image/1.0"
43.135.138.128 - - [02/Aug/2026:14:36:00 -0400] "GET /wp-content/uploads/2026/ HTTP/1.1" 200 851 "-" "Mozilla/5.0 (iPhone; CPU iPhone OS 13_2_3 like Mac OS X) AppleWebKit/605.1.15 (KHTML, like Gecko) Version/13.0.3 Mobile/15E148 Safari/604.1"
40.77.167.10 - - [02/Aug/2026:14:38:19 -0400] "GET /products/51711561555 HTTP/2" 301 0 "-" "Mozilla/5.0 AppleWebKit/537.36 (KHTML, like Gecko; compatible; bingbot/2.0; +http://www.bing.com/bingbot.htm) Chrome/116.0.1938.76 Safari/537.36"
35.229.103.236 - - [02/Aug/2026:14:41:28 -0400] "GET /wp-config.php.bak HTTP/1.1" 404 65536 "-" "crusader-worker/1.0"
156.232.88.6 - - [02/Aug/2026:14:42:06 -0400] "POST /wp-cron.php?doing_wp_cron=1785696125.3400909900665283203125 HTTP/1.1" 200 0 "-" "WordPress/7.0.2; https://sonogahotels.com"
35.229.103.236 - - [02/Aug/2026:14:41:28 -0400] "GET /wp-config.php~ HTTP/1.1" 404 65536 "-" "crusader-worker/1.0"
43.133.60.94 - - [02/Aug/2026:14:29:07 -0400] "GET /?p=1442 HTTP/1.1" 301 0 "-" "Mozilla/5.0 (iPhone; CPU iPhone OS 13_2_3 like Mac OS X) AppleWebKit/605.1.15 (KHTML, like Gecko) Version/13.0.3 Mobile/15E148 Safari/604.1"
35.229.103.236 - - [02/Aug/2026:14:41:28 -0400] "GET /.env.bak HTTP/1.1" 404 65536 "-" "crusader-worker/1.0"
35.229.103.236 - - [02/Aug/2026:14:41:28 -0400] "GET /.env.backup HTTP/1.1" 404 35733 "-" "crusader-worker/1.0"
66.249.66.15 - - [02/Aug/2026:14:34:44 -0400] "GET /wp-content/plugins/motopress-hotel-booking/vendors/kbwood/datepick/jquery.datepick.min.js?ver=6.0.1 HTTP/1.1" 200 10827 "https://sonogahotels.com/%D1%81%D0%BF%D0%BE%D1%80%D1%82%D0%B8%D0%B2%D0%BD%D1%8B%D0%B5-%D1%81%D1%82%D0%B0%D0%B2%D0%BA%D0%B8-%D0%B2-%D0%BA%D0%B0%D0%B7%D0%B0%D1%85%D1%81%D1%82%D0%B0%D0%BD%D0%B5-%D0%BA%D0%B0%D0%BA-spinbetter/" "Mozilla/5.0 (Linux; Android 6.0.1; Nexus 5X Build/MMB29P) AppleWebKit/537.36 (KHTML, like Gecko) Chrome/150.0.7871.186 Mobile Safari/537.36 (compatible; Googlebot/2.1; +http://www.google.com/bot.html)"
156.232.88.6 - - [02/Aug/2026:14:37:26 -0400] "POST /wp-cron.php?doing_wp_cron=1785695845.9561779499053955078125 HTTP/1.1" 200 0 "-" "WordPress/7.0.2; https://sonogahotels.com"
35.229.103.236 - - [02/Aug/2026:14:41:28 -0400] "GET /.env HTTP/1.1" 404 65536 "-" "crusader-worker/1.0"
35.229.103.236 - - [02/Aug/2026:14:41:28 -0400] "GET /.env.dev HTTP/1.1" 404 65536 "-" "crusader-worker/1.0"
35.229.103.236 - - [02/Aug/2026:14:41:28 -0400] "GET /wp-config.php.swp HTTP/1.1" 404 65536 "-" "crusader-worker/1.0"
66.249.66.1 - - [02/Aug/2026:14:34:19 -0400] "GET /%D1%81%D0%BF%D0%BE%D1%80%D1%82%D0%B8%D0%B2%D0%BD%D1%8B%D0%B5-%D1%81%D1%82%D0%B0%D0%B2%D0%BA%D0%B8-%D0%B2-%D0%BA%D0%B0%D0%B7%D0%B0%D1%85%D1%81%D1%82%D0%B0%D0%BD%D0%B5-%D0%BA%D0%B0%D0%BA-spinbetter/ HTTP/1.1" 200 36529 "-" "Mozilla/5.0 (Linux; Android 6.0.1; Nexus 5X Build/MMB29P) AppleWebKit/537.36 (KHTML, like Gecko) Chrome/150.0.7871.186 Mobile Safari/537.36 (compatible; Googlebot/2.1; +http://www.google.com/bot.html)"
35.229.103.236 - - [02/Aug/2026:14:41:28 -0400] "GET /actuator/configprops HTTP/1.1" 404 65536 "-" "crusader-worker/1.0"
35.229.103.236 - - [02/Aug/2026:14:41:28 -0400] "GET /.env.production HTTP/1.1" 404 65536 "-" "crusader-worker/1.0"
35.229.103.236 - - [02/Aug/2026:14:41:28 -0400] "GET /.env.local HTTP/1.1" 404 65536 "-" "crusader-worker/1.0"
207.46.13.9 - - [02/Aug/2026:14:49:29 -0400] "GET /products/76511567624 HTTP/2" 301 0 "-" "Mozilla/5.0 AppleWebKit/537.36 (KHTML, like Gecko; compatible; bingbot/2.0; +http://www.bing.com/bingbot.htm) Chrome/116.0.1938.76 Safari/537.36"
66.249.66.206 - - [02/Aug/2026:14:42:21 -0400] "GET /wp-content/plugins/elementor/assets/lib/font-awesome/css/all.min.css?ver=4.2.1 HTTP/1.1" 200 12380 "https://sonogahotels.com/mostbet-szansa-na-wygrane-dzieki-unikalnym-bonusom-bez-depozytu/" "Mozilla/5.0 (Linux; Android 6.0.1; Nexus 5X Build/MMB29P) AppleWebKit/537.36 (KHTML, like Gecko) Chrome/150.0.7871.186 Mobile Safari/537.36 (compatible; Googlebot/2.1; +http://www.google.com/bot.html)"
66.249.66.206 - - [02/Aug/2026:14:41:52 -0400] "GET /mostbet-szansa-na-wygrane-dzieki-unikalnym-bonusom-bez-depozytu/ HTTP/1.1" 200 29953 "-" "Mozilla/5.0 (Linux; Android 6.0.1; Nexus 5X Build/MMB29P) AppleWebKit/537.36 (KHTML, like Gecko) Chrome/150.0.7871.186 Mobile Safari/537.36 (compatible; Googlebot/2.1; +http://www.google.com/bot.html)"
103.133.214.160 - - [02/Aug/2026:14:42:54 -0400] "POST /wp-login.php HTTP/2" 200 9288 "https://sonogahotels.com.deconnect.com.ng/wp-login.php" "Mozilla/5.0 (Windows NT 10.0; Win64; x64) AppleWebKit/537.36 (KHTML, like Gecko) Chrome/150.0.0.0 Safari/537.36"
156.232.88.6 - - [02/Aug/2026:14:43:53 -0400] "POST /wp-cron.php?doing_wp_cron=1785696233.2460958957672119140625 HTTP/1.1" 200 0 "-" "WordPress/7.0.2; https://sonogahotels.com"
156.232.88.6 - - [02/Aug/2026:14:45:31 -0400] "POST /wp-cron.php?doing_wp_cron=1785696331.7861158847808837890625 HTTP/1.1" 200 0 "-" "WordPress/7.0.2; https://sonogahotels.com"
66.249.66.1 - - [02/Aug/2026:14:42:15 -0400] "GET /wp-content/plugins/header-footer-elementor/assets/css/header-footer-elementor.css?ver=2.9.2 HTTP/1.1" 200 259 "https://sonogahotels.com/mostbet-szansa-na-wygrane-dzieki-unikalnym-bonusom-bez-depozytu/" "Mozilla/5.0 (Linux; Android 6.0.1; Nexus 5X Build/MMB29P) AppleWebKit/537.36 (KHTML, like Gecko) Chrome/150.0.7871.186 Mobile Safari/537.36 (compatible; Googlebot/2.1; +http://www.google.com/bot.html)"
66.249.66.1 - - [02/Aug/2026:14:42:28 -0400] "GET /wp-content/plugins/creame-whatsapp-me/public/js/joinchat.min.js?ver=6.3.2 HTTP/1.1" 200 3707 "https://sonogahotels.com/mostbet-szansa-na-wygrane-dzieki-unikalnym-bonusom-bez-depozytu/" "Mozilla/5.0 (Linux; Android 6.0.1; Nexus 5X Build/MMB29P) AppleWebKit/537.36 (KHTML, like Gecko) Chrome/150.0.7871.186 Mobile Safari/537.36 (compatible; Googlebot/2.1; +http://www.google.com/bot.html)"
66.249.66.1 - - [02/Aug/2026:14:42:29 -0400] "GET /wp-content/plugins/creame-whatsapp-me/public/css/joinchat.min.css?ver=6.3.2 HTTP/1.1" 200 5203 "https://sonogahotels.com/mostbet-szansa-na-wygrane-dzieki-unikalnym-bonusom-bez-depozytu/" "Mozilla/5.0 (Linux; Android 6.0.1; Nexus 5X Build/MMB29P) AppleWebKit/537.36 (KHTML, like Gecko) Chrome/150.0.7871.186 Mobile Safari/537.36 (compatible; Googlebot/2.1; +http://www.google.com/bot.html)"
156.232.88.6 - - [02/Aug/2026:14:49:31 -0400] "POST /wp-cron.php?doing_wp_cron=1785696570.9936919212341308593750 HTTP/1.1" 200 0 "-" "WordPress/7.0.2; https://sonogahotels.com"
66.249.66.166 - - [02/Aug/2026:14:42:23 -0400] "GET /wp-content/themes/astra/assets/css/minified/main.min.css?ver=4.13.8 HTTP/1.1" 200 8389 "https://sonogahotels.com/mostbet-szansa-na-wygrane-dzieki-unikalnym-bonusom-bez-depozytu/" "Mozilla/5.0 (Linux; Android 6.0.1; Nexus 5X Build/MMB29P) AppleWebKit/537.36 (KHTML, like Gecko) Chrome/150.0.7871.186 Mobile Safari/537.36 (compatible; Googlebot/2.1; +http://www.google.com/bot.html)"
103.133.214.160 - - [02/Aug/2026:14:42:51 -0400] "GET /wp-login.php HTTP/2" 200 9148 "-" "Mozilla/5.0 (Windows NT 10.0; Win64; x64) AppleWebKit/537.36 (KHTML, like Gecko) Chrome/150.0.0.0 Safari/537.36"
66.249.66.78 - - [02/Aug/2026:14:42:31 -0400] "GET /wp-content/plugins/astra-sites/inc/lib/onboarding/assets/dist/template-preview/main.js?ver=09382f635556bec359b3 HTTP/1.1" 200 2096 "https://sonogahotels.com/mostbet-szansa-na-wygrane-dzieki-unikalnym-bonusom-bez-depozytu/" "Mozilla/5.0 (Linux; Android 6.0.1; Nexus 5X Build/MMB29P) AppleWebKit/537.36 (KHTML, like Gecko) Chrome/150.0.7871.186 Mobile Safari/537.36 (compatible; Googlebot/2.1; +http://www.google.com/bot.html)"
196.18.164.18 - - [02/Aug/2026:14:43:51 -0400] "POST /wp-json/batch/v1 HTTP/1.1" 207 36 "-" "Mozilla/5.0 (Windows NT 10.0; Win64; x64) AppleWebKit/537.36"
196.18.164.18 - - [02/Aug/2026:14:43:53 -0400] "POST /wp-json/batch/v1 HTTP/1.1" 207 36 "-" "Mozilla/5.0 (Windows NT 10.0; Win64; x64) AppleWebKit/537.36"
196.18.164.18 - - [02/Aug/2026:14:43:57 -0400] "POST /wp-json/batch/v1 HTTP/1.1" 207 249 "-" "Mozilla/5.0 (Windows NT 10.0; Win64; x64) AppleWebKit/537.36"
216.73.216.237 - - [02/Aug/2026:14:45:30 -0400] "GET /robots.txt HTTP/2" 200 70 "-" "Mozilla/5.0 AppleWebKit/537.36 (KHTML, like Gecko; compatible; ClaudeBot/1.0; +claudebot@anthropic.com)"
216.73.216.237 - - [02/Aug/2026:14:45:30 -0400] "GET /sitemap.xml HTTP/2" 301 0 "-" "Mozilla/5.0 AppleWebKit/537.36 (KHTML, like Gecko; compatible; ClaudeBot/1.0; +claudebot@anthropic.com)"
216.73.216.237 - - [02/Aug/2026:14:45:32 -0400] "GET /wp-sitemap.xml HTTP/2" 302 0 "https://sonogahotels.com/sitemap.xml" "Mozilla/5.0 AppleWebKit/537.36 (KHTML, like Gecko; compatible; ClaudeBot/1.0; +claudebot@anthropic.com)"
216.73.216.237 - - [02/Aug/2026:14:45:33 -0400] "GET /sitemap_index.xml HTTP/2" 200 307 "https://sonogahotels.com/wp-sitemap.xml" "Mozilla/5.0 AppleWebKit/537.36 (KHTML, like Gecko; compatible; ClaudeBot/1.0; +claudebot@anthropic.com)"
148.113.130.225 - - [02/Aug/2026:15:03:05 -0400] "GET /post-type-mphb_template-sitemap-1.xml HTTP/2" 200 293 "-" "Mozilla/5.0 (compatible; AhrefsBot/7.0; +http://ahrefs.com/robot/)"
40.77.167.4 - - [02/Aug/2026:15:02:12 -0400] "GET /products/73711596847 HTTP/2" 301 0 "-" "Mozilla/5.0 AppleWebKit/537.36 (KHTML, like Gecko; compatible; bingbot/2.0; +http://www.bing.com/bingbot.htm) Chrome/116.0.1938.76 Safari/537.36"
142.44.228.188 - - [02/Aug/2026:15:02:52 -0400] "GET /archives-sitemap-1.xml HTTP/2" 200 316 "-" "Mozilla/5.0 (compatible; AhrefsBot/7.0; +http://ahrefs.com/robot/)"
170.106.163.84 - - [02/Aug/2026:14:52:10 -0400] "GET /remarkable-tactics-surrounding-crashcasino-190022/feed/ HTTP/1.1" 200 494 "-" "Mozilla/5.0 (iPhone; CPU iPhone OS 13_2_3 like Mac OS X) AppleWebKit/605.1.15 (KHTML, like Gecko) Version/13.0.3 Mobile/15E148 Safari/604.1"
207.46.13.9 - - [02/Aug/2026:14:58:51 -0400] "GET /products/631115399841 HTTP/2" 301 0 "-" "Mozilla/5.0 AppleWebKit/537.36 (KHTML, like Gecko; compatible; bingbot/2.0; +http://www.bing.com/bingbot.htm) Chrome/116.0.1938.76 Safari/537.36"
15.235.27.170 - - [02/Aug/2026:15:02:49 -0400] "GET /sitemap_index.xml HTTP/2" 200 307 "-" "Mozilla/5.0 (compatible; AhrefsBot/7.0; +http://ahrefs.com/robot/)"
54.39.89.12 - - [02/Aug/2026:15:03:26 -0400] "GET /taxonomy-type-category-sitemap-1.xml HTTP/2" 200 300 "-" "Mozilla/5.0 (compatible; AhrefsBot/7.0; +http://ahrefs.com/robot/)"
156.232.88.6 - - [02/Aug/2026:14:55:07 -0400] "POST /wp-cron.php?doing_wp_cron=1785696907.0934739112854003906250 HTTP/1.1" 200 0 "-" "WordPress/7.0.2; https://sonogahotels.com"
180.153.236.228 - - [02/Aug/2026:14:55:08 -0400] "GET / HTTP/2" 200 54731 "https://sonogahotels.com/" "Mozilla/5.0 (Windows NT 10.0; Win64; x64) AppleWebKit/537.36 (KHTML, like Gecko) Chrome/140.0.0.0 Safari/537.36 Edg/140.0.0.0; 360Spider"
40.77.167.123 - - [02/Aug/2026:14:55:31 -0400] "GET /products/61711577702 HTTP/2" 301 0 "-" "Mozilla/5.0 AppleWebKit/537.36 (KHTML, like Gecko; compatible; bingbot/2.0; +http://www.bing.com/bingbot.htm) Chrome/116.0.1938.76 Safari/537.36"
15.235.27.170 - - [02/Aug/2026:15:02:46 -0400] "GET /wp-sitemap.xml HTTP/2" 302 0 "-" "Mozilla/5.0 (compatible; AhrefsBot/7.0; +http://ahrefs.com/robot/)"
15.235.27.132 - - [02/Aug/2026:15:02:55 -0400] "GET /post-type-elementor_library-sitemap-1.xml HTTP/2" 200 326 "-" "Mozilla/5.0 (compatible; AhrefsBot/7.0; +http://ahrefs.com/robot/)"
66.249.66.15 - - [02/Aug/2026:15:03:05 -0400] "GET /81bfbe8082b8b2bd8bb5-8182b0b2bab8-b2-bab0b7b0858182b0bdb5-bab0ba-spinbetter/ HTTP/1.1" 404 28877 "-" "Mozilla/5.0 (Linux; Android 6.0.1; Nexus 5X Build/MMB29P) AppleWebKit/537.36 (KHTML, like Gecko) Chrome/150.0.7871.186 Mobile Safari/537.36 (compatible; GoogleOther)"
54.39.89.230 - - [02/Aug/2026:15:03:13 -0400] "GET /post-type-post-sitemap-1.xml HTTP/2" 200 7347 "-" "Mozilla/5.0 (compatible; AhrefsBot/7.0; +http://ahrefs.com/robot/)"
156.232.88.6 - - [02/Aug/2026:14:58:37 -0400] "POST /wp-cron.php?doing_wp_cron=1785697116.9187400341033935546875 HTTP/1.1" 200 0 "-" "WordPress/7.0.2; https://sonogahotels.com"
156.232.88.6 - - [02/Aug/2026:15:02:14 -0400] "POST /wp-cron.php?doing_wp_cron=1785697334.6363699436187744140625 HTTP/1.1" 200 0 "-" "WordPress/7.0.2; https://sonogahotels.com"
142.44.233.222 - - [02/Aug/2026:15:03:10 -0400] "GET /post-type-page-sitemap-1.xml HTTP/2" 200 894 "-" "Mozilla/5.0 (compatible; AhrefsBot/7.0; +http://ahrefs.com/robot/)"
54.39.203.241 - - [02/Aug/2026:15:03:16 -0400] "GET /post-type-post-sitemap-2.xml HTTP/2" 200 4323 "-" "Mozilla/5.0 (compatible; AhrefsBot/7.0; +http://ahrefs.com/robot/)"
54.39.89.138 - - [02/Aug/2026:15:03:23 -0400] "GET /post-type-sureforms_form-sitemap-1.xml HTTP/2" 200 293 "-" "Mozilla/5.0 (compatible; AhrefsBot/7.0; +http://ahrefs.com/robot/)"
180.153.236.161 - - [02/Aug/2026:14:55:04 -0400] "GET / HTTP/2" 200 54730 "https://sonogahotels.com/" "Mozilla/5.0 (Windows NT 10.0; Win64; x64) AppleWebKit/537.36 (KHTML, like Gecko) Chrome/140.0.0.0 Safari/537.36 Edg/140.0.0.0; 360Spider"
43.157.20.63 - - [02/Aug/2026:14:58:35 -0400] "GET /xmlrpc.php HTTP/1.1" 405 62 "-" "Mozilla/5.0 (iPhone; CPU iPhone OS 13_2_3 like Mac OS X) AppleWebKit/605.1.15 (KHTML, like Gecko) Version/13.0.3 Mobile/15E148 Safari/604.1"
15.235.98.118 - - [02/Aug/2026:15:02:58 -0400] "GET /post-type-mphb_room_service-sitemap-1.xml HTTP/2" 200 419 "-" "Mozilla/5.0 (compatible; AhrefsBot/7.0; +http://ahrefs.com/robot/)"
142.44.225.198 - - [02/Aug/2026:15:03:01 -0400] "GET /post-type-mphb_room_type-sitemap-1.xml HTTP/2" 200 386 "-" "Mozilla/5.0 (compatible; AhrefsBot/7.0; +http://ahrefs.com/robot/)"
156.232.88.6 - - [02/Aug/2026:15:03:12 -0400] "POST /wp-cron.php?doing_wp_cron=1785697391.9275860786437988281250 HTTP/1.1" 200 0 "-" "WordPress/7.0.2; https://sonogahotels.com"
156.232.88.6 - - [02/Aug/2026:14:52:12 -0400] "POST /wp-cron.php?doing_wp_cron=1785696732.1333639621734619140625 HTTP/1.1" 200 0 "-" "WordPress/7.0.2; https://sonogahotels.com"
156.232.88.6 - - [02/Aug/2026:14:55:33 -0400] "POST /wp-cron.php?doing_wp_cron=1785696932.9130990505218505859375 HTTP/1.1" 200 0 "-" "WordPress/7.0.2; https://sonogahotels.com"
15.235.27.170 - - [02/Aug/2026:15:02:44 -0400] "GET /sitemap.xml HTTP/2" 301 0 "-" "Mozilla/5.0 (compatible; AhrefsBot/7.0; +http://ahrefs.com/robot/)"
66.249.66.78 - - [02/Aug/2026:15:03:14 -0400] "GET /81BFBE8082B8B2BD8BB5-8182B0B2BAB8-B2-BAB0B7B0858182B0BDB5-BAB0BA-spinbetter HTTP/1.1" 404 28888 "-" "Mozilla/5.0 (Linux; Android 6.0.1; Nexus 5X Build/MMB29P) AppleWebKit/537.36 (KHTML, like Gecko) Chrome/150.0.7871.186 Mobile Safari/537.36 (compatible; GoogleOther)"
156.232.88.6 - - [02/Aug/2026:15:05:23 -0400] "POST /wp-cron.php?doing_wp_cron=1785697523.8899400234222412109375 HTTP/1.1" 200 0 "-" "WordPress/7.0.2; https://sonogahotels.com"
40.77.167.2 - - [02/Aug/2026:15:05:22 -0400] "GET /products/54411588325 HTTP/2" 301 0 "-" "Mozilla/5.0 AppleWebKit/537.36 (KHTML, like Gecko; compatible; bingbot/2.0; +http://www.bing.com/bingbot.htm) Chrome/116.0.1938.76 Safari/537.36"
156.232.88.6 - - [02/Aug/2026:15:06:14 -0400] "POST /wp-cron.php?doing_wp_cron=1785697574.8655419349670410156250 HTTP/1.1" 200 0 "-" "WordPress/7.0.2; https://sonogahotels.com"
156.232.88.6 - - [02/Aug/2026:15:10:08 -0400] "POST /wp-cron.php?doing_wp_cron=1785697808.4955160617828369140625 HTTP/1.1" 200 0 "-" "WordPress/7.0.2; https://sonogahotels.com"
54.197.178.107 - - [02/Aug/2026:15:10:57 -0400] "GET /accommodation/family-suite HTTP/1.1" 301 0 "-" "Mozilla/5.0 AppleWebKit/537.36 (KHTML, like Gecko; compatible; Amazonbot/0.1; +https://developer.amazon.com/support/amazonbot) Chrome/119.0.6045.214 Safari/537.36"
40.77.167.2 - - [02/Aug/2026:15:06:13 -0400] "GET /products/544115473086 HTTP/2" 301 0 "-" "Mozilla/5.0 AppleWebKit/537.36 (KHTML, like Gecko; compatible; bingbot/2.0; +http://www.bing.com/bingbot.htm) Chrome/116.0.1938.76 Safari/537.36"
43.167.232.38 - - [02/Aug/2026:15:07:37 -0400] "GET /wp-json/oembed/1.0/embed?url=https%3A%2F%2Fsonogahotels.com%2Fsearch-availability%2F&format=xml HTTP/1.1" 200 1131 "-" "Mozilla/5.0 (iPhone; CPU iPhone OS 13_2_3 like Mac OS X) AppleWebKit/605.1.15 (KHTML, like Gecko) Version/13.0.3 Mobile/15E148 Safari/604.1"
156.232.88.6 - - [02/Aug/2026:15:10:58 -0400] "POST /wp-cron.php?doing_wp_cron=1785697858.6284170150756835937500 HTTP/1.1" 200 0 "-" "WordPress/7.0.2; https://sonogahotels.com"
100.25.120.246 - - [02/Aug/2026:15:10:58 -0400] "GET /accommodation/family-suite/ HTTP/1.1" 200 38916 "-" "Mozilla/5.0 AppleWebKit/537.36 (KHTML, like Gecko; compatible; Amazonbot/0.1; +https://developer.amazon.com/support/amazonbot) Chrome/119.0.6045.214 Safari/537.36"
52.167.144.146 - - [02/Aug/2026:15:06:22 -0400] "GET /products/45211510945 HTTP/2" 301 0 "-" "Mozilla/5.0 AppleWebKit/537.36 (KHTML, like Gecko; compatible; bingbot/2.0; +http://www.bing.com/bingbot.htm) Chrome/116.0.1938.76 Safari/537.36"
156.232.88.6 - - [02/Aug/2026:15:07:39 -0400] "POST /wp-cron.php?doing_wp_cron=1785697659.4784300327301025390625 HTTP/1.1" 200 0 "-" "WordPress/7.0.2; https://sonogahotels.com"
184.168.126.180 - - [02/Aug/2026:15:10:07 -0400] "GET /wp-login.php HTTP/2" 200 9148 "-" "Mozilla/5.0 (Windows NT 10.0; Win64; x64) AppleWebKit/537.36 (KHTML, like Gecko) Chrome/150.0.0.0 Safari/537.36"
184.168.126.180 - - [02/Aug/2026:15:10:08 -0400] "POST /wp-login.php HTTP/2" 200 9249 "https://sonogahotels.com/wp-login.php" "Mozilla/5.0 (Windows NT 10.0; Win64; x64) AppleWebKit/537.36 (KHTML, like Gecko) Chrome/150.0.0.0 Safari/537.36"
43.166.136.153 - - [02/Aug/2026:15:20:35 -0400] "GET /wp-json/wp/v2/pages/1442 HTTP/1.1" 200 2426 "-" "Mozilla/5.0 (iPhone; CPU iPhone OS 13_2_3 like Mac OS X) AppleWebKit/605.1.15 (KHTML, like Gecko) Version/13.0.3 Mobile/15E148 Safari/604.1"
51.222.168.95 - - [02/Aug/2026:15:33:32 -0400] "GET /listing/96833960/ HTTP/2" 404 28813 "-" "Mozilla/5.0 (compatible; AhrefsBot/7.0; +http://ahrefs.com/robot/)"
156.232.88.6 - - [02/Aug/2026:15:33:34 -0400] "POST /wp-cron.php?doing_wp_cron=1785699214.6331069469451904296875 HTTP/1.1" 200 0 "-" "WordPress/7.0.2; https://sonogahotels.com"
52.167.144.189 - - [02/Aug/2026:15:31:03 -0400] "GET /products/975115491481 HTTP/2" 301 0 "-" "Mozilla/5.0 AppleWebKit/537.36 (KHTML, like Gecko; compatible; bingbot/2.0; +http://www.bing.com/bingbot.htm) Chrome/116.0.1938.76 Safari/537.36"
184.168.126.180 - - [02/Aug/2026:15:31:28 -0400] "POST /wp-login.php HTTP/2" 200 9288 "https://sonogahotels.com.deconnect.com.ng/wp-login.php" "Mozilla/5.0 (Windows NT 10.0; Win64; x64) AppleWebKit/537.36 (KHTML, like Gecko) Chrome/150.0.0.0 Safari/537.36"
156.232.88.6 - - [02/Aug/2026:15:31:26 -0400] "POST /wp-cron.php?doing_wp_cron=1785699086.8920300006866455078125 HTTP/1.1" 200 0 "-" "WordPress/7.0.2; https://sonogahotels.com"
156.232.88.6 - - [02/Aug/2026:15:20:37 -0400] "POST /wp-cron.php?doing_wp_cron=1785698437.4543809890747070312500 HTTP/1.1" 200 0 "-" "WordPress/7.0.2; https://sonogahotels.com"
43.164.129.191 - - [02/Aug/2026:15:27:07 -0400] "GET /wp-json/oembed/1.0/embed?url=https%3A%2F%2Fsonogahotels.com%2Fsearch-availability%2F HTTP/1.1" 200 1109 "-" "Mozilla/5.0 (iPhone; CPU iPhone OS 13_2_3 like Mac OS X) AppleWebKit/605.1.15 (KHTML, like Gecko) Version/13.0.3 Mobile/15E148 Safari/604.1"
172.81.129.42 - - [02/Aug/2026:15:27:50 -0400] "GET /code-promo-1xbet-pour-un-pari-gratuit-1xmove777-bonus-gratuit/ HTTP/1.1" 200 32710 "https://sonogahotels.com/?p=2884" "Mozilla/5.0 (Windows NT 10.0; Win64; x64) AppleWebKit/537.36 (KHTML, like Gecko) Chrome/126.0.0.0 Safari/537.36"
184.168.126.180 - - [02/Aug/2026:15:31:25 -0400] "GET /wp-login.php HTTP/2" 200 9148 "-" "Mozilla/5.0 (Windows NT 10.0; Win64; x64) AppleWebKit/537.36 (KHTML, like Gecko) Chrome/150.0.0.0 Safari/537.36"
98.82.66.172 - - [02/Aug/2026:15:35:30 -0400] "GET /wp-comments-post.php HTTP/1.1" 405 0 "-" "Mozilla/5.0 AppleWebKit/537.36 (KHTML, like Gecko; compatible; Amazonbot/0.1; +https://developer.amazon.com/support/amazonbot) Chrome/119.0.6045.214 Safari/537.36"
156.232.88.6 - - [02/Aug/2026:15:27:15 -0400] "POST /wp-cron.php?doing_wp_cron=1785698835.0371809005737304687500 HTTP/1.1" 200 0 "-" "WordPress/7.0.2; https://sonogahotels.com"
172.81.129.42 - - [02/Aug/2026:15:27:49 -0400] "GET /?p=2884 HTTP/1.1" 301 0 "https://sonogahotels.com/code-promo-1xbet-pour-un-pari-gratuit-1xmove777-bonus-gratuit/" "Mozilla/5.0 (Windows NT 10.0; Win64; x64) AppleWebKit/537.36 (KHTML, like Gecko) Chrome/126.0.0.0 Safari/537.36"
156.232.88.6 - - [02/Aug/2026:15:31:05 -0400] "POST /wp-cron.php?doing_wp_cron=1785699065.5760860443115234375000 HTTP/1.1" 200 0 "-" "WordPress/7.0.2; https://sonogahotels.com"
156.232.88.6 - - [02/Aug/2026:15:35:10 -0400] "POST /wp-cron.php?doing_wp_cron=1785699310.6463589668273925781250 HTTP/1.1" 200 0 "-" "WordPress/7.0.2; https://sonogahotels.com"
190.92.174.34 - - [02/Aug/2026:15:35:09 -0400] "GET /wp-login.php HTTP/2" 200 9148 "-" "Mozilla/5.0 (Windows NT 10.0; Win64; x64) AppleWebKit/537.36 (KHTML, like Gecko) Chrome/150.0.0.0 Safari/537.36"
172.81.129.42 - - [02/Aug/2026:15:27:45 -0400] "GET /code-promo-1xbet-pour-un-pari-gratuit-1xmove777-bonus-gratuit/ HTTP/1.1" 200 32710 "https://sonogahotels.com/" "Mozilla/5.0 (Windows NT 10.0; Win64; x64) AppleWebKit/537.36 (KHTML, like Gecko) Chrome/126.0.0.0 Safari/537.36"
190.92.174.34 - - [02/Aug/2026:15:35:31 -0400] "GET /wp-login.php HTTP/2" 200 9148 "-" "Mozilla/5.0 (Windows NT 10.0; Win64; x64) AppleWebKit/537.36 (KHTML, like Gecko) Chrome/150.0.0.0 Safari/537.36"
190.92.174.34 - - [02/Aug/2026:15:35:33 -0400] "POST /wp-login.php HTTP/2" 200 9249 "https://sonogahotels.com/wp-login.php" "Mozilla/5.0 (Windows NT 10.0; Win64; x64) AppleWebKit/537.36 (KHTML, like Gecko) Chrome/150.0.0.0 Safari/537.36"
156.232.88.6 - - [02/Aug/2026:15:37:31 -0400] "POST /wp-cron.php?doing_wp_cron=1785699451.4965898990631103515625 HTTP/1.1" 200 0 "-" "WordPress/7.0.2; https://sonogahotels.com"
66.249.66.192 - - [02/Aug/2026:15:37:56 -0400] "GET /legzo-casino-%D0%B7%D0%B5%D1%80%D0%BA%D0%B0%D0%BB%D0%BE-%D0%BA%D0%B0%D0%BA-%D0%BE%D1%81%D1%82%D0%B0%D0%B2%D0%B0%D1%82%D1%8C%D1%81%D1%8F-%D0%B2-%D0%B8%D0%B3%D1%80%D0%B5-%D0%BA%D0%BE%D0%B3%D0%B4%D0%B0/ HTTP/1.1" 200 37069 "-" "Mozilla/5.0 (Linux; Android 6.0.1; Nexus 5X Build/MMB29P) AppleWebKit/537.36 (KHTML, like Gecko) Chrome/150.0.7871.186 Mobile Safari/537.36 (compatible; GoogleOther)"
156.232.88.6 - - [02/Aug/2026:15:44:46 -0400] "POST /wp-cron.php?doing_wp_cron=1785699885.9635839462280273437500 HTTP/1.1" 200 0 "-" "WordPress/7.0.2; https://sonogahotels.com"
40.77.167.61 - - [02/Aug/2026:15:46:26 -0400] "GET /products/27511570436 HTTP/2" 301 0 "-" "Mozilla/5.0 AppleWebKit/537.36 (KHTML, like Gecko; compatible; bingbot/2.0; +http://www.bing.com/bingbot.htm) Chrome/116.0.1938.76 Safari/537.36"
156.232.88.6 - - [02/Aug/2026:15:47:53 -0400] "POST /wp-cron.php?doing_wp_cron=1785700073.6495161056518554687500 HTTP/1.1" 200 0 "-" "WordPress/7.0.2; https://sonogahotels.com"
43.134.236.36 - - [02/Aug/2026:15:52:22 -0400] "GET / HTTP/1.1" 200 54730 "http://sonogahotels.com" "Mozilla/5.0 (iPhone; CPU iPhone OS 13_2_3 like Mac OS X) AppleWebKit/605.1.15 (KHTML, like Gecko) Version/13.0.3 Mobile/15E148 Safari/604.1"
208.109.9.173 - - [02/Aug/2026:15:42:02 -0400] "GET /wp-login.php HTTP/2" 200 9148 "-" "Mozilla/5.0 (Windows NT 10.0; Win64; x64) AppleWebKit/537.36 (KHTML, like Gecko) Chrome/150.0.0.0 Safari/537.36"
208.109.9.173 - - [02/Aug/2026:15:42:04 -0400] "POST /wp-login.php HTTP/2" 200 9249 "https://sonogahotels.com/wp-login.php" "Mozilla/5.0 (Windows NT 10.0; Win64; x64) AppleWebKit/537.36 (KHTML, like Gecko) Chrome/150.0.0.0 Safari/537.36"
156.232.88.6 - - [02/Aug/2026:15:37:58 -0400] "POST /wp-cron.php?doing_wp_cron=1785699478.1286420822143554687500 HTTP/1.1" 200 0 "-" "WordPress/7.0.2; https://sonogahotels.com"
156.232.88.6 - - [02/Aug/2026:15:42:03 -0400] "POST /wp-cron.php?doing_wp_cron=1785699723.9465029239654541015625 HTTP/1.1" 200 0 "-" "WordPress/7.0.2; https://sonogahotels.com"
43.157.20.63 - - [02/Aug/2026:15:47:51 -0400] "GET /remarkable-tactics-surrounding-crashcasino-190022/ HTTP/1.1" 200 43348 "-" "Mozilla/5.0 (iPhone; CPU iPhone OS 13_2_3 like Mac OS X) AppleWebKit/605.1.15 (KHTML, like Gecko) Version/13.0.3 Mobile/15E148 Safari/604.1"
95.164.206.198 - - [02/Aug/2026:15:44:44 -0400] "POST /xmlrpc.php HTTP/1.1" 200 189 "-" "Mozilla/5.0 (Windows NT 10.0; Win64; x64) AppleWebKit/537.36 (KHTML, like Gecko) Chrome/108.0.0.0 Safari/537.36"
156.232.88.6 - - [02/Aug/2026:15:46:17 -0400] "POST /wp-cron.php?doing_wp_cron=1785699977.0775721073150634765625 HTTP/1.1" 200 0 "-" "WordPress/7.0.2; https://sonogahotels.com"
54.39.0.227 - - [02/Aug/2026:15:37:29 -0400] "GET /accommodation/standard-room/feed/ HTTP/2" 200 407 "-" "Mozilla/5.0 (compatible; AhrefsBot/7.0; +http://ahrefs.com/robot/)"
43.134.3.111 - - [02/Aug/2026:15:40:36 -0400] "GET /wp-content/uploads/2026/?ND HTTP/1.1" 200 851 "-" "Mozilla/5.0 (iPhone; CPU iPhone OS 13_2_3 like Mac OS X) AppleWebKit/605.1.15 (KHTML, like Gecko) Version/13.0.3 Mobile/15E148 Safari/604.1"
207.46.13.83 - - [02/Aug/2026:15:46:15 -0400] "GET /products/488115346666 HTTP/2" 301 0 "-" "Mozilla/5.0 AppleWebKit/537.36 (KHTML, like Gecko; compatible; bingbot/2.0; +http://www.bing.com/bingbot.htm) Chrome/116.0.1938.76 Safari/537.36"
54.39.0.18 - - [02/Aug/2026:16:02:33 -0400] "GET /listing/96430440/ HTTP/2" 404 28815 "-" "Mozilla/5.0 (compatible; AhrefsBot/7.0; +http://ahrefs.com/robot/)"
156.232.88.6 - - [02/Aug/2026:15:59:47 -0400] "POST /wp-cron.php?doing_wp_cron=1785700787.5167229175567626953125 HTTP/1.1" 200 0 "-" "WordPress/7.0.2; https://sonogahotels.com"
43.130.57.76 - - [02/Aug/2026:15:56:56 -0400] "GET /search-availability/embed/ HTTP/1.1" 200 7293 "-" "Mozilla/5.0 (iPhone; CPU iPhone OS 13_2_3 like Mac OS X) AppleWebKit/605.1.15 (KHTML, like Gecko) Version/13.0.3 Mobile/15E148 Safari/604.1"
216.73.216.237 - - [02/Aug/2026:16:00:56 -0400] "GET /robots.txt HTTP/2" 200 70 "-" "Mozilla/5.0 AppleWebKit/537.36 (KHTML, like Gecko; compatible; ClaudeBot/1.0; +claudebot@anthropic.com)"
216.73.216.237 - - [02/Aug/2026:16:00:59 -0400] "GET /sitemap.xml HTTP/2" 301 0 "-" "Mozilla/5.0 AppleWebKit/537.36 (KHTML, like Gecko; compatible; ClaudeBot/1.0; +claudebot@anthropic.com)"
216.73.216.237 - - [02/Aug/2026:16:01:01 -0400] "GET /wp-sitemap.xml HTTP/2" 302 0 "https://sonogahotels.com/sitemap.xml" "Mozilla/5.0 AppleWebKit/537.36 (KHTML, like Gecko; compatible; ClaudeBot/1.0; +claudebot@anthropic.com)"
216.73.216.237 - - [02/Aug/2026:16:01:02 -0400] "GET /sitemap_index.xml HTTP/2" 200 307 "https://sonogahotels.com/wp-sitemap.xml" "Mozilla/5.0 AppleWebKit/537.36 (KHTML, like Gecko; compatible; ClaudeBot/1.0; +claudebot@anthropic.com)"
156.232.88.6 - - [02/Aug/2026:16:06:24 -0400] "POST /wp-cron.php?doing_wp_cron=1785701184.5813291072845458984375 HTTP/1.1" 200 0 "-" "WordPress/7.0.2; https://sonogahotels.com"
156.232.88.6 - - [02/Aug/2026:15:56:28 -0400] "POST /wp-cron.php?doing_wp_cron=1785700588.0469300746917724609375 HTTP/1.1" 200 0 "-" "WordPress/7.0.2; https://sonogahotels.com"
207.46.13.111 - - [02/Aug/2026:15:56:26 -0400] "GET /products/181115244415 HTTP/2" 301 0 "-" "Mozilla/5.0 AppleWebKit/537.36 (KHTML, like Gecko; compatible; bingbot/2.0; +http://www.bing.com/bingbot.htm) Chrome/116.0.1938.76 Safari/537.36"
40.77.167.243 - - [02/Aug/2026:15:56:36 -0400] "GET /products/251115490200 HTTP/2" 301 0 "-" "Mozilla/5.0 AppleWebKit/537.36 (KHTML, like Gecko; compatible; bingbot/2.0; +http://www.bing.com/bingbot.htm) Chrome/116.0.1938.76 Safari/537.36"
209.101.200.130 - - [02/Aug/2026:15:59:46 -0400] "POST /xmlrpc.php HTTP/1.1" 200 189 "-" "Mozilla/5.0 (Windows NT 10.0; Win64; x64) AppleWebKit/537.36 (KHTML, like Gecko) Chrome/108.0.0.0 Safari/537.36"
156.232.88.6 - - [02/Aug/2026:16:02:00 -0400] "POST /wp-cron.php?doing_wp_cron=1785700920.4409499168395996093750 HTTP/1.1" 200 0 "-" "WordPress/7.0.2; https://sonogahotels.com"
156.232.88.6 - - [02/Aug/2026:15:56:28 -0400] "POST /wp-cron.php?doing_wp_cron=1785700588.3581469058990478515625 HTTP/1.1" 200 0 "-" "WordPress/7.0.2; https://sonogahotels.com"
156.232.88.6 - - [02/Aug/2026:16:02:35 -0400] "POST /wp-cron.php?doing_wp_cron=1785700955.0451960563659667968750 HTTP/1.1" 200 0 "-" "WordPress/7.0.2; https://sonogahotels.com"
54.39.136.131 - - [02/Aug/2026:16:06:23 -0400] "GET /services/housekeeping-convenience/feed/ HTTP/2" 200 424 "-" "Mozilla/5.0 (compatible; AhrefsBot/7.0; +http://ahrefs.com/robot/)"
156.232.88.6 - - [02/Aug/2026:16:01:00 -0400] "POST /wp-cron.php?doing_wp_cron=1785700860.6233179569244384765625 HTTP/1.1" 200 0 "-" "WordPress/7.0.2; https://sonogahotels.com"
209.74.74.2 - - [02/Aug/2026:16:01:58 -0400] "GET /wp-login.php HTTP/2" 200 9148 "-" "Mozilla/5.0 (Windows NT 10.0; Win64; x64) AppleWebKit/537.36 (KHTML, like Gecko) Chrome/150.0.0.0 Safari/537.36"
43.130.139.136 - - [02/Aug/2026:16:11:25 -0400] "GET /wp-content/uploads/2026/?MA HTTP/1.1" 200 853 "-" "Mozilla/5.0 (iPhone; CPU iPhone OS 13_2_3 like Mac OS X) AppleWebKit/605.1.15 (KHTML, like Gecko) Version/13.0.3 Mobile/15E148 Safari/604.1"
197.211.63.57 - - [02/Aug/2026:16:12:03 -0400] "GET /wp-content/themes/astra/assets/css/minified/main.min.css?ver=4.13.8 HTTP/2" 200 8389 "https://sonogahotels.com/" "Mozilla/5.0 (Linux; Android 10; K) AppleWebKit/537.36 (KHTML, like Gecko) Chrome/150.0.0.0 Mobile Safari/537.36"
197.211.63.57 - - [02/Aug/2026:16:12:03 -0400] "GET /wp-content/plugins/motopress-hotel-booking/assets/js/shortcodes/group-availability-calendar/index.css?ver=6.0.1 HTTP/2" 200 1213 "https://sonogahotels.com/" "Mozilla/5.0 (Linux; Android 10; K) AppleWebKit/537.36 (KHTML, like Gecko) Chrome/150.0.0.0 Mobile Safari/537.36"
197.211.63.57 - - [02/Aug/2026:16:12:03 -0400] "GET /wp-content/themes/astra/assets/css/minified/menu-animation.min.css?ver=4.13.8 HTTP/2" 200 359 "https://sonogahotels.com/" "Mozilla/5.0 (Linux; Android 10; K) AppleWebKit/537.36 (KHTML, like Gecko) Chrome/150.0.0.0 Mobile Safari/537.36"
197.211.63.57 - - [02/Aug/2026:16:12:03 -0400] "GET /wp-content/plugins/elementor/assets/lib/eicons/css/elementor-icons.min.css?ver=5.53.0 HTTP/2" 200 4174 "https://sonogahotels.com/" "Mozilla/5.0 (Linux; Android 10; K) AppleWebKit/537.36 (KHTML, like Gecko) Chrome/150.0.0.0 Mobile Safari/537.36"
197.211.63.57 - - [02/Aug/2026:16:12:03 -0400] "GET /wp-content/plugins/motopress-hotel-booking/assets/css/datepick-themes/mphb-datepicker-dark-green.css?ver=6.0.1 HTTP/2" 200 1277 "https://sonogahotels.com/" "Mozilla/5.0 (Linux; Android 10; K) AppleWebKit/537.36 (KHTML, like Gecko) Chrome/150.0.0.0 Mobile Safari/537.36"
197.211.63.57 - - [02/Aug/2026:16:12:03 -0400] "GET /wp-content/plugins/sureforms/assets/css/minified/deps/intl/intlTelInput.min.css?ver=2.12.2 HTTP/2" 200 2441 "https://sonogahotels.com/" "Mozilla/5.0 (Linux; Android 10; K) AppleWebKit/537.36 (KHTML, like Gecko) Chrome/150.0.0.0 Mobile Safari/537.36"
197.211.63.57 - - [02/Aug/2026:16:12:03 -0400] "GET /wp-content/plugins/mphb-styles/assets/css/style.css?ver=1.1.5 HTTP/2" 200 849 "https://sonogahotels.com/" "Mozilla/5.0 (Linux; Android 10; K) AppleWebKit/537.36 (KHTML, like Gecko) Chrome/150.0.0.0 Mobile Safari/537.36"
197.211.63.57 - - [02/Aug/2026:16:12:03 -0400] "GET /wp-content/plugins/motopress-hotel-booking/vendors/kbwood/datepick/jquery.datepick.css?ver=6.0.1 HTTP/2" 200 875 "https://sonogahotels.com/" "Mozilla/5.0 (Linux; Android 10; K) AppleWebKit/537.36 (KHTML, like Gecko) Chrome/150.0.0.0 Mobile Safari/537.36"
197.211.63.57 - - [02/Aug/2026:16:12:03 -0400] "GET /wp-content/plugins/elementor/assets/lib/font-awesome/css/brands.css?ver=5.15.3 HTTP/2" 200 296 "https://sonogahotels.com/" "Mozilla/5.0 (Linux; Android 10; K) AppleWebKit/537.36 (KHTML, like Gecko) Chrome/150.0.0.0 Mobile Safari/537.36"
197.211.63.57 - - [02/Aug/2026:16:12:03 -0400] "GET /wp-content/plugins/motopress-hotel-booking/assets/css/mphb.min.css?ver=6.0.1 HTTP/2" 200 2663 "https://sonogahotels.com/" "Mozilla/5.0 (Linux; Android 10; K) AppleWebKit/537.36 (KHTML, like Gecko) Chrome/150.0.0.0 Mobile Safari/537.36"
197.211.63.57 - - [02/Aug/2026:16:12:03 -0400] "GET /wp-content/plugins/mphb-astra-master/assets/style.css?ver=1.0.0 HTTP/2" 200 1063 "https://sonogahotels.com/" "Mozilla/5.0 (Linux; Android 10; K) AppleWebKit/537.36 (KHTML, like Gecko) Chrome/150.0.0.0 Mobile Safari/537.36"
197.211.63.57 - - [02/Aug/2026:16:12:03 -0400] "GET /wp-content/plugins/sureforms/assets/css/minified/payment-history.min.css?ver=2.12.2 HTTP/2" 200 1796 "https://sonogahotels.com/" "Mozilla/5.0 (Linux; Android 10; K) AppleWebKit/537.36 (KHTML, like Gecko) Chrome/150.0.0.0 Mobile Safari/537.36"
197.211.63.57 - - [02/Aug/2026:16:12:03 -0400] "GET /wp-content/plugins/sureforms/assets/css/minified/frontend/form.min.css?ver=2.12.2 HTTP/2" 200 3243 "https://sonogahotels.com/" "Mozilla/5.0 (Linux; Android 10; K) AppleWebKit/537.36 (KHTML, like Gecko) Chrome/150.0.0.0 Mobile Safari/537.36"
197.211.63.57 - - [02/Aug/2026:16:12:03 -0400] "GET /wp-content/plugins/sureforms/assets/css/minified/common.min.css?ver=2.12.2 HTTP/2" 200 2216 "https://sonogahotels.com/" "Mozilla/5.0 (Linux; Android 10; K) AppleWebKit/537.36 (KHTML, like Gecko) Chrome/150.0.0.0 Mobile Safari/537.36"
197.211.63.57 - - [02/Aug/2026:16:12:03 -0400] "GET /wp-content/plugins/elementor/assets/lib/font-awesome/css/v4-shims.min.css?ver=4.2.1 HTTP/2" 200 3987 "https://sonogahotels.com/" "Mozilla/5.0 (Linux; Android 10; K) AppleWebKit/537.36 (KHTML, like Gecko) Chrome/150.0.0.0 Mobile Safari/537.36"
197.211.63.57 - - [02/Aug/2026:16:12:03 -0400] "GET /wp-content/uploads/elementor/css/post-447.css?ver=1785444750 HTTP/2" 200 348 "https://sonogahotels.com/" "Mozilla/5.0 (Linux; Android 10; K) AppleWebKit/537.36 (KHTML, like Gecko) Chrome/150.0.0.0 Mobile Safari/537.36"
197.211.63.57 - - [02/Aug/2026:16:12:03 -0400] "GET /wp-content/plugins/sureforms/assets/css/minified/deps/tom-select.css?ver=2.12.2 HTTP/2" 200 1763 "https://sonogahotels.com/" "Mozilla/5.0 (Linux; Android 10; K) AppleWebKit/537.36 (KHTML, like Gecko) Chrome/150.0.0.0 Mobile Safari/537.36"
197.211.63.57 - - [02/Aug/2026:16:12:03 -0400] "GET /wp-content/plugins/elementor/assets/lib/animations/styles/fadeInRight.min.css?ver=4.2.1 HTTP/2" 200 139 "https://sonogahotels.com/" "Mozilla/5.0 (Linux; Android 10; K) AppleWebKit/537.36 (KHTML, like Gecko) Chrome/150.0.0.0 Mobile Safari/537.36"
197.211.63.57 - - [02/Aug/2026:16:12:03 -0400] "GET /wp-content/plugins/header-footer-elementor/assets/css/header-footer-elementor.css?ver=2.9.2 HTTP/2" 200 259 "https://sonogahotels.com/" "Mozilla/5.0 (Linux; Android 10; K) AppleWebKit/537.36 (KHTML, like Gecko) Chrome/150.0.0.0 Mobile Safari/537.36"
197.211.63.57 - - [02/Aug/2026:16:12:03 -0400] "GET /wp-content/plugins/elementor/assets/lib/font-awesome/css/all.min.css?ver=4.2.1 HTTP/2" 200 12380 "https://sonogahotels.com/" "Mozilla/5.0 (Linux; Android 10; K) AppleWebKit/537.36 (KHTML, like Gecko) Chrome/150.0.0.0 Mobile Safari/537.36"
197.211.63.57 - - [02/Aug/2026:16:12:03 -0400] "GET /wp-content/plugins/elementor/assets/css/frontend.min.css?ver=4.2.1 HTTP/2" 200 6613 "https://sonogahotels.com/" "Mozilla/5.0 (Linux; Android 10; K) AppleWebKit/537.36 (KHTML, like Gecko) Chrome/150.0.0.0 Mobile Safari/537.36"
197.211.63.57 - - [02/Aug/2026:16:12:03 -0400] "GET /wp-content/plugins/sureforms/assets/css/minified/blocks/default/frontend.min.css?ver=2.12.2 HTTP/2" 200 5540 "https://sonogahotels.com/" "Mozilla/5.0 (Linux; Android 10; K) AppleWebKit/537.36 (KHTML, like Gecko) Chrome/150.0.0.0 Mobile Safari/537.36"
197.211.63.57 - - [02/Aug/2026:16:12:03 -0400] "GET /wp-content/plugins/elementor/assets/css/widget-divider.min.css?ver=4.2.1 HTTP/2" 200 678 "https://sonogahotels.com/" "Mozilla/5.0 (Linux; Android 10; K) AppleWebKit/537.36 (KHTML, like Gecko) Chrome/150.0.0.0 Mobile Safari/537.36"
197.211.63.57 - - [02/Aug/2026:16:12:03 -0400] "GET /wp-content/plugins/elementor/assets/lib/font-awesome/css/fontawesome.min.css?ver=5.15.3 HTTP/2" 200 12164 "https://sonogahotels.com/" "Mozilla/5.0 (Linux; Android 10; K) AppleWebKit/537.36 (KHTML, like Gecko) Chrome/150.0.0.0 Mobile Safari/537.36"
197.211.63.57 - - [02/Aug/2026:16:12:03 -0400] "GET /wp-content/plugins/elementor/assets/css/widget-heading.min.css?ver=4.2.1 HTTP/2" 200 126 "https://sonogahotels.com/" "Mozilla/5.0 (Linux; Android 10; K) AppleWebKit/537.36 (KHTML, like Gecko) Chrome/150.0.0.0 Mobile Safari/537.36"
197.211.63.57 - - [02/Aug/2026:16:12:03 -0400] "GET /wp-content/plugins/elementor-pro/assets/css/widget-mega-menu.min.css?ver=3.26.2 HTTP/2" 200 2690 "https://sonogahotels.com/" "Mozilla/5.0 (Linux; Android 10; K) AppleWebKit/537.36 (KHTML, like Gecko) Chrome/150.0.0.0 Mobile Safari/537.36"
197.211.63.57 - - [02/Aug/2026:16:12:03 -0400] "GET /wp-content/plugins/elementor/assets/lib/font-awesome/css/solid.css?ver=5.15.3 HTTP/2" 200 296 "https://sonogahotels.com/" "Mozilla/5.0 (Linux; Android 10; K) AppleWebKit/537.36 (KHTML, like Gecko) Chrome/150.0.0.0 Mobile Safari/537.36"
197.211.63.57 - - [02/Aug/2026:16:12:03 -0400] "GET /wp-content/plugins/elementor-pro/assets/css/widget-nav-menu.min.css?ver=3.26.0 HTTP/2" 200 3241 "https://sonogahotels.com/" "Mozilla/5.0 (Linux; Android 10; K) AppleWebKit/537.36 (KHTML, like Gecko) Chrome/150.0.0.0 Mobile Safari/537.36"
197.211.63.57 - - [02/Aug/2026:16:12:03 -0400] "GET /wp-content/plugins/elementor-pro/assets/css/widget-blockquote.min.css?ver=3.25.0 HTTP/2" 200 964 "https://sonogahotels.com/" "Mozilla/5.0 (Linux; Android 10; K) AppleWebKit/537.36 (KHTML, like Gecko) Chrome/150.0.0.0 Mobile Safari/537.36"
197.211.63.57 - - [02/Aug/2026:16:12:03 -0400] "GET /wp-content/plugins/elementor/assets/css/widget-icon-list.min.css?ver=3.24.3 HTTP/2" 200 928 "https://sonogahotels.com/" "Mozilla/5.0 (Linux; Android 10; K) AppleWebKit/537.36 (KHTML, like Gecko) Chrome/150.0.0.0 Mobile Safari/537.36"
197.211.63.57 - - [02/Aug/2026:16:12:03 -0400] "GET /wp-content/uploads/elementor/css/post-1424.css?ver=1785450439 HTTP/2" 200 1429 "https://sonogahotels.com/" "Mozilla/5.0 (Linux; Android 10; K) AppleWebKit/537.36 (KHTML, like Gecko) Chrome/150.0.0.0 Mobile Safari/537.36"
197.211.63.57 - - [02/Aug/2026:16:12:03 -0400] "GET /wp-content/plugins/elementor/assets/lib/font-awesome/css/solid.min.css?ver=5.15.3 HTTP/2" 200 286 "https://sonogahotels.com/" "Mozilla/5.0 (Linux; Android 10; K) AppleWebKit/537.36 (KHTML, like Gecko) Chrome/150.0.0.0 Mobile Safari/537.36"
197.211.63.57 - - [02/Aug/2026:16:12:03 -0400] "GET /wp-content/plugins/elementor/assets/css/widget-social-icons.min.css?ver=3.24.0 HTTP/2" 200 1039 "https://sonogahotels.com/" "Mozilla/5.0 (Linux; Android 10; K) AppleWebKit/537.36 (KHTML, like Gecko) Chrome/150.0.0.0 Mobile Safari/537.36"
197.211.63.57 - - [02/Aug/2026:16:12:03 -0400] "GET /wp-content/plugins/elementor/assets/lib/eicons/css/elementor-icons.min.css?ver=5.34.0 HTTP/2" 200 4174 "https://sonogahotels.com/" "Mozilla/5.0 (Linux; Android 10; K) AppleWebKit/537.36 (KHTML, like Gecko) Chrome/150.0.0.0 Mobile Safari/537.36"
197.211.63.57 - - [02/Aug/2026:16:12:03 -0400] "GET /wp-content/plugins/elementor/assets/lib/font-awesome/css/fontawesome.css?ver=5.15.3 HTTP/2" 200 12526 "https://sonogahotels.com/" "Mozilla/5.0 (Linux; Android 10; K) AppleWebKit/537.36 (KHTML, like Gecko) Chrome/150.0.0.0 Mobile Safari/537.36"
197.211.63.57 - - [02/Aug/2026:16:12:03 -0400] "GET /wp-includes/js/jquery/jquery.min.js?ver=3.7.1 HTTP/2" 200 29744 "https://sonogahotels.com/" "Mozilla/5.0 (Linux; Android 10; K) AppleWebKit/537.36 (KHTML, like Gecko) Chrome/150.0.0.0 Mobile Safari/537.36"
197.211.63.57 - - [02/Aug/2026:16:12:03 -0400] "GET /wp-includes/js/jquery/jquery-migrate.min.js?ver=3.4.1 HTTP/2" 200 4678 "https://sonogahotels.com/" "Mozilla/5.0 (Linux; Android 10; K) AppleWebKit/537.36 (KHTML, like Gecko) Chrome/150.0.0.0 Mobile Safari/537.36"
197.211.63.57 - - [02/Aug/2026:16:12:03 -0400] "GET /wp-content/plugins/elementor/assets/lib/font-awesome/js/v4-shims.min.js?ver=4.2.1 HTTP/2" 200 4042 "https://sonogahotels.com/" "Mozilla/5.0 (Linux; Android 10; K) AppleWebKit/537.36 (KHTML, like Gecko) Chrome/150.0.0.0 Mobile Safari/537.36"
197.211.63.57 - - [02/Aug/2026:16:12:03 -0400] "GET /wp-content/plugins/header-footer-elementor/inc/widgets-css/frontend.css?ver=2.9.2 HTTP/2" 200 8756 "https://sonogahotels.com/" "Mozilla/5.0 (Linux; Android 10; K) AppleWebKit/537.36 (KHTML, like Gecko) Chrome/150.0.0.0 Mobile Safari/537.36"
197.211.63.57 - - [02/Aug/2026:16:12:03 -0400] "GET /wp-content/uploads/2025/12/111480-768x576.jpg HTTP/2" 200 81908 "https://sonogahotels.com/" "Mozilla/5.0 (Linux; Android 10; K) AppleWebKit/537.36 (KHTML, like Gecko) Chrome/150.0.0.0 Mobile Safari/537.36"
197.211.63.57 - - [02/Aug/2026:16:12:04 -0400] "GET /wp-content/plugins/motopress-hotel-booking/assets/css/flexslider-fixed.css?ver=6.0.1 HTTP/2" 200 1720 "https://sonogahotels.com/" "Mozilla/5.0 (Linux; Android 10; K) AppleWebKit/537.36 (KHTML, like Gecko) Chrome/150.0.0.0 Mobile Safari/537.36"
197.211.63.57 - - [02/Aug/2026:16:12:04 -0400] "GET /wp-content/themes/astra/assets/js/minified/frontend.min.js?ver=4.13.8 HTTP/2" 200 5724 "https://sonogahotels.com/" "Mozilla/5.0 (Linux; Android 10; K) AppleWebKit/537.36 (KHTML, like Gecko) Chrome/150.0.0.0 Mobile Safari/537.36"
197.211.63.57 - - [02/Aug/2026:16:12:04 -0400] "GET /wp-includes/js/dist/hooks.min.js?ver=7496969728ca0f95732d HTTP/2" 200 1734 "https://sonogahotels.com/" "Mozilla/5.0 (Linux; Android 10; K) AppleWebKit/537.36 (KHTML, like Gecko) Chrome/150.0.0.0 Mobile Safari/537.36"
197.211.63.57 - - [02/Aug/2026:16:12:04 -0400] "GET /wp-includes/js/dist/deprecated.min.js?ver=990e85f234fee8f7d446 HTTP/2" 200 698 "https://sonogahotels.com/" "Mozilla/5.0 (Linux; Android 10; K) AppleWebKit/537.36 (KHTML, like Gecko) Chrome/150.0.0.0 Mobile Safari/537.36"
197.211.63.57 - - [02/Aug/2026:16:12:04 -0400] "GET /wp-includes/js/dist/date.min.js?ver=c9f8e7dd3232716f34e9 HTTP/2" 200 22977 "https://sonogahotels.com/" "Mozilla/5.0 (Linux; Android 10; K) AppleWebKit/537.36 (KHTML, like Gecko) Chrome/150.0.0.0 Mobile Safari/537.36"
197.211.63.57 - - [02/Aug/2026:16:12:04 -0400] "GET /wp-includes/js/dist/i18n.min.js?ver=781d11515ad3d91786ec HTTP/2" 200 2354 "https://sonogahotels.com/" "Mozilla/5.0 (Linux; Android 10; K) AppleWebKit/537.36 (KHTML, like Gecko) Chrome/150.0.0.0 Mobile Safari/537.36"
197.211.63.57 - - [02/Aug/2026:16:12:04 -0400] "GET /wp-includes/js/dist/url.min.js?ver=bb0f766c3d2efe497871 HTTP/2" 200 3629 "https://sonogahotels.com/" "Mozilla/5.0 (Linux; Android 10; K) AppleWebKit/537.36 (KHTML, like Gecko) Chrome/150.0.0.0 Mobile Safari/537.36"
197.211.63.57 - - [02/Aug/2026:16:12:04 -0400] "GET /wp-content/plugins/motopress-hotel-booking/assets/js/global/index.js?ver=6.0.1 HTTP/2" 200 1673 "https://sonogahotels.com/" "Mozilla/5.0 (Linux; Android 10; K) AppleWebKit/537.36 (KHTML, like Gecko) Chrome/150.0.0.0 Mobile Safari/537.36"
197.211.63.57 - - [02/Aug/2026:16:12:04 -0400] "GET /wp-content/plugins/motopress-hotel-booking/assets/js/shortcodes/group-availability-calendar/index.js?ver=6.0.1 HTTP/2" 200 16314 "https://sonogahotels.com/" "Mozilla/5.0 (Linux; Android 10; K) AppleWebKit/537.36 (KHTML, like Gecko) Chrome/150.0.0.0 Mobile Safari/537.36"
197.211.63.57 - - [02/Aug/2026:16:12:04 -0400] "GET /wp-content/uploads/2026/05/ChatGPT-Image-May-29-2026-02_03_32-PM.png HTTP/2" 200 1791529 "https://sonogahotels.com/" "Mozilla/5.0 (Linux; Android 10; K) AppleWebKit/537.36 (KHTML, like Gecko) Chrome/150.0.0.0 Mobile Safari/537.36"
197.211.63.57 - - [02/Aug/2026:16:12:04 -0400] "GET /wp-includes/js/dist/vendor/moment.min.js?ver=2.30.1 HTTP/2" 200 18384 "https://sonogahotels.com/" "Mozilla/5.0 (Linux; Android 10; K) AppleWebKit/537.36 (KHTML, like Gecko) Chrome/150.0.0.0 Mobile Safari/537.36"
197.211.63.57 - - [02/Aug/2026:16:12:04 -0400] "GET /wp-content/plugins/motopress-hotel-booking/vendors/jquery.serializeJSON/jquery.serializejson.min.js?ver=6.0.1 HTTP/2" 200 1833 "https://sonogahotels.com/" "Mozilla/5.0 (Linux; Android 10; K) AppleWebKit/537.36 (KHTML, like Gecko) Chrome/150.0.0.0 Mobile Safari/537.36"
197.211.63.57 - - [02/Aug/2026:16:12:04 -0400] "GET /wp-content/plugins/motopress-hotel-booking/vendors/kbwood/datepick/jquery.plugin.min.js?ver=6.0.1 HTTP/2" 200 1255 "https://sonogahotels.com/" "Mozilla/5.0 (Linux; Android 10; K) AppleWebKit/537.36 (KHTML, like Gecko) Chrome/150.0.0.0 Mobile Safari/537.36"
197.211.63.57 - - [02/Aug/2026:16:12:04 -0400] "GET /wp-content/plugins/motopress-hotel-booking/vendors/kbwood/datepick/jquery.datepick.min.js?ver=6.0.1 HTTP/2" 200 10827 "https://sonogahotels.com/" "Mozilla/5.0 (Linux; Android 10; K) AppleWebKit/537.36 (KHTML, like Gecko) Chrome/150.0.0.0 Mobile Safari/537.36"
197.211.63.57 - - [02/Aug/2026:16:12:04 -0400] "GET /wp-includes/js/dist/dom-ready.min.js?ver=a06281ae5cf5500e9317 HTTP/2" 200 420 "https://sonogahotels.com/" "Mozilla/5.0 (Linux; Android 10; K) AppleWebKit/537.36 (KHTML, like Gecko) Chrome/150.0.0.0 Mobile Safari/537.36"
197.211.63.57 - - [02/Aug/2026:16:12:04 -0400] "GET /wp-content/plugins/astra-sites/inc/lib/onboarding/assets/dist/template-preview/main.js?ver=09382f635556bec359b3 HTTP/2" 200 2096 "https://sonogahotels.com/" "Mozilla/5.0 (Linux; Android 10; K) AppleWebKit/537.36 (KHTML, like Gecko) Chrome/150.0.0.0 Mobile Safari/537.36"
197.211.63.57 - - [02/Aug/2026:16:12:04 -0400] "GET /wp-content/plugins/elementor/assets/js/webpack.runtime.min.js?ver=4.2.1 HTTP/2" 200 2335 "https://sonogahotels.com/" "Mozilla/5.0 (Linux; Android 10; K) AppleWebKit/537.36 (KHTML, like Gecko) Chrome/150.0.0.0 Mobile Safari/537.36"
197.211.63.57 - - [02/Aug/2026:16:12:05 -0400] "GET /wp-content/plugins/elementor/assets/js/frontend-modules.min.js?ver=4.2.1 HTTP/2" 200 15445 "https://sonogahotels.com/" "Mozilla/5.0 (Linux; Android 10; K) AppleWebKit/537.36 (KHTML, like Gecko) Chrome/150.0.0.0 Mobile Safari/537.36"
197.211.63.57 - - [02/Aug/2026:16:12:05 -0400] "GET /wp-includes/js/jquery/ui/core.min.js?ver=1.13.3 HTTP/2" 200 6812 "https://sonogahotels.com/" "Mozilla/5.0 (Linux; Android 10; K) AppleWebKit/537.36 (KHTML, like Gecko) Chrome/150.0.0.0 Mobile Safari/537.36"
197.211.63.57 - - [02/Aug/2026:16:12:05 -0400] "GET /wp-content/plugins/elementor/assets/js/frontend.min.js?ver=4.2.1 HTTP/2" 200 10124 "https://sonogahotels.com/" "Mozilla/5.0 (Linux; Android 10; K) AppleWebKit/537.36 (KHTML, like Gecko) Chrome/150.0.0.0 Mobile Safari/537.36"
197.211.63.57 - - [02/Aug/2026:16:12:05 -0400] "GET /wp-content/uploads/2020/05/hero-section-banner.jpg HTTP/2" 200 254791 "https://sonogahotels.com/wp-content/uploads/elementor/css/post-1424.css?ver=1785450439" "Mozilla/5.0 (Linux; Android 10; K) AppleWebKit/537.36 (KHTML, like Gecko) Chrome/150.0.0.0 Mobile Safari/537.36"
197.211.63.57 - - [02/Aug/2026:16:12:05 -0400] "GET /wp-content/plugins/motopress-hotel-booking/vendors/woothemes-FlexSlider/jquery.flexslider-min.js?ver=6.0.1 HTTP/2" 200 6186 "https://sonogahotels.com/" "Mozilla/5.0 (Linux; Android 10; K) AppleWebKit/537.36 (KHTML, like Gecko) Chrome/150.0.0.0 Mobile Safari/537.36"
